{"id":1037,"date":"2019-05-07T09:57:14","date_gmt":"2019-05-07T07:57:14","guid":{"rendered":"http:\/\/www.adendorf.de\/1\/?page_id=1037"},"modified":"2022-01-13T17:08:11","modified_gmt":"2022-01-13T16:08:11","slug":"schulen","status":"publish","type":"page","link":"https:\/\/www.adendorf.de\/1\/familie\/kinder\/schulen\/","title":{"rendered":"Schulen"},"content":{"rendered":"\t\t<div data-elementor-type=\"wp-post\" data-elementor-id=\"1037\" class=\"elementor elementor-1037\">\n\t\t\t\t\t\t<section class=\"elementor-section elementor-top-section elementor-element elementor-element-9907007 elementor-section-boxed elementor-section-height-default elementor-section-height-default\" data-id=\"9907007\" data-element_type=\"section\" data-e-type=\"section\">\n\t\t\t\t\t\t<div class=\"elementor-container elementor-column-gap-default\">\n\t\t\t\t\t<div class=\"elementor-column elementor-col-100 elementor-top-column elementor-element elementor-element-df69f64\" data-id=\"df69f64\" data-element_type=\"column\" data-e-type=\"column\">\n\t\t\t<div class=\"elementor-widget-wrap elementor-element-populated\">\n\t\t\t\t\t\t<div class=\"elementor-element elementor-element-08b22d0 elementor-widget elementor-widget-heading\" data-id=\"08b22d0\" data-element_type=\"widget\" data-e-type=\"widget\" data-widget_type=\"heading.default\">\n\t\t\t\t<div class=\"elementor-widget-container\">\n\t\t\t\t\t<h1 class=\"elementor-heading-title elementor-size-default\">Schulen<\/h1>\t\t\t\t<\/div>\n\t\t\t\t<\/div>\n\t\t\t\t\t<\/div>\n\t\t<\/div>\n\t\t\t\t\t<\/div>\n\t\t<\/section>\n\t\t\t\t<section class=\"elementor-section elementor-top-section elementor-element elementor-element-1cbbe36 elementor-section-boxed elementor-section-height-default elementor-section-height-default\" data-id=\"1cbbe36\" data-element_type=\"section\" data-e-type=\"section\">\n\t\t\t\t\t\t<div class=\"elementor-container elementor-column-gap-default\">\n\t\t\t\t\t<div class=\"elementor-column elementor-col-50 elementor-top-column elementor-element elementor-element-ad5e483\" data-id=\"ad5e483\" data-element_type=\"column\" data-e-type=\"column\">\n\t\t\t<div class=\"elementor-widget-wrap elementor-element-populated\">\n\t\t\t\t\t\t<div class=\"elementor-element elementor-element-559affd elementor-widget elementor-widget-text-editor\" data-id=\"559affd\" data-element_type=\"widget\" data-e-type=\"widget\" data-widget_type=\"text-editor.default\">\n\t\t\t\t<div class=\"elementor-widget-container\">\n\t\t\t\t\t\t\t\t\t<h2>Grundschule Adendorf, Standort Weinbergsweg<\/h2><p>Weinbergsweg 13<\/p><p>21365 Adendorf<\/p><p>Telefon: <a href=\"tel:0413198050\">04131 980 50<\/a><\/p><p>E-Mail: <a href=\"m&#97;&#x69;&#x6c;t&#111;&#x3a;&#x73;e&#107;&#x72;&#x65;t&#97;&#x72;&#x69;a&#116;&#x40;&#x67;s&#45;&#119;&#x65;&#x69;n&#98;&#x65;&#x72;g&#115;&#x77;&#x65;g&#46;&#x64;&#x65;\">s&#101;&#x6b;&#x72;e&#116;&#97;&#x72;&#x69;a&#116;&#x40;&#x67;s&#45;&#119;&#x65;&#x69;n&#98;&#x65;&#x72;g&#115;&#119;&#x65;&#x67;&#46;&#100;&#x65;<\/a><\/p><p>Webseite: <a href=\"https:\/\/gs-adendorf.de\/\" target=\"_blank\" rel=\"noopener\">https:\/\/gs-adendorf.de\/<\/a><\/p>\t\t\t\t\t\t\t\t<\/div>\n\t\t\t\t<\/div>\n\t\t\t\t\t<\/div>\n\t\t<\/div>\n\t\t\t\t<div class=\"elementor-column elementor-col-50 elementor-top-column elementor-element elementor-element-f02766a\" data-id=\"f02766a\" data-element_type=\"column\" data-e-type=\"column\">\n\t\t\t<div class=\"elementor-widget-wrap elementor-element-populated\">\n\t\t\t\t\t\t<div class=\"elementor-element elementor-element-9aa0611 elementor-widget elementor-widget-google_maps\" data-id=\"9aa0611\" data-element_type=\"widget\" data-e-type=\"widget\" data-widget_type=\"google_maps.default\">\n\t\t\t\t<div class=\"elementor-widget-container\">\n\t\t\t\t\t\t\t<div class=\"elementor-custom-embed\">\n\t\t\t<iframe loading=\"lazy\"\n\t\t\t\t\tsrc=\"https:\/\/maps.google.com\/maps?q=Grundschule%20Weinbergsweg%2C%20Weinbergsweg%2013%2C%2021365%20Adendorf&#038;t=m&#038;z=15&#038;output=embed&#038;iwloc=near\"\n\t\t\t\t\ttitle=\"Grundschule Weinbergsweg, Weinbergsweg 13, 21365 Adendorf\"\n\t\t\t\t\taria-label=\"Grundschule Weinbergsweg, Weinbergsweg 13, 21365 Adendorf\"\n\t\t\t><\/iframe>\n\t\t<\/div>\n\t\t\t\t\t\t<\/div>\n\t\t\t\t<\/div>\n\t\t\t\t\t<\/div>\n\t\t<\/div>\n\t\t\t\t\t<\/div>\n\t\t<\/section>\n\t\t\t\t<section class=\"elementor-section elementor-top-section elementor-element elementor-element-c39a624 elementor-section-boxed elementor-section-height-default elementor-section-height-default\" data-id=\"c39a624\" data-element_type=\"section\" data-e-type=\"section\">\n\t\t\t\t\t\t<div class=\"elementor-container elementor-column-gap-default\">\n\t\t\t\t\t<div class=\"elementor-column elementor-col-50 elementor-top-column elementor-element elementor-element-34d2f2a\" data-id=\"34d2f2a\" data-element_type=\"column\" data-e-type=\"column\">\n\t\t\t<div class=\"elementor-widget-wrap elementor-element-populated\">\n\t\t\t\t\t\t<div class=\"elementor-element elementor-element-ba9b0f2 elementor-widget elementor-widget-google_maps\" data-id=\"ba9b0f2\" data-element_type=\"widget\" data-e-type=\"widget\" data-widget_type=\"google_maps.default\">\n\t\t\t\t<div class=\"elementor-widget-container\">\n\t\t\t\t\t\t\t<div class=\"elementor-custom-embed\">\n\t\t\t<iframe loading=\"lazy\"\n\t\t\t\t\tsrc=\"https:\/\/maps.google.com\/maps?q=GrundschuleAdendorf%20Dorfstra%C3%9Fe%2C%20Dorfstra%C3%9Fe%2058%2C%2021365%20Adendorf&#038;t=m&#038;z=15&#038;output=embed&#038;iwloc=near\"\n\t\t\t\t\ttitle=\"GrundschuleAdendorf Dorfstra\u00dfe, Dorfstra\u00dfe 58, 21365 Adendorf\"\n\t\t\t\t\taria-label=\"GrundschuleAdendorf Dorfstra\u00dfe, Dorfstra\u00dfe 58, 21365 Adendorf\"\n\t\t\t><\/iframe>\n\t\t<\/div>\n\t\t\t\t\t\t<\/div>\n\t\t\t\t<\/div>\n\t\t\t\t\t<\/div>\n\t\t<\/div>\n\t\t\t\t<div class=\"elementor-column elementor-col-50 elementor-top-column elementor-element elementor-element-b69ba7f\" data-id=\"b69ba7f\" data-element_type=\"column\" data-e-type=\"column\">\n\t\t\t<div class=\"elementor-widget-wrap elementor-element-populated\">\n\t\t\t\t\t\t<div class=\"elementor-element elementor-element-8249c2d elementor-widget elementor-widget-text-editor\" data-id=\"8249c2d\" data-element_type=\"widget\" data-e-type=\"widget\" data-widget_type=\"text-editor.default\">\n\t\t\t\t<div class=\"elementor-widget-container\">\n\t\t\t\t\t\t\t\t\t<h2>Grundschule Adendorf, Standort Dorfstra\u00dfe<\/h2><p>Dorfstra\u00dfe 58<\/p><p>21365 Adendorf<\/p><p>Telefon: <a href=\"tel:04131223133\">04131 223 133<\/a><\/p>\t\t\t\t\t\t\t\t<\/div>\n\t\t\t\t<\/div>\n\t\t\t\t\t<\/div>\n\t\t<\/div>\n\t\t\t\t\t<\/div>\n\t\t<\/section>\n\t\t\t\t<section class=\"elementor-section elementor-top-section elementor-element elementor-element-82813b1 elementor-section-boxed elementor-section-height-default elementor-section-height-default\" data-id=\"82813b1\" data-element_type=\"section\" data-e-type=\"section\">\n\t\t\t\t\t\t<div class=\"elementor-container elementor-column-gap-default\">\n\t\t\t\t\t<div class=\"elementor-column elementor-col-50 elementor-top-column elementor-element elementor-element-c9db706\" data-id=\"c9db706\" data-element_type=\"column\" data-e-type=\"column\">\n\t\t\t<div class=\"elementor-widget-wrap elementor-element-populated\">\n\t\t\t\t\t\t<div class=\"elementor-element elementor-element-26b7b73 elementor-widget elementor-widget-image\" data-id=\"26b7b73\" data-element_type=\"widget\" data-e-type=\"widget\" data-widget_type=\"image.default\">\n\t\t\t\t<div class=\"elementor-widget-container\">\n\t\t\t\t\t\t\t\t\t\t\t\t<figure class=\"wp-caption\">\n\t\t\t\t\t\t\t\t\t\t<img fetchpriority=\"high\" decoding=\"async\" width=\"750\" height=\"500\" src=\"https:\/\/www.adendorf.de\/1\/wp-content\/uploads\/2019\/06\/Grundschule-Adendorf-Weinbergsweg-1024x683.jpg\" class=\"attachment-large size-large wp-image-1445\" alt=\"\" srcset=\"https:\/\/www.adendorf.de\/1\/wp-content\/uploads\/2019\/06\/Grundschule-Adendorf-Weinbergsweg-1024x683.jpg 1024w, https:\/\/www.adendorf.de\/1\/wp-content\/uploads\/2019\/06\/Grundschule-Adendorf-Weinbergsweg-300x200.jpg 300w, https:\/\/www.adendorf.de\/1\/wp-content\/uploads\/2019\/06\/Grundschule-Adendorf-Weinbergsweg-768x512.jpg 768w, https:\/\/www.adendorf.de\/1\/wp-content\/uploads\/2019\/06\/Grundschule-Adendorf-Weinbergsweg-360x240.jpg 360w\" sizes=\"(max-width: 750px) 100vw, 750px\" \/>\t\t\t\t\t\t\t\t\t\t\t<figcaption class=\"widget-image-caption wp-caption-text\">Grundschule Weinbergsweg<\/figcaption>\n\t\t\t\t\t\t\t\t\t\t<\/figure>\n\t\t\t\t\t\t\t\t\t<\/div>\n\t\t\t\t<\/div>\n\t\t\t\t\t<\/div>\n\t\t<\/div>\n\t\t\t\t<div class=\"elementor-column elementor-col-50 elementor-top-column elementor-element elementor-element-7641477\" data-id=\"7641477\" data-element_type=\"column\" data-e-type=\"column\">\n\t\t\t<div class=\"elementor-widget-wrap elementor-element-populated\">\n\t\t\t\t\t\t<div class=\"elementor-element elementor-element-d40fe3a elementor-widget elementor-widget-image\" data-id=\"d40fe3a\" data-element_type=\"widget\" data-e-type=\"widget\" data-widget_type=\"image.default\">\n\t\t\t\t<div class=\"elementor-widget-container\">\n\t\t\t\t\t\t\t\t\t\t\t\t<figure class=\"wp-caption\">\n\t\t\t\t\t\t\t\t\t\t<img decoding=\"async\" width=\"750\" height=\"500\" src=\"https:\/\/www.adendorf.de\/1\/wp-content\/uploads\/2019\/06\/Grundschule-Adendorf-Dorfstrasse2-1024x683.jpg\" class=\"attachment-large size-large wp-image-1444\" alt=\"\" srcset=\"https:\/\/www.adendorf.de\/1\/wp-content\/uploads\/2019\/06\/Grundschule-Adendorf-Dorfstrasse2-1024x683.jpg 1024w, https:\/\/www.adendorf.de\/1\/wp-content\/uploads\/2019\/06\/Grundschule-Adendorf-Dorfstrasse2-300x200.jpg 300w, https:\/\/www.adendorf.de\/1\/wp-content\/uploads\/2019\/06\/Grundschule-Adendorf-Dorfstrasse2-768x512.jpg 768w, https:\/\/www.adendorf.de\/1\/wp-content\/uploads\/2019\/06\/Grundschule-Adendorf-Dorfstrasse2-360x240.jpg 360w\" sizes=\"(max-width: 750px) 100vw, 750px\" \/>\t\t\t\t\t\t\t\t\t\t\t<figcaption class=\"widget-image-caption wp-caption-text\">Grundschule Dorfstra\u00dfe<\/figcaption>\n\t\t\t\t\t\t\t\t\t\t<\/figure>\n\t\t\t\t\t\t\t\t\t<\/div>\n\t\t\t\t<\/div>\n\t\t\t\t\t<\/div>\n\t\t<\/div>\n\t\t\t\t\t<\/div>\n\t\t<\/section>\n\t\t\t\t<section class=\"elementor-section elementor-top-section elementor-element elementor-element-2dc2704 elementor-section-boxed elementor-section-height-default elementor-section-height-default\" data-id=\"2dc2704\" data-element_type=\"section\" data-e-type=\"section\">\n\t\t\t\t\t\t<div class=\"elementor-container elementor-column-gap-default\">\n\t\t\t\t\t<div class=\"elementor-column elementor-col-100 elementor-top-column elementor-element elementor-element-ef67e6e\" data-id=\"ef67e6e\" data-element_type=\"column\" data-e-type=\"column\">\n\t\t\t<div class=\"elementor-widget-wrap elementor-element-populated\">\n\t\t\t\t\t\t<div class=\"elementor-element elementor-element-99e4951 elementor-widget elementor-widget-text-editor\" data-id=\"99e4951\" data-element_type=\"widget\" data-e-type=\"widget\" data-widget_type=\"text-editor.default\">\n\t\t\t\t<div class=\"elementor-widget-container\">\n\t\t\t\t\t\t\t\t\t<p>Die Gemeinde Adendorf bietet direkt vor Ort ein ganzheitliches Schulangebot von Klasse 1 bis 10.<\/p><p>Die Grundschule Adendorf (Klasse 1 \u2013 4) verf\u00fcgt \u00fcber zwei Standorte im Gemeindegebiet. Beide Standorte (Weinbergsweg und Dorfstra\u00dfe) werden als offene Ganztagsschule gef\u00fchrt.<\/p><p>Erg\u00e4nzt wird das Angebot der Ganztagsschule \u00fcber ein zus\u00e4tzliches Betreuungsangebot am Nachmittag.<\/p><p>Schultr\u00e4ger f\u00fcr die Grundschule ist die Gemeinde Adendorf.<\/p>\t\t\t\t\t\t\t\t<\/div>\n\t\t\t\t<\/div>\n\t\t\t\t\t<\/div>\n\t\t<\/div>\n\t\t\t\t\t<\/div>\n\t\t<\/section>\n\t\t\t\t<section class=\"elementor-section elementor-top-section elementor-element elementor-element-12de065 elementor-section-boxed elementor-section-height-default elementor-section-height-default\" data-id=\"12de065\" data-element_type=\"section\" data-e-type=\"section\">\n\t\t\t\t\t\t<div class=\"elementor-container elementor-column-gap-default\">\n\t\t\t\t\t<div class=\"elementor-column elementor-col-50 elementor-top-column elementor-element elementor-element-daf0424\" data-id=\"daf0424\" data-element_type=\"column\" data-e-type=\"column\">\n\t\t\t<div class=\"elementor-widget-wrap elementor-element-populated\">\n\t\t\t\t\t\t<div class=\"elementor-element elementor-element-75d637d elementor-widget elementor-widget-text-editor\" data-id=\"75d637d\" data-element_type=\"widget\" data-e-type=\"widget\" data-widget_type=\"text-editor.default\">\n\t\t\t\t<div class=\"elementor-widget-container\">\n\t\t\t\t\t\t\t\t\t<h2>Oberschule Adendorf<\/h2><p>Scharnebecker Weg 10<\/p><p>21365 Adendorf<\/p><p>Telefon: <a href=\"tel:04131991090\">04131 991 090<\/a><\/p><p>Telefax: 04131 9910 919<\/p><p>Webseite: <a href=\"https:\/\/schule-adendorf.de\/\" target=\"_blank\" rel=\"noopener\">https:\/\/schule-adendorf.de\/<\/a><\/p>\t\t\t\t\t\t\t\t<\/div>\n\t\t\t\t<\/div>\n\t\t\t\t\t<\/div>\n\t\t<\/div>\n\t\t\t\t<div class=\"elementor-column elementor-col-50 elementor-top-column elementor-element elementor-element-e06b20a\" data-id=\"e06b20a\" data-element_type=\"column\" data-e-type=\"column\">\n\t\t\t<div class=\"elementor-widget-wrap elementor-element-populated\">\n\t\t\t\t\t\t<div class=\"elementor-element elementor-element-ed114c6 elementor-widget elementor-widget-google_maps\" data-id=\"ed114c6\" data-element_type=\"widget\" data-e-type=\"widget\" data-widget_type=\"google_maps.default\">\n\t\t\t\t<div class=\"elementor-widget-container\">\n\t\t\t\t\t\t\t<div class=\"elementor-custom-embed\">\n\t\t\t<iframe loading=\"lazy\"\n\t\t\t\t\tsrc=\"https:\/\/maps.google.com\/maps?q=Oberschule%20Adendorf%2C%20Scharnebecker%20Weg%2010%2C%2021365%20Adendorf&#038;t=m&#038;z=15&#038;output=embed&#038;iwloc=near\"\n\t\t\t\t\ttitle=\"Oberschule Adendorf, Scharnebecker Weg 10, 21365 Adendorf\"\n\t\t\t\t\taria-label=\"Oberschule Adendorf, Scharnebecker Weg 10, 21365 Adendorf\"\n\t\t\t><\/iframe>\n\t\t<\/div>\n\t\t\t\t\t\t<\/div>\n\t\t\t\t<\/div>\n\t\t\t\t\t<\/div>\n\t\t<\/div>\n\t\t\t\t\t<\/div>\n\t\t<\/section>\n\t\t\t\t<section class=\"elementor-section elementor-top-section elementor-element elementor-element-cb5eaaa elementor-section-boxed elementor-section-height-default elementor-section-height-default\" data-id=\"cb5eaaa\" data-element_type=\"section\" data-e-type=\"section\">\n\t\t\t\t\t\t<div class=\"elementor-container elementor-column-gap-default\">\n\t\t\t\t\t<div class=\"elementor-column elementor-col-100 elementor-top-column elementor-element elementor-element-fb1ed6a\" data-id=\"fb1ed6a\" data-element_type=\"column\" data-e-type=\"column\">\n\t\t\t<div class=\"elementor-widget-wrap elementor-element-populated\">\n\t\t\t\t\t\t<div class=\"elementor-element elementor-element-3f2c5be elementor-widget elementor-widget-image\" data-id=\"3f2c5be\" data-element_type=\"widget\" data-e-type=\"widget\" data-widget_type=\"image.default\">\n\t\t\t\t<div class=\"elementor-widget-container\">\n\t\t\t\t\t\t\t\t\t\t\t\t<figure class=\"wp-caption\">\n\t\t\t\t\t\t\t\t\t\t<img decoding=\"async\" width=\"735\" height=\"300\" src=\"https:\/\/www.adendorf.de\/1\/wp-content\/uploads\/2019\/05\/Oberschule.png\" class=\"attachment-large size-large wp-image-1047\" alt=\"\" srcset=\"https:\/\/www.adendorf.de\/1\/wp-content\/uploads\/2019\/05\/Oberschule.png 735w, https:\/\/www.adendorf.de\/1\/wp-content\/uploads\/2019\/05\/Oberschule-300x122.png 300w\" sizes=\"(max-width: 735px) 100vw, 735px\" \/>\t\t\t\t\t\t\t\t\t\t\t<figcaption class=\"widget-image-caption wp-caption-text\">Oberschule Adendorf<\/figcaption>\n\t\t\t\t\t\t\t\t\t\t<\/figure>\n\t\t\t\t\t\t\t\t\t<\/div>\n\t\t\t\t<\/div>\n\t\t\t\t<div class=\"elementor-element elementor-element-d728921 elementor-widget elementor-widget-text-editor\" data-id=\"d728921\" data-element_type=\"widget\" data-e-type=\"widget\" data-widget_type=\"text-editor.default\">\n\t\t\t\t<div class=\"elementor-widget-container\">\n\t\t\t\t\t\t\t\t\t<p>Die Oberschule in Adendorf (Klasse 5 \u2013 10) wird als teilgebundene Ganztagsschule (an zwei Tagen), an den anderen Tagen als offene Ganztagsschule, gef\u00fchrt.<\/p><p>Es k\u00f6nnen neben dem Haupt- und Realschulabschluss auch der Erweiterte Sekundarschulabschluss I, welcher zum \u00dcbergang in ein Gymnasium berechtigt, erworben werden.<\/p><p>Schultr\u00e4ger der Oberschule ist der Landkreis L\u00fcneburg.<\/p>\t\t\t\t\t\t\t\t<\/div>\n\t\t\t\t<\/div>\n\t\t\t\t\t<\/div>\n\t\t<\/div>\n\t\t\t\t\t<\/div>\n\t\t<\/section>\n\t\t\t\t<\/div>\n\t\t","protected":false},"excerpt":{"rendered":"<p>Schulen Grundschule Adendorf, Standort Weinbergsweg Weinbergsweg 13 21365 Adendorf Telefon: 04131 980 50 E-Mail: &#115;e&#x6b;r&#x65;t&#x61;&#114;&#x69;&#97;&#x74;&#64;g&#x73;-&#x77;e&#x69;&#110;&#x62;&#101;&#x72;&#103;&#x73;&#119;e&#x67;&#46;&#x64;e Webseite: https:\/\/gs-adendorf.de\/ Grundschule Adendorf, Standort Dorfstra\u00dfe Dorfstra\u00dfe 58 21365 Adendorf Telefon: 04131 223 133 Grundschule Weinbergsweg Grundschule Dorfstra\u00dfe Die Gemeinde Adendorf bietet direkt vor Ort ein ganzheitliches Schulangebot von Klasse 1 bis 10. Die Grundschule [&hellip;]<\/p>\n","protected":false},"author":1,"featured_media":0,"parent":994,"menu_order":0,"comment_status":"closed","ping_status":"closed","template":"page-templates\/template-pagebuilder-full-width.php","meta":{"footnotes":""},"class_list":["post-1037","page","type-page","status-publish","hentry"],"publishpress_future_workflow_manual_trigger":{"enabledWorkflows":[]},"rttpg_featured_image_url":null,"rttpg_author":{"display_name":"Adendorf","author_link":"https:\/\/www.adendorf.de\/1\/author\/marco-brede\/"},"rttpg_comment":0,"rttpg_category":null,"rttpg_excerpt":"Schulen Grundschule Adendorf, Standort Weinbergsweg Weinbergsweg 13 21365 Adendorf Telefon: 04131 980 50 E-Mail: &#115;&#x65;&#107;&#x72;&#101;&#x74;&#97;&#x72;&#105;&#x61;&#116;&#x40;&#103;&#x73;&#45;&#x77;&#101;&#x69;&#110;&#x62;&#101;&#x72;&#103;&#x73;&#119;&#x65;&#103;&#x2e;&#100;&#x65; Webseite: https:\/\/gs-adendorf.de\/ Grundschule Adendorf, Standort Dorfstra\u00dfe Dorfstra\u00dfe 58 21365 Adendorf Telefon: 04131 223 133 Grundschule Weinbergsweg Grundschule Dorfstra\u00dfe Die Gemeinde Adendorf bietet direkt vor Ort ein ganzheitliches Schulangebot von Klasse 1 bis 10. Die Grundschule [&hellip;]","_links":{"self":[{"href":"https:\/\/www.adendorf.de\/1\/wp-json\/wp\/v2\/pages\/1037","targetHints":{"allow":["GET"]}}],"collection":[{"href":"https:\/\/www.adendorf.de\/1\/wp-json\/wp\/v2\/pages"}],"about":[{"href":"https:\/\/www.adendorf.de\/1\/wp-json\/wp\/v2\/types\/page"}],"author":[{"embeddable":true,"href":"https:\/\/www.adendorf.de\/1\/wp-json\/wp\/v2\/users\/1"}],"replies":[{"embeddable":true,"href":"https:\/\/www.adendorf.de\/1\/wp-json\/wp\/v2\/comments?post=1037"}],"version-history":[{"count":14,"href":"https:\/\/www.adendorf.de\/1\/wp-json\/wp\/v2\/pages\/1037\/revisions"}],"predecessor-version":[{"id":4491,"href":"https:\/\/www.adendorf.de\/1\/wp-json\/wp\/v2\/pages\/1037\/revisions\/4491"}],"up":[{"embeddable":true,"href":"https:\/\/www.adendorf.de\/1\/wp-json\/wp\/v2\/pages\/994"}],"wp:attachment":[{"href":"https:\/\/www.adendorf.de\/1\/wp-json\/wp\/v2\/media?parent=1037"}],"curies":[{"name":"wp","href":"https:\/\/api.w.org\/{rel}","templated":true}]}}