{"id":1699,"date":"2019-11-04T15:09:49","date_gmt":"2019-11-04T14:09:49","guid":{"rendered":"http:\/\/www.adendorf.de\/1\/?page_id=1699"},"modified":"2020-02-24T10:19:31","modified_gmt":"2020-02-24T09:19:31","slug":"compliance","status":"publish","type":"page","link":"https:\/\/www.adendorf.de\/1\/compliance\/","title":{"rendered":"Compliance"},"content":{"rendered":"\t\t<div data-elementor-type=\"wp-page\" data-elementor-id=\"1699\" class=\"elementor elementor-1699\">\n\t\t\t\t\t\t<section class=\"elementor-section elementor-top-section elementor-element elementor-element-892e5f7 elementor-section-boxed elementor-section-height-default elementor-section-height-default\" data-id=\"892e5f7\" data-element_type=\"section\" data-e-type=\"section\">\n\t\t\t\t\t\t<div class=\"elementor-container elementor-column-gap-default\">\n\t\t\t\t\t<div class=\"elementor-column elementor-col-100 elementor-top-column elementor-element elementor-element-7d656d7\" data-id=\"7d656d7\" data-element_type=\"column\" data-e-type=\"column\">\n\t\t\t<div class=\"elementor-widget-wrap elementor-element-populated\">\n\t\t\t\t\t\t<div class=\"elementor-element elementor-element-32a0913 elementor-widget elementor-widget-heading\" data-id=\"32a0913\" data-element_type=\"widget\" data-e-type=\"widget\" data-widget_type=\"heading.default\">\n\t\t\t\t<div class=\"elementor-widget-container\">\n\t\t\t\t\t<h2 class=\"elementor-heading-title elementor-size-default\">Compliance<\/h2>\t\t\t\t<\/div>\n\t\t\t\t<\/div>\n\t\t\t\t\t<\/div>\n\t\t<\/div>\n\t\t\t\t\t<\/div>\n\t\t<\/section>\n\t\t\t\t<section class=\"elementor-section elementor-top-section elementor-element elementor-element-e234647 elementor-section-boxed elementor-section-height-default elementor-section-height-default\" data-id=\"e234647\" data-element_type=\"section\" data-e-type=\"section\">\n\t\t\t\t\t\t<div class=\"elementor-container elementor-column-gap-default\">\n\t\t\t\t\t<div class=\"elementor-column elementor-col-100 elementor-top-column elementor-element elementor-element-26b0eb6\" data-id=\"26b0eb6\" data-element_type=\"column\" data-e-type=\"column\">\n\t\t\t<div class=\"elementor-widget-wrap elementor-element-populated\">\n\t\t\t\t\t\t<div class=\"elementor-element elementor-element-77197e8 elementor-widget elementor-widget-html\" data-id=\"77197e8\" data-element_type=\"widget\" data-e-type=\"widget\" data-widget_type=\"html.default\">\n\t\t\t\t<div class=\"elementor-widget-container\">\n\t\t\t\t\t<table border=0>\n    <tr>\n        <td style=\"padding-right:10px; width:150px;\"><a href=\"https:\/\/www.adendorf.de\/1\/wp-content\/uploads\/2019\/11\/Antikorruptionsrichtlinie-Gemeinde-Adendorf.pdf\" target=\"_blank\"><img decoding=\"async\" src=\"http:\/\/www.adendorf.de\/1\/wp-content\/uploads\/2019\/11\/thumb_Antikorruptionsrichtlinie.png\" style=\"width:150px;\"><\/a><\/td>\n        <td style=\"padding-left:10px;\">Die Verhaltensgrunds\u00e4tze sind f\u00fcr alle Besch\u00e4ftigten und gew\u00e4hlten Vertreter*innen g\u00fcltiger Leitfaden. Er soll den Umgang mit bestehenden Regeln in der Gemeinde erleichtern und allen Beteiligten Orientierung, Hilfe und Rat bei ihren t\u00e4glichen Aufgaben und Entscheidungen bieten. Im Fokus steht dabei die Verantwortung jedes Einzelnen f\u00fcr Compliance.<br><br>\n        <a href=\"https:\/\/www.adendorf.de\/1\/wp-content\/uploads\/2019\/11\/Antikorruptionsrichtlinie-Gemeinde-Adendorf.pdf\" target=\"_blank\">Richtlinie der Gemeinde Adendorf zur Vorbeugung und Bek\u00e4mpfung von Korruption<\/a><\/td>\n    <\/tr>\n<\/table>\t\t\t\t<\/div>\n\t\t\t\t<\/div>\n\t\t\t\t\t<\/div>\n\t\t<\/div>\n\t\t\t\t\t<\/div>\n\t\t<\/section>\n\t\t\t\t<\/div>\n\t\t","protected":false},"excerpt":{"rendered":"<p>Compliance Die Verhaltensgrunds\u00e4tze sind f\u00fcr alle Besch\u00e4ftigten und gew\u00e4hlten Vertreter*innen g\u00fcltiger Leitfaden. Er soll den Umgang mit bestehenden Regeln in der Gemeinde erleichtern und allen Beteiligten Orientierung, Hilfe und Rat bei ihren t\u00e4glichen Aufgaben und Entscheidungen bieten. Im Fokus steht dabei die Verantwortung jedes Einzelnen f\u00fcr Compliance. Richtlinie der Gemeinde [&hellip;]<\/p>\n","protected":false},"author":1,"featured_media":0,"parent":0,"menu_order":0,"comment_status":"closed","ping_status":"closed","template":"page-templates\/template-pagebuilder-full-width.php","meta":{"footnotes":""},"class_list":["post-1699","page","type-page","status-publish","hentry"],"publishpress_future_workflow_manual_trigger":{"enabledWorkflows":[]},"rttpg_featured_image_url":null,"rttpg_author":{"display_name":"Adendorf","author_link":"https:\/\/www.adendorf.de\/1\/author\/marco-brede\/"},"rttpg_comment":0,"rttpg_category":null,"rttpg_excerpt":"Compliance Die Verhaltensgrunds\u00e4tze sind f\u00fcr alle Besch\u00e4ftigten und gew\u00e4hlten Vertreter*innen g\u00fcltiger Leitfaden. Er soll den Umgang mit bestehenden Regeln in der Gemeinde erleichtern und allen Beteiligten Orientierung, Hilfe und Rat bei ihren t\u00e4glichen Aufgaben und Entscheidungen bieten. Im Fokus steht dabei die Verantwortung jedes Einzelnen f\u00fcr Compliance. Richtlinie der Gemeinde [&hellip;]","_links":{"self":[{"href":"https:\/\/www.adendorf.de\/1\/wp-json\/wp\/v2\/pages\/1699","targetHints":{"allow":["GET"]}}],"collection":[{"href":"https:\/\/www.adendorf.de\/1\/wp-json\/wp\/v2\/pages"}],"about":[{"href":"https:\/\/www.adendorf.de\/1\/wp-json\/wp\/v2\/types\/page"}],"author":[{"embeddable":true,"href":"https:\/\/www.adendorf.de\/1\/wp-json\/wp\/v2\/users\/1"}],"replies":[{"embeddable":true,"href":"https:\/\/www.adendorf.de\/1\/wp-json\/wp\/v2\/comments?post=1699"}],"version-history":[{"count":10,"href":"https:\/\/www.adendorf.de\/1\/wp-json\/wp\/v2\/pages\/1699\/revisions"}],"predecessor-version":[{"id":2183,"href":"https:\/\/www.adendorf.de\/1\/wp-json\/wp\/v2\/pages\/1699\/revisions\/2183"}],"wp:attachment":[{"href":"https:\/\/www.adendorf.de\/1\/wp-json\/wp\/v2\/media?parent=1699"}],"curies":[{"name":"wp","href":"https:\/\/api.w.org\/{rel}","templated":true}]}}