{"id":282,"date":"2019-03-06T15:07:48","date_gmt":"2019-03-06T14:07:48","guid":{"rendered":"http:\/\/www.adendorf.de\/1\/?page_id=282"},"modified":"2025-12-12T08:21:14","modified_gmt":"2025-12-12T07:21:14","slug":"gemeindearchiv","status":"publish","type":"page","link":"https:\/\/www.adendorf.de\/1\/buergerservice\/gemeindearchiv\/","title":{"rendered":"Gemeindearchiv"},"content":{"rendered":"\t\t<div data-elementor-type=\"wp-post\" data-elementor-id=\"282\" class=\"elementor elementor-282\">\n\t\t\t\t\t\t<section class=\"elementor-section elementor-top-section elementor-element elementor-element-32c26ec elementor-section-boxed elementor-section-height-default elementor-section-height-default\" data-id=\"32c26ec\" data-element_type=\"section\" data-e-type=\"section\">\n\t\t\t\t\t\t<div class=\"elementor-container elementor-column-gap-default\">\n\t\t\t\t\t<div class=\"elementor-column elementor-col-100 elementor-top-column elementor-element elementor-element-0186b89\" data-id=\"0186b89\" data-element_type=\"column\" data-e-type=\"column\">\n\t\t\t<div class=\"elementor-widget-wrap elementor-element-populated\">\n\t\t\t\t\t\t<div class=\"elementor-element elementor-element-6b01315 elementor-widget elementor-widget-heading\" data-id=\"6b01315\" data-element_type=\"widget\" data-e-type=\"widget\" data-widget_type=\"heading.default\">\n\t\t\t\t<div class=\"elementor-widget-container\">\n\t\t\t\t\t<h1 class=\"elementor-heading-title elementor-size-default\">Gemeindearchiv<\/h1>\t\t\t\t<\/div>\n\t\t\t\t<\/div>\n\t\t\t\t\t<\/div>\n\t\t<\/div>\n\t\t\t\t\t<\/div>\n\t\t<\/section>\n\t\t\t\t<section class=\"elementor-section elementor-top-section elementor-element elementor-element-4c7f4be elementor-section-boxed elementor-section-height-default elementor-section-height-default\" data-id=\"4c7f4be\" data-element_type=\"section\" data-e-type=\"section\">\n\t\t\t\t\t\t<div class=\"elementor-container elementor-column-gap-default\">\n\t\t\t\t\t<div class=\"elementor-column elementor-col-33 elementor-top-column elementor-element elementor-element-a01601f\" data-id=\"a01601f\" data-element_type=\"column\" data-e-type=\"column\">\n\t\t\t<div class=\"elementor-widget-wrap elementor-element-populated\">\n\t\t\t\t\t\t<div class=\"elementor-element elementor-element-440731d elementor-widget elementor-widget-image\" data-id=\"440731d\" data-element_type=\"widget\" data-e-type=\"widget\" data-widget_type=\"image.default\">\n\t\t\t\t<div class=\"elementor-widget-container\">\n\t\t\t\t\t\t\t\t\t\t\t\t\t\t\t<img fetchpriority=\"high\" decoding=\"async\" width=\"750\" height=\"934\" src=\"https:\/\/www.adendorf.de\/1\/wp-content\/uploads\/2021\/07\/Bild-Heimatbuch1-822x1024.jpg\" class=\"attachment-large size-large wp-image-3907\" alt=\"\" srcset=\"https:\/\/www.adendorf.de\/1\/wp-content\/uploads\/2021\/07\/Bild-Heimatbuch1-822x1024.jpg 822w, https:\/\/www.adendorf.de\/1\/wp-content\/uploads\/2021\/07\/Bild-Heimatbuch1-241x300.jpg 241w, https:\/\/www.adendorf.de\/1\/wp-content\/uploads\/2021\/07\/Bild-Heimatbuch1-768x957.jpg 768w, https:\/\/www.adendorf.de\/1\/wp-content\/uploads\/2021\/07\/Bild-Heimatbuch1-1232x1536.jpg 1232w, https:\/\/www.adendorf.de\/1\/wp-content\/uploads\/2021\/07\/Bild-Heimatbuch1-1643x2048.jpg 1643w\" sizes=\"(max-width: 750px) 100vw, 750px\" \/>\t\t\t\t\t\t\t\t\t\t\t\t\t\t\t<\/div>\n\t\t\t\t<\/div>\n\t\t\t\t\t<\/div>\n\t\t<\/div>\n\t\t\t\t<div class=\"elementor-column elementor-col-66 elementor-top-column elementor-element elementor-element-ec76496\" data-id=\"ec76496\" data-element_type=\"column\" data-e-type=\"column\">\n\t\t\t<div class=\"elementor-widget-wrap elementor-element-populated\">\n\t\t\t\t\t\t<div class=\"elementor-element elementor-element-6cfd60c elementor-widget elementor-widget-text-editor\" data-id=\"6cfd60c\" data-element_type=\"widget\" data-e-type=\"widget\" data-widget_type=\"text-editor.default\">\n\t\t\t\t<div class=\"elementor-widget-container\">\n\t\t\t\t\t\t\t\t\t<p><strong>Herzlich Willkommen im Gemeindearchiv!<\/strong><\/p>\n<p>Wir verf\u00fcgen \u00fcber eine Vielzahl von Archivalien aus der Gemeinde Adendorf.<\/p>\n<p>Das Archiv und deren Best\u00e4nde k\u00f6nnen Sie gerne nutzen, um sich \u00fcber die Geschichte unserer Gemeinde, der Bewohner und Institutionen zu informieren.<\/p>\n<p>Besonders m\u00f6chten wir auf das Adendorfer Heimatbuch (Orts-Chronik) hinweisen, das im Archiv eingesehen bzw. auch an der Information im Erdgeschoss des Rathauses erworben werden kann.<\/p>\n<p>Nehmen Sie gerne Kontakt mit uns auf, wenn Sie sich unser Archiv vor Ort ansehen m\u00f6chten. Wir sind gerne f\u00fcr Sie da.<\/p>\t\t\t\t\t\t\t\t<\/div>\n\t\t\t\t<\/div>\n\t\t\t\t\t<\/div>\n\t\t<\/div>\n\t\t\t\t\t<\/div>\n\t\t<\/section>\n\t\t\t\t<section class=\"elementor-section elementor-top-section elementor-element elementor-element-46761b6 elementor-section-boxed elementor-section-height-default elementor-section-height-default\" data-id=\"46761b6\" data-element_type=\"section\" data-e-type=\"section\">\n\t\t\t\t\t\t<div class=\"elementor-container elementor-column-gap-default\">\n\t\t\t\t\t<div class=\"elementor-column elementor-col-50 elementor-top-column elementor-element elementor-element-c692046\" data-id=\"c692046\" data-element_type=\"column\" data-e-type=\"column\">\n\t\t\t<div class=\"elementor-widget-wrap elementor-element-populated\">\n\t\t\t\t\t\t<div class=\"elementor-element elementor-element-a75b97f elementor-widget elementor-widget-text-editor\" data-id=\"a75b97f\" data-element_type=\"widget\" data-e-type=\"widget\" data-widget_type=\"text-editor.default\">\n\t\t\t\t<div class=\"elementor-widget-container\">\n\t\t\t\t\t\t\t\t\t<p><strong>Archiv<\/strong><\/p><p>Gemeinde Adendorf<\/p><p>Rathausplatz 16<br \/>Nebeneingang der Bibliothek im Durchgang (Bitte klingeln)<\/p><p>21365 Adendorf<\/p><p>Telefon: <a href=\"tel:015111104457\">0151 111 044 57<\/a><\/p><p>E-Mail: <a href=\"m&#97;&#105;&#x6c;&#x74;&#x6f;&#x3a;a&#114;&#99;&#104;&#x69;&#x76;&#x40;ad&#101;&#110;&#x64;&#x6f;&#x72;f&#46;&#100;&#101;\">arch&#105;&#118;&#64;&#97;&#100;&#101;&#110;&#x64;&#x6f;&#x72;&#x66;&#x2e;&#x64;&#x65;<\/a><\/p><p><strong>Ansprechpartner:<\/strong> Frau Johanna Falkson<\/p><p><a href=\"https:\/\/www.adendorf.de\/1\/buergerservice\/beauftragte\/archiv\/\">\u2192 weitere Informationen<\/a><\/p>\t\t\t\t\t\t\t\t<\/div>\n\t\t\t\t<\/div>\n\t\t\t\t\t<\/div>\n\t\t<\/div>\n\t\t\t\t<div class=\"elementor-column elementor-col-50 elementor-top-column elementor-element elementor-element-bb902fc\" data-id=\"bb902fc\" data-element_type=\"column\" data-e-type=\"column\">\n\t\t\t<div class=\"elementor-widget-wrap elementor-element-populated\">\n\t\t\t\t\t\t<div class=\"elementor-element elementor-element-ab60eaf elementor-widget elementor-widget-text-editor\" data-id=\"ab60eaf\" data-element_type=\"widget\" data-e-type=\"widget\" data-widget_type=\"text-editor.default\">\n\t\t\t\t<div class=\"elementor-widget-container\">\n\t\t\t\t\t\t\t\t\t<p>\u00d6ffnungszeiten:<\/p><p>freitags von 08:00 bis 12:00 Uhr und nach Terminvereinbarung<\/p><p><\/p>\t\t\t\t\t\t\t\t<\/div>\n\t\t\t\t<\/div>\n\t\t\t\t\t<\/div>\n\t\t<\/div>\n\t\t\t\t\t<\/div>\n\t\t<\/section>\n\t\t\t\t<section class=\"elementor-section elementor-top-section elementor-element elementor-element-ec20c0f elementor-section-boxed elementor-section-height-default elementor-section-height-default\" data-id=\"ec20c0f\" data-element_type=\"section\" data-e-type=\"section\">\n\t\t\t\t\t\t<div class=\"elementor-container elementor-column-gap-default\">\n\t\t\t\t\t<div class=\"elementor-column elementor-col-100 elementor-top-column elementor-element elementor-element-87cae8d\" data-id=\"87cae8d\" data-element_type=\"column\" data-e-type=\"column\">\n\t\t\t<div class=\"elementor-widget-wrap elementor-element-populated\">\n\t\t\t\t\t\t<div class=\"elementor-element elementor-element-2753c12 elementor-widget elementor-widget-text-editor\" data-id=\"2753c12\" data-element_type=\"widget\" data-e-type=\"widget\" data-widget_type=\"text-editor.default\">\n\t\t\t\t<div class=\"elementor-widget-container\">\n\t\t\t\t\t\t\t\t\t<h2>Historischer Ortsplan Adendorf<\/h2><p>Der vom Archiv erstellte digitale Ortsplan von Adendorf enth\u00e4lt rund 50 Punkte, die auf Denkw\u00fcrdigkeiten aus den Bereichen \u201eKultur\u201c, \u201eWirtschaft\u201c, \u201eLandschaft\u201c und \u201eVerwaltung\u201c hinweisen. Die Punkte sind inzwischen gr\u00f6\u00dftenteils aus dem Ortsbild verschwunden.<\/p><p>Den Plan k\u00f6nnen Sie mit einem Klick auf das Bild (siehe unten) aufrufen. Bei Ber\u00fchrung mit dem Mauszeiger erscheint ein Stichwort, und beim Anklicken wird eine Information in Wort und Bild sichtbar. \u00dcber eine Zoomfunktion (obere Men\u00fcleiste) lassen sich die verschiedenen Kartenausschnitte vergr\u00f6\u00dfern. Hier finden Sie auch die Button Hilfe zu den Funktionalit\u00e4ten des Portals. \u00dcber den Button Inhalte (am rechten Rand) lassen sich die Luftbilder abrufen.<\/p>\t\t\t\t\t\t\t\t<\/div>\n\t\t\t\t<\/div>\n\t\t\t\t<div class=\"elementor-element elementor-element-3d1dfb8 elementor-widget elementor-widget-image\" data-id=\"3d1dfb8\" data-element_type=\"widget\" data-e-type=\"widget\" data-widget_type=\"image.default\">\n\t\t\t\t<div class=\"elementor-widget-container\">\n\t\t\t\t\t\t\t\t\t\t\t\t\t\t\t\t<a href=\"https:\/\/geoportal.lklg.net\/geoportal\/login-ol.htm?login=adendorf\" target=\"_blank\">\n\t\t\t\t\t\t\t<img decoding=\"async\" width=\"327\" height=\"356\" src=\"https:\/\/www.adendorf.de\/1\/wp-content\/uploads\/2021\/07\/Ortsplan.jpg\" class=\"attachment-large size-large wp-image-3912\" alt=\"\" srcset=\"https:\/\/www.adendorf.de\/1\/wp-content\/uploads\/2021\/07\/Ortsplan.jpg 327w, https:\/\/www.adendorf.de\/1\/wp-content\/uploads\/2021\/07\/Ortsplan-276x300.jpg 276w\" sizes=\"(max-width: 327px) 100vw, 327px\" \/>\t\t\t\t\t\t\t\t<\/a>\n\t\t\t\t\t\t\t\t\t\t\t\t\t\t\t<\/div>\n\t\t\t\t<\/div>\n\t\t\t\t\t<\/div>\n\t\t<\/div>\n\t\t\t\t\t<\/div>\n\t\t<\/section>\n\t\t\t\t<\/div>\n\t\t","protected":false},"excerpt":{"rendered":"<p>Gemeindearchiv Herzlich Willkommen im Gemeindearchiv! Wir verf\u00fcgen \u00fcber eine Vielzahl von Archivalien aus der Gemeinde Adendorf. Das Archiv und deren Best\u00e4nde k\u00f6nnen Sie gerne nutzen, um sich \u00fcber die Geschichte unserer Gemeinde, der Bewohner und Institutionen zu informieren. Besonders m\u00f6chten wir auf das Adendorfer Heimatbuch (Orts-Chronik) hinweisen, das im Archiv [&hellip;]<\/p>\n","protected":false},"author":1,"featured_media":0,"parent":274,"menu_order":0,"comment_status":"closed","ping_status":"closed","template":"page-templates\/template-pagebuilder-full-width.php","meta":{"footnotes":""},"class_list":["post-282","page","type-page","status-publish","hentry"],"publishpress_future_workflow_manual_trigger":{"enabledWorkflows":[]},"rttpg_featured_image_url":null,"rttpg_author":{"display_name":"Adendorf","author_link":"https:\/\/www.adendorf.de\/1\/author\/marco-brede\/"},"rttpg_comment":0,"rttpg_category":null,"rttpg_excerpt":"Gemeindearchiv Herzlich Willkommen im Gemeindearchiv! Wir verf\u00fcgen \u00fcber eine Vielzahl von Archivalien aus der Gemeinde Adendorf. Das Archiv und deren Best\u00e4nde k\u00f6nnen Sie gerne nutzen, um sich \u00fcber die Geschichte unserer Gemeinde, der Bewohner und Institutionen zu informieren. Besonders m\u00f6chten wir auf das Adendorfer Heimatbuch (Orts-Chronik) hinweisen, das im Archiv [&hellip;]","_links":{"self":[{"href":"https:\/\/www.adendorf.de\/1\/wp-json\/wp\/v2\/pages\/282","targetHints":{"allow":["GET"]}}],"collection":[{"href":"https:\/\/www.adendorf.de\/1\/wp-json\/wp\/v2\/pages"}],"about":[{"href":"https:\/\/www.adendorf.de\/1\/wp-json\/wp\/v2\/types\/page"}],"author":[{"embeddable":true,"href":"https:\/\/www.adendorf.de\/1\/wp-json\/wp\/v2\/users\/1"}],"replies":[{"embeddable":true,"href":"https:\/\/www.adendorf.de\/1\/wp-json\/wp\/v2\/comments?post=282"}],"version-history":[{"count":47,"href":"https:\/\/www.adendorf.de\/1\/wp-json\/wp\/v2\/pages\/282\/revisions"}],"predecessor-version":[{"id":8805,"href":"https:\/\/www.adendorf.de\/1\/wp-json\/wp\/v2\/pages\/282\/revisions\/8805"}],"up":[{"embeddable":true,"href":"https:\/\/www.adendorf.de\/1\/wp-json\/wp\/v2\/pages\/274"}],"wp:attachment":[{"href":"https:\/\/www.adendorf.de\/1\/wp-json\/wp\/v2\/media?parent=282"}],"curies":[{"name":"wp","href":"https:\/\/api.w.org\/{rel}","templated":true}]}}