{"id":522,"date":"2019-03-11T15:43:53","date_gmt":"2019-03-11T14:43:53","guid":{"rendered":"http:\/\/www.adendorf.de\/1\/?page_id=522"},"modified":"2024-06-21T10:04:19","modified_gmt":"2024-06-21T08:04:19","slug":"bauleitplanung","status":"publish","type":"page","link":"https:\/\/www.adendorf.de\/1\/bauen-und-wohnen\/bauleitplanung\/","title":{"rendered":"Bauleitplanung"},"content":{"rendered":"\t\t<div data-elementor-type=\"wp-post\" data-elementor-id=\"522\" class=\"elementor elementor-522\">\n\t\t\t\t\t\t<section class=\"elementor-section elementor-top-section elementor-element elementor-element-e078bfc elementor-section-boxed elementor-section-height-default elementor-section-height-default\" data-id=\"e078bfc\" data-element_type=\"section\" data-e-type=\"section\">\n\t\t\t\t\t\t<div class=\"elementor-container elementor-column-gap-default\">\n\t\t\t\t\t<div class=\"elementor-column elementor-col-100 elementor-top-column elementor-element elementor-element-3568339\" data-id=\"3568339\" data-element_type=\"column\" data-e-type=\"column\">\n\t\t\t<div class=\"elementor-widget-wrap elementor-element-populated\">\n\t\t\t\t\t\t<div class=\"elementor-element elementor-element-f3d9b86 elementor-widget elementor-widget-heading\" data-id=\"f3d9b86\" data-element_type=\"widget\" data-e-type=\"widget\" data-widget_type=\"heading.default\">\n\t\t\t\t<div class=\"elementor-widget-container\">\n\t\t\t\t\t<h1 class=\"elementor-heading-title elementor-size-default\">Bauleitplanung<\/h1>\t\t\t\t<\/div>\n\t\t\t\t<\/div>\n\t\t\t\t\t<\/div>\n\t\t<\/div>\n\t\t\t\t\t<\/div>\n\t\t<\/section>\n\t\t\t\t<section class=\"elementor-section elementor-top-section elementor-element elementor-element-8de0889 elementor-section-boxed elementor-section-height-default elementor-section-height-default\" data-id=\"8de0889\" data-element_type=\"section\" data-e-type=\"section\">\n\t\t\t\t\t\t<div class=\"elementor-container elementor-column-gap-default\">\n\t\t\t\t\t<div class=\"elementor-column elementor-col-100 elementor-top-column elementor-element elementor-element-cb632af\" data-id=\"cb632af\" data-element_type=\"column\" data-e-type=\"column\">\n\t\t\t<div class=\"elementor-widget-wrap elementor-element-populated\">\n\t\t\t\t\t\t<div class=\"elementor-element elementor-element-87f03e8 elementor-widget elementor-widget-heading\" data-id=\"87f03e8\" data-element_type=\"widget\" data-e-type=\"widget\" data-widget_type=\"heading.default\">\n\t\t\t\t<div class=\"elementor-widget-container\">\n\t\t\t\t\t<h2 class=\"elementor-heading-title elementor-size-default\">Ver\u00f6ffentlichung von Bekanntmachungen im Verfahren der \u00f6ffentlichen Auslegung und der Auslegungsunterlagen (\u00a7 4a IV BauGB)<\/h2>\t\t\t\t<\/div>\n\t\t\t\t<\/div>\n\t\t\t\t<div class=\"elementor-element elementor-element-f094aa3 elementor-widget elementor-widget-text-editor\" data-id=\"f094aa3\" data-element_type=\"widget\" data-e-type=\"widget\" data-widget_type=\"text-editor.default\">\n\t\t\t\t<div class=\"elementor-widget-container\">\n\t\t\t\t\t\t\t\t\tDie Gemeinde Adendorf ver\u00f6ffentlicht hier gem. \u00a7&nbsp;4a&nbsp;IV&nbsp;BauGB den Inhalt der orts\u00fcblichen Bekanntmachungen nach \u00a7&nbsp;3&nbsp;II&nbsp;2&nbsp;BauGB und die nach \u00a7&nbsp;3&nbsp;II&nbsp;1&nbsp;BauGB auszulegenden Unterlagen f\u00fcr folgende laufende Verfahren:\t\t\t\t\t\t\t\t<\/div>\n\t\t\t\t<\/div>\n\t\t\t\t<div class=\"elementor-element elementor-element-d789f30 elementor-widget elementor-widget-obfx-posts-grid\" data-id=\"d789f30\" data-element_type=\"widget\" data-e-type=\"widget\" data-widget_type=\"obfx-posts-grid.default\">\n\t\t\t\t<div class=\"elementor-widget-container\">\n\t\t\t\t\t<div class=\"obfx-grid\"><div class=\"obfx-grid-container obfx-grid-desktop-1\"><\/div><!-- .obfx-grid-container --><\/div><!-- .obfx-grid -->\t\t\t\t<\/div>\n\t\t\t\t<\/div>\n\t\t\t\t\t<\/div>\n\t\t<\/div>\n\t\t\t\t\t<\/div>\n\t\t<\/section>\n\t\t\t\t<section class=\"elementor-section elementor-top-section elementor-element elementor-element-41efd0d elementor-section-boxed elementor-section-height-default elementor-section-height-default\" data-id=\"41efd0d\" data-element_type=\"section\" data-e-type=\"section\">\n\t\t\t\t\t\t<div class=\"elementor-container elementor-column-gap-default\">\n\t\t\t\t\t<div class=\"elementor-column elementor-col-100 elementor-top-column elementor-element elementor-element-8e7a2e5\" data-id=\"8e7a2e5\" data-element_type=\"column\" data-e-type=\"column\">\n\t\t\t<div class=\"elementor-widget-wrap elementor-element-populated\">\n\t\t\t\t\t\t<div class=\"elementor-element elementor-element-2eae764 elementor-widget elementor-widget-heading\" data-id=\"2eae764\" data-element_type=\"widget\" data-e-type=\"widget\" data-widget_type=\"heading.default\">\n\t\t\t\t<div class=\"elementor-widget-container\">\n\t\t\t\t\t<h2 class=\"elementor-heading-title elementor-size-default\">Ver\u00f6ffentlichung der beschlossenen Bebauungspl\u00e4ne \/ wirksamen Fl\u00e4chennutzungspl\u00e4ne im Internet<\/h2>\t\t\t\t<\/div>\n\t\t\t\t<\/div>\n\t\t\t\t<div class=\"elementor-element elementor-element-41dafbe elementor-widget elementor-widget-text-editor\" data-id=\"41dafbe\" data-element_type=\"widget\" data-e-type=\"widget\" data-widget_type=\"text-editor.default\">\n\t\t\t\t<div class=\"elementor-widget-container\">\n\t\t\t\t\t\t\t\t\t<p>Die Gemeinde Adendorf ver\u00f6ffentlicht ihre jeweiligen in Kraft getretenen Bebauungspl\u00e4ne sowie ihre wirksamen Fl\u00e4chennutzungspl\u00e4ne \u00fcber das <a href=\"http:\/\/geo.lklg.net\/terraweb_openlayers\/login-ol.htm?login=geoadendorf\" target=\"_blank\" rel=\"noopener\">Geoportal des Landkreises L\u00fcneburg<\/a>.<\/p>\t\t\t\t\t\t\t\t<\/div>\n\t\t\t\t<\/div>\n\t\t\t\t\t<\/div>\n\t\t<\/div>\n\t\t\t\t\t<\/div>\n\t\t<\/section>\n\t\t\t\t<section class=\"elementor-section elementor-top-section elementor-element elementor-element-0dfb041 elementor-section-boxed elementor-section-height-default elementor-section-height-default\" data-id=\"0dfb041\" data-element_type=\"section\" data-e-type=\"section\">\n\t\t\t\t\t\t<div class=\"elementor-container elementor-column-gap-default\">\n\t\t\t\t\t<div class=\"elementor-column elementor-col-100 elementor-top-column elementor-element elementor-element-1e85f34\" data-id=\"1e85f34\" data-element_type=\"column\" data-e-type=\"column\">\n\t\t\t<div class=\"elementor-widget-wrap elementor-element-populated\">\n\t\t\t\t\t\t<div class=\"elementor-element elementor-element-8e3f7d7 elementor-widget elementor-widget-heading\" data-id=\"8e3f7d7\" data-element_type=\"widget\" data-e-type=\"widget\" data-widget_type=\"heading.default\">\n\t\t\t\t<div class=\"elementor-widget-container\">\n\t\t\t\t\t<h2 class=\"elementor-heading-title elementor-size-default\">Bauleitplanung<\/h2>\t\t\t\t<\/div>\n\t\t\t\t<\/div>\n\t\t\t\t<div class=\"elementor-element elementor-element-f7ab2fe elementor-widget elementor-widget-text-editor\" data-id=\"f7ab2fe\" data-element_type=\"widget\" data-e-type=\"widget\" data-widget_type=\"text-editor.default\">\n\t\t\t\t<div class=\"elementor-widget-container\">\n\t\t\t\t\t\t\t\t\t<h3><strong>Bauleitpl\u00e4ne:<\/strong><\/h3><p>Rechtsgrundlage f\u00fcr die Bauleitplanung ist das Baugesetzbuch (BauGB), ein Bundesgesetz. Bauleitpl\u00e4ne sind der Fl\u00e4chennutzungsplan und der Bebauungsplan. Sie werden von den einzelnen Gemeinden im Landkreis in eigener Zust\u00e4ndigkeit aufgestellt. Sie bestehen im Allgemeinen aus einer Planzeichnung, einer Begr\u00fcndung sowie einem Umweltbericht. Planungstr\u00e4ger f\u00fcr die Bebauungspl\u00e4ne ist die Gemeinde. Sie ist im Rahmen ihrer grundgesetzlich gesicherten Planungshoheit f\u00fcr ihre st\u00e4dtebauliche Entwicklung verantwortlich. Der Fl\u00e4chennutzungsplan als \u00fcbergeordneter Plan f\u00e4llt in die Zust\u00e4ndigkeit der Samtgemeinde.<\/p><h3><strong>Fl\u00e4chennutzungsplan:<\/strong><\/h3><p>Der Fl\u00e4chennutzungsplan umfasst das ganze Gemeindegebiet. Er stellt die beabsichtigten st\u00e4dtebaulichen Nutzungen in allgemeiner Form dar, z. B. Wohnbaufl\u00e4chen, gewerbliche Baufl\u00e4chen, Versorgungsfl\u00e4chen, Fl\u00e4chen f\u00fcr \u00f6ffentliche Einrichtungen (etwa Schulen), Verkehrsfl\u00e4chen oder Gr\u00fcnfl\u00e4chen. Zust\u00e4ndig ist die Samtgemeinde. <br \/>Er wird vom Rat beschlossen, ist bindend f\u00fcr Beh\u00f6rden und andere \u00f6ffentliche Planungstr\u00e4ger (etwa Stra\u00dfenbaubeh\u00f6rden oder Stromversorger) und bildet den Rahmen f\u00fcr die Bebauungspl\u00e4ne, die daraus konkreter entwickelt werden. Er ist nicht unmittelbar verbindlich f\u00fcr den einzelnen B\u00fcrger. <br \/>Fl\u00e4chennutzungspl\u00e4ne m\u00fcssen genehmigt werden, zust\u00e4ndig daf\u00fcr ist der Landkreis L\u00fcneburg.<\/p><h3><strong>Bebauungsplan:<\/strong><\/h3><p>F\u00fcr den B\u00fcrger entscheidend ist der jeweils f\u00fcr das Baugebiet aufgestellte Bebauungsplan. Zust\u00e4ndig hierf\u00fcr sind die Mitgliedsgemeinden. Er enth\u00e4lt verbindliche konkrete Festsetzungen, die jedes einzelne Grundst\u00fcck betreffen. Dies sind etwa die zul\u00e4ssige Art der erlaubten Bebauung (z. B. Wohnen oder Gewerbe) oder die zul\u00e4ssige Dichte der Bebauung, die H\u00f6he oder auch die Art der Gestaltung. Die Wirkung des rechtskr\u00e4ftigen Bebauungsplans f\u00fcr den Bauherren ist zweifach: Einerseits gibt er die einzelnen Baugrundst\u00fccke \u201ezur Bebauung frei\u201c, anderseits enth\u00e4lt er die rechtlichen, allgemein verbindlichen Schranken f\u00fcr die Bebauung der Grundst\u00fccke. <br \/>Er wird vom Rat der Gemeinde als Satzung beschlossen und wird damit verbindliches Ortsrecht. Eine Genehmigungspflicht besteht f\u00fcr Bebauungspl\u00e4ne im Allgemeinen nicht.<\/p><h3><strong>Verfahren:<\/strong><\/h3><p>F\u00fcr das Verfahren zur Aufstellung der Bauleitpl\u00e4ne enth\u00e4lt das BauGB detaillierte Regelungen, die von der planenden Gemeinde beachtet werden m\u00fcssen. Hervorzuheben sind die Mitwirkungsrechte der B\u00fcrger (fr\u00fchzeitige B\u00fcrgerbeteiligung, Anregungen zum Planinhalt w\u00e4hrend der \u00f6ffentlichen Auslegung der Planentw\u00fcrfe) und die Verpflichtung der Gemeinde zur gerechten Abw\u00e4gung aller vorgetragenen und sich aufdr\u00e4ngenden privaten und \u00f6ffentlichen Belange.<\/p>\t\t\t\t\t\t\t\t<\/div>\n\t\t\t\t<\/div>\n\t\t\t\t\t<\/div>\n\t\t<\/div>\n\t\t\t\t\t<\/div>\n\t\t<\/section>\n\t\t\t\t<\/div>\n\t\t","protected":false},"excerpt":{"rendered":"<p>Bauleitplanung Ver\u00f6ffentlichung von Bekanntmachungen im Verfahren der \u00f6ffentlichen Auslegung und der Auslegungsunterlagen (\u00a7 4a IV BauGB) Die Gemeinde Adendorf ver\u00f6ffentlicht hier gem. \u00a7&nbsp;4a&nbsp;IV&nbsp;BauGB den Inhalt der orts\u00fcblichen Bekanntmachungen nach \u00a7&nbsp;3&nbsp;II&nbsp;2&nbsp;BauGB und die nach \u00a7&nbsp;3&nbsp;II&nbsp;1&nbsp;BauGB auszulegenden Unterlagen f\u00fcr folgende laufende Verfahren: Ver\u00f6ffentlichung der beschlossenen Bebauungspl\u00e4ne \/ wirksamen Fl\u00e4chennutzungspl\u00e4ne im Internet Die [&hellip;]<\/p>\n","protected":false},"author":1,"featured_media":0,"parent":512,"menu_order":0,"comment_status":"closed","ping_status":"closed","template":"page-templates\/template-pagebuilder-full-width.php","meta":{"footnotes":""},"class_list":["post-522","page","type-page","status-publish","hentry"],"publishpress_future_workflow_manual_trigger":{"enabledWorkflows":[]},"rttpg_featured_image_url":null,"rttpg_author":{"display_name":"Adendorf","author_link":"https:\/\/www.adendorf.de\/1\/author\/marco-brede\/"},"rttpg_comment":0,"rttpg_category":null,"rttpg_excerpt":"Bauleitplanung Ver\u00f6ffentlichung von Bekanntmachungen im Verfahren der \u00f6ffentlichen Auslegung und der Auslegungsunterlagen (\u00a7 4a IV BauGB) Die Gemeinde Adendorf ver\u00f6ffentlicht hier gem. \u00a7&nbsp;4a&nbsp;IV&nbsp;BauGB den Inhalt der orts\u00fcblichen Bekanntmachungen nach \u00a7&nbsp;3&nbsp;II&nbsp;2&nbsp;BauGB und die nach \u00a7&nbsp;3&nbsp;II&nbsp;1&nbsp;BauGB auszulegenden Unterlagen f\u00fcr folgende laufende Verfahren: Ver\u00f6ffentlichung der beschlossenen Bebauungspl\u00e4ne \/ wirksamen Fl\u00e4chennutzungspl\u00e4ne im Internet Die [&hellip;]","_links":{"self":[{"href":"https:\/\/www.adendorf.de\/1\/wp-json\/wp\/v2\/pages\/522","targetHints":{"allow":["GET"]}}],"collection":[{"href":"https:\/\/www.adendorf.de\/1\/wp-json\/wp\/v2\/pages"}],"about":[{"href":"https:\/\/www.adendorf.de\/1\/wp-json\/wp\/v2\/types\/page"}],"author":[{"embeddable":true,"href":"https:\/\/www.adendorf.de\/1\/wp-json\/wp\/v2\/users\/1"}],"replies":[{"embeddable":true,"href":"https:\/\/www.adendorf.de\/1\/wp-json\/wp\/v2\/comments?post=522"}],"version-history":[{"count":17,"href":"https:\/\/www.adendorf.de\/1\/wp-json\/wp\/v2\/pages\/522\/revisions"}],"predecessor-version":[{"id":6885,"href":"https:\/\/www.adendorf.de\/1\/wp-json\/wp\/v2\/pages\/522\/revisions\/6885"}],"up":[{"embeddable":true,"href":"https:\/\/www.adendorf.de\/1\/wp-json\/wp\/v2\/pages\/512"}],"wp:attachment":[{"href":"https:\/\/www.adendorf.de\/1\/wp-json\/wp\/v2\/media?parent=522"}],"curies":[{"name":"wp","href":"https:\/\/api.w.org\/{rel}","templated":true}]}}

<div data-elementor-type="wp-post" data-elementor-id="522" class="elementor elementor-522">
						<section class="elementor-section elementor-top-section elementor-element elementor-element-e078bfc elementor-section-boxed elementor-section-height-default elementor-section-height-default" data-id="e078bfc" data-element_type="section" data-e-type="section">
						<div class="elementor-container elementor-column-gap-default">
					<div class="elementor-column elementor-col-100 elementor-top-column elementor-element elementor-element-3568339" data-id="3568339" data-element_type="column" data-e-type="column">
			<div class="elementor-widget-wrap elementor-element-populated">
						<div class="elementor-element elementor-element-f3d9b86 elementor-widget elementor-widget-heading" data-id="f3d9b86" data-element_type="widget" data-e-type="widget" data-widget_type="heading.default">
				<div class="elementor-widget-container">
					<h1 class="elementor-heading-title elementor-size-default">Bauleitplanung</h1>				</div>
				</div>
					</div>
		</div>
					</div>
		</section>
				<section class="elementor-section elementor-top-section elementor-element elementor-element-8de0889 elementor-section-boxed elementor-section-height-default elementor-section-height-default" data-id="8de0889" data-element_type="section" data-e-type="section">
						<div class="elementor-container elementor-column-gap-default">
					<div class="elementor-column elementor-col-100 elementor-top-column elementor-element elementor-element-cb632af" data-id="cb632af" data-element_type="column" data-e-type="column">
			<div class="elementor-widget-wrap elementor-element-populated">
						<div class="elementor-element elementor-element-87f03e8 elementor-widget elementor-widget-heading" data-id="87f03e8" data-element_type="widget" data-e-type="widget" data-widget_type="heading.default">
				<div class="elementor-widget-container">
					<h2 class="elementor-heading-title elementor-size-default">Veröffentlichung von Bekanntmachungen im Verfahren der öffentlichen Auslegung und der Auslegungsunterlagen (§ 4a IV BauGB)</h2>				</div>
				</div>
				<div class="elementor-element elementor-element-f094aa3 elementor-widget elementor-widget-text-editor" data-id="f094aa3" data-element_type="widget" data-e-type="widget" data-widget_type="text-editor.default">
				<div class="elementor-widget-container">
									Die Gemeinde Adendorf veröffentlicht hier gem. §&nbsp;4a&nbsp;IV&nbsp;BauGB den Inhalt der ortsüblichen Bekanntmachungen nach §&nbsp;3&nbsp;II&nbsp;2&nbsp;BauGB und die nach §&nbsp;3&nbsp;II&nbsp;1&nbsp;BauGB auszulegenden Unterlagen für folgende laufende Verfahren:								</div>
				</div>
				<div class="elementor-element elementor-element-d789f30 elementor-widget elementor-widget-obfx-posts-grid" data-id="d789f30" data-element_type="widget" data-e-type="widget" data-widget_type="obfx-posts-grid.default">
				<div class="elementor-widget-container">
					<div class="obfx-grid"><div class="obfx-grid-container obfx-grid-desktop-1"></div><!-- .obfx-grid-container --></div><!-- .obfx-grid -->				</div>
				</div>
					</div>
		</div>
					</div>
		</section>
				<section class="elementor-section elementor-top-section elementor-element elementor-element-41efd0d elementor-section-boxed elementor-section-height-default elementor-section-height-default" data-id="41efd0d" data-element_type="section" data-e-type="section">
						<div class="elementor-container elementor-column-gap-default">
					<div class="elementor-column elementor-col-100 elementor-top-column elementor-element elementor-element-8e7a2e5" data-id="8e7a2e5" data-element_type="column" data-e-type="column">
			<div class="elementor-widget-wrap elementor-element-populated">
						<div class="elementor-element elementor-element-2eae764 elementor-widget elementor-widget-heading" data-id="2eae764" data-element_type="widget" data-e-type="widget" data-widget_type="heading.default">
				<div class="elementor-widget-container">
					<h2 class="elementor-heading-title elementor-size-default">Veröffentlichung der beschlossenen Bebauungspläne / wirksamen Flächennutzungspläne im Internet</h2>				</div>
				</div>
				<div class="elementor-element elementor-element-41dafbe elementor-widget elementor-widget-text-editor" data-id="41dafbe" data-element_type="widget" data-e-type="widget" data-widget_type="text-editor.default">
				<div class="elementor-widget-container">
									<p>Die Gemeinde Adendorf veröffentlicht ihre jeweiligen in Kraft getretenen Bebauungspläne sowie ihre wirksamen Flächennutzungspläne über das <a href="http://geo.lklg.net/terraweb_openlayers/login-ol.htm?login=geoadendorf" target="_blank" rel="noopener">Geoportal des Landkreises Lüneburg</a>.</p>								</div>
				</div>
					</div>
		</div>
					</div>
		</section>
				<section class="elementor-section elementor-top-section elementor-element elementor-element-0dfb041 elementor-section-boxed elementor-section-height-default elementor-section-height-default" data-id="0dfb041" data-element_type="section" data-e-type="section">
						<div class="elementor-container elementor-column-gap-default">
					<div class="elementor-column elementor-col-100 elementor-top-column elementor-element elementor-element-1e85f34" data-id="1e85f34" data-element_type="column" data-e-type="column">
			<div class="elementor-widget-wrap elementor-element-populated">
						<div class="elementor-element elementor-element-8e3f7d7 elementor-widget elementor-widget-heading" data-id="8e3f7d7" data-element_type="widget" data-e-type="widget" data-widget_type="heading.default">
				<div class="elementor-widget-container">
					<h2 class="elementor-heading-title elementor-size-default">Bauleitplanung</h2>				</div>
				</div>
				<div class="elementor-element elementor-element-f7ab2fe elementor-widget elementor-widget-text-editor" data-id="f7ab2fe" data-element_type="widget" data-e-type="widget" data-widget_type="text-editor.default">
				<div class="elementor-widget-container">
									<h3><strong>Bauleitpläne:</strong></h3><p>Rechtsgrundlage für die Bauleitplanung ist das Baugesetzbuch (BauGB), ein Bundesgesetz. Bauleitpläne sind der Flächennutzungsplan und der Bebauungsplan. Sie werden von den einzelnen Gemeinden im Landkreis in eigener Zuständigkeit aufgestellt. Sie bestehen im Allgemeinen aus einer Planzeichnung, einer Begründung sowie einem Umweltbericht. Planungsträger für die Bebauungspläne ist die Gemeinde. Sie ist im Rahmen ihrer grundgesetzlich gesicherten Planungshoheit für ihre städtebauliche Entwicklung verantwortlich. Der Flächennutzungsplan als übergeordneter Plan fällt in die Zuständigkeit der Samtgemeinde.</p><h3><strong>Flächennutzungsplan:</strong></h3><p>Der Flächennutzungsplan umfasst das ganze Gemeindegebiet. Er stellt die beabsichtigten städtebaulichen Nutzungen in allgemeiner Form dar, z. B. Wohnbauflächen, gewerbliche Bauflächen, Versorgungsflächen, Flächen für öffentliche Einrichtungen (etwa Schulen), Verkehrsflächen oder Grünflächen. Zuständig ist die Samtgemeinde. <br />Er wird vom Rat beschlossen, ist bindend für Behörden und andere öffentliche Planungsträger (etwa Straßenbaubehörden oder Stromversorger) und bildet den Rahmen für die Bebauungspläne, die daraus konkreter entwickelt werden. Er ist nicht unmittelbar verbindlich für den einzelnen Bürger. <br />Flächennutzungspläne müssen genehmigt werden, zuständig dafür ist der Landkreis Lüneburg.</p><h3><strong>Bebauungsplan:</strong></h3><p>Für den Bürger entscheidend ist der jeweils für das Baugebiet aufgestellte Bebauungsplan. Zuständig hierfür sind die Mitgliedsgemeinden. Er enthält verbindliche konkrete Festsetzungen, die jedes einzelne Grundstück betreffen. Dies sind etwa die zulässige Art der erlaubten Bebauung (z. B. Wohnen oder Gewerbe) oder die zulässige Dichte der Bebauung, die Höhe oder auch die Art der Gestaltung. Die Wirkung des rechtskräftigen Bebauungsplans für den Bauherren ist zweifach: Einerseits gibt er die einzelnen Baugrundstücke „zur Bebauung frei“, anderseits enthält er die rechtlichen, allgemein verbindlichen Schranken für die Bebauung der Grundstücke. <br />Er wird vom Rat der Gemeinde als Satzung beschlossen und wird damit verbindliches Ortsrecht. Eine Genehmigungspflicht besteht für Bebauungspläne im Allgemeinen nicht.</p><h3><strong>Verfahren:</strong></h3><p>Für das Verfahren zur Aufstellung der Bauleitpläne enthält das BauGB detaillierte Regelungen, die von der planenden Gemeinde beachtet werden müssen. Hervorzuheben sind die Mitwirkungsrechte der Bürger (frühzeitige Bürgerbeteiligung, Anregungen zum Planinhalt während der öffentlichen Auslegung der Planentwürfe) und die Verpflichtung der Gemeinde zur gerechten Abwägung aller vorgetragenen und sich aufdrängenden privaten und öffentlichen Belange.</p>								</div>
				</div>
					</div>
		</div>
					</div>
		</section>
				</div>

<p>Bauleitplanung Veröffentlichung von Bekanntmachungen im Verfahren der öffentlichen Auslegung und der Auslegungsunterlagen (§ 4a IV BauGB) Die Gemeinde Adendorf veröffentlicht hier gem. §&nbsp;4a&nbsp;IV&nbsp;BauGB den Inhalt der ortsüblichen Bekanntmachungen nach §&nbsp;3&nbsp;II&nbsp;2&nbsp;BauGB und die nach §&nbsp;3&nbsp;II&nbsp;1&nbsp;BauGB auszulegenden Unterlagen für folgende laufende Verfahren: Veröffentlichung der beschlossenen Bebauungspläne / wirksamen Flächennutzungspläne im Internet Die [&hellip;]</p>

Bauleitplanung Veröffentlichung von Bekanntmachungen im Verfahren der öffentlichen Auslegung und der Auslegungsunterlagen (§ 4a IV BauGB) Die Gemeinde Adendorf veröffentlicht hier gem. §&nbsp;4a&nbsp;IV&nbsp;BauGB den Inhalt der ortsüblichen Bekanntmachungen nach §&nbsp;3&nbsp;II&nbsp;2&nbsp;BauGB und die nach §&nbsp;3&nbsp;II&nbsp;1&nbsp;BauGB auszulegenden Unterlagen für folgende laufende Verfahren: Veröffentlichung der beschlossenen Bebauungspläne / wirksamen Flächennutzungspläne im Internet Die [&hellip;]
