{"id":566,"date":"2019-03-12T14:43:30","date_gmt":"2019-03-12T13:43:30","guid":{"rendered":"http:\/\/www.adendorf.de\/1\/?page_id=566"},"modified":"2019-12-05T17:12:49","modified_gmt":"2019-12-05T16:12:49","slug":"strassen-und-wege","status":"publish","type":"page","link":"https:\/\/www.adendorf.de\/1\/bauen-und-wohnen\/strassen-und-wege\/","title":{"rendered":"Stra\u00dfen und Wege"},"content":{"rendered":"\t\t<div data-elementor-type=\"wp-post\" data-elementor-id=\"566\" class=\"elementor elementor-566\">\n\t\t\t\t\t\t<section class=\"elementor-section elementor-top-section elementor-element elementor-element-e57e508 elementor-section-boxed elementor-section-height-default elementor-section-height-default\" data-id=\"e57e508\" data-element_type=\"section\" data-e-type=\"section\">\n\t\t\t\t\t\t<div class=\"elementor-container elementor-column-gap-default\">\n\t\t\t\t\t<div class=\"elementor-column elementor-col-100 elementor-top-column elementor-element elementor-element-0de4acd\" data-id=\"0de4acd\" data-element_type=\"column\" data-e-type=\"column\">\n\t\t\t<div class=\"elementor-widget-wrap elementor-element-populated\">\n\t\t\t\t\t\t<div class=\"elementor-element elementor-element-df2e206 elementor-widget elementor-widget-heading\" data-id=\"df2e206\" data-element_type=\"widget\" data-e-type=\"widget\" data-widget_type=\"heading.default\">\n\t\t\t\t<div class=\"elementor-widget-container\">\n\t\t\t\t\t<h1 class=\"elementor-heading-title elementor-size-default\">Stra\u00dfen und Wege<\/h1>\t\t\t\t<\/div>\n\t\t\t\t<\/div>\n\t\t\t\t<div class=\"elementor-element elementor-element-9a2afe7 elementor-widget elementor-widget-text-editor\" data-id=\"9a2afe7\" data-element_type=\"widget\" data-e-type=\"widget\" data-widget_type=\"text-editor.default\">\n\t\t\t\t<div class=\"elementor-widget-container\">\n\t\t\t\t\t\t\t\t\t<p>Die Gemeinde Adendorf unterh\u00e4lt knapp 60 km Stra\u00dfennetz. Dazu geh\u00f6ren ebenso die Unterhaltung der Stra\u00dfenbeleuchtung und der Entw\u00e4sserungsanlagen sowie der Winterdienst.<\/p>\t\t\t\t\t\t\t\t<\/div>\n\t\t\t\t<\/div>\n\t\t\t\t<div class=\"elementor-element elementor-element-23dc48c my-hidden elementor-widget elementor-widget-image\" data-id=\"23dc48c\" data-element_type=\"widget\" data-e-type=\"widget\" data-widget_type=\"image.default\">\n\t\t\t\t<div class=\"elementor-widget-container\">\n\t\t\t\t\t\t\t\t\t\t\t\t\t\t\t<img fetchpriority=\"high\" decoding=\"async\" width=\"750\" height=\"390\" src=\"https:\/\/www.adendorf.de\/1\/wp-content\/uploads\/2019\/03\/street-map-2679271_1920-Platzhalter-1024x532.jpg\" class=\"attachment-large size-large wp-image-570\" alt=\"\" srcset=\"https:\/\/www.adendorf.de\/1\/wp-content\/uploads\/2019\/03\/street-map-2679271_1920-Platzhalter-1024x532.jpg 1024w, https:\/\/www.adendorf.de\/1\/wp-content\/uploads\/2019\/03\/street-map-2679271_1920-Platzhalter-300x156.jpg 300w, https:\/\/www.adendorf.de\/1\/wp-content\/uploads\/2019\/03\/street-map-2679271_1920-Platzhalter-768x399.jpg 768w, https:\/\/www.adendorf.de\/1\/wp-content\/uploads\/2019\/03\/street-map-2679271_1920-Platzhalter.jpg 1920w\" sizes=\"(max-width: 750px) 100vw, 750px\" \/>\t\t\t\t\t\t\t\t\t\t\t\t\t\t\t<\/div>\n\t\t\t\t<\/div>\n\t\t\t\t\t<\/div>\n\t\t<\/div>\n\t\t\t\t\t<\/div>\n\t\t<\/section>\n\t\t\t\t<section class=\"elementor-section elementor-top-section elementor-element elementor-element-2369487 elementor-section-boxed elementor-section-height-default elementor-section-height-default\" data-id=\"2369487\" data-element_type=\"section\" data-e-type=\"section\">\n\t\t\t\t\t\t<div class=\"elementor-container elementor-column-gap-default\">\n\t\t\t\t\t<div class=\"elementor-column elementor-col-100 elementor-top-column elementor-element elementor-element-3119240\" data-id=\"3119240\" data-element_type=\"column\" data-e-type=\"column\">\n\t\t\t<div class=\"elementor-widget-wrap\">\n\t\t\t\t\t\t\t<\/div>\n\t\t<\/div>\n\t\t\t\t\t<\/div>\n\t\t<\/section>\n\t\t\t\t<\/div>\n\t\t","protected":false},"excerpt":{"rendered":"<p>Stra\u00dfen und Wege Die Gemeinde Adendorf unterh\u00e4lt knapp 60 km Stra\u00dfennetz. Dazu geh\u00f6ren ebenso die Unterhaltung der Stra\u00dfenbeleuchtung und der Entw\u00e4sserungsanlagen sowie der Winterdienst.<\/p>\n","protected":false},"author":1,"featured_media":0,"parent":512,"menu_order":0,"comment_status":"closed","ping_status":"closed","template":"page-templates\/template-pagebuilder-full-width.php","meta":{"footnotes":""},"class_list":["post-566","page","type-page","status-publish","hentry"],"publishpress_future_workflow_manual_trigger":{"enabledWorkflows":[]},"rttpg_featured_image_url":null,"rttpg_author":{"display_name":"Adendorf","author_link":"https:\/\/www.adendorf.de\/1\/author\/marco-brede\/"},"rttpg_comment":0,"rttpg_category":null,"rttpg_excerpt":"Stra\u00dfen und Wege Die Gemeinde Adendorf unterh\u00e4lt knapp 60 km Stra\u00dfennetz. Dazu geh\u00f6ren ebenso die Unterhaltung der Stra\u00dfenbeleuchtung und der Entw\u00e4sserungsanlagen sowie der Winterdienst.","_links":{"self":[{"href":"https:\/\/www.adendorf.de\/1\/wp-json\/wp\/v2\/pages\/566","targetHints":{"allow":["GET"]}}],"collection":[{"href":"https:\/\/www.adendorf.de\/1\/wp-json\/wp\/v2\/pages"}],"about":[{"href":"https:\/\/www.adendorf.de\/1\/wp-json\/wp\/v2\/types\/page"}],"author":[{"embeddable":true,"href":"https:\/\/www.adendorf.de\/1\/wp-json\/wp\/v2\/users\/1"}],"replies":[{"embeddable":true,"href":"https:\/\/www.adendorf.de\/1\/wp-json\/wp\/v2\/comments?post=566"}],"version-history":[{"count":8,"href":"https:\/\/www.adendorf.de\/1\/wp-json\/wp\/v2\/pages\/566\/revisions"}],"predecessor-version":[{"id":1853,"href":"https:\/\/www.adendorf.de\/1\/wp-json\/wp\/v2\/pages\/566\/revisions\/1853"}],"up":[{"embeddable":true,"href":"https:\/\/www.adendorf.de\/1\/wp-json\/wp\/v2\/pages\/512"}],"wp:attachment":[{"href":"https:\/\/www.adendorf.de\/1\/wp-json\/wp\/v2\/media?parent=566"}],"curies":[{"name":"wp","href":"https:\/\/api.w.org\/{rel}","templated":true}]}}

Straßen und Wege

<div data-elementor-type="wp-post" data-elementor-id="566" class="elementor elementor-566">
						<section class="elementor-section elementor-top-section elementor-element elementor-element-e57e508 elementor-section-boxed elementor-section-height-default elementor-section-height-default" data-id="e57e508" data-element_type="section" data-e-type="section">
						<div class="elementor-container elementor-column-gap-default">
					<div class="elementor-column elementor-col-100 elementor-top-column elementor-element elementor-element-0de4acd" data-id="0de4acd" data-element_type="column" data-e-type="column">
			<div class="elementor-widget-wrap elementor-element-populated">
						<div class="elementor-element elementor-element-df2e206 elementor-widget elementor-widget-heading" data-id="df2e206" data-element_type="widget" data-e-type="widget" data-widget_type="heading.default">
				<div class="elementor-widget-container">
					<h1 class="elementor-heading-title elementor-size-default">Straßen und Wege</h1>				</div>
				</div>
				<div class="elementor-element elementor-element-9a2afe7 elementor-widget elementor-widget-text-editor" data-id="9a2afe7" data-element_type="widget" data-e-type="widget" data-widget_type="text-editor.default">
				<div class="elementor-widget-container">
									<p>Die Gemeinde Adendorf unterhält knapp 60 km Straßennetz. Dazu gehören ebenso die Unterhaltung der Straßenbeleuchtung und der Entwässerungsanlagen sowie der Winterdienst.</p>								</div>
				</div>
				<div class="elementor-element elementor-element-23dc48c my-hidden elementor-widget elementor-widget-image" data-id="23dc48c" data-element_type="widget" data-e-type="widget" data-widget_type="image.default">
				<div class="elementor-widget-container">
															<img fetchpriority="high" decoding="async" width="750" height="390" src="https://www.adendorf.de/1/wp-content/uploads/2019/03/street-map-2679271_1920-Platzhalter-1024x532.jpg" class="attachment-large size-large wp-image-570" alt="" srcset="https://www.adendorf.de/1/wp-content/uploads/2019/03/street-map-2679271_1920-Platzhalter-1024x532.jpg 1024w, https://www.adendorf.de/1/wp-content/uploads/2019/03/street-map-2679271_1920-Platzhalter-300x156.jpg 300w, https://www.adendorf.de/1/wp-content/uploads/2019/03/street-map-2679271_1920-Platzhalter-768x399.jpg 768w, https://www.adendorf.de/1/wp-content/uploads/2019/03/street-map-2679271_1920-Platzhalter.jpg 1920w" sizes="(max-width: 750px) 100vw, 750px" />															</div>
				</div>
					</div>
		</div>
					</div>
		</section>
				<section class="elementor-section elementor-top-section elementor-element elementor-element-2369487 elementor-section-boxed elementor-section-height-default elementor-section-height-default" data-id="2369487" data-element_type="section" data-e-type="section">
						<div class="elementor-container elementor-column-gap-default">
					<div class="elementor-column elementor-col-100 elementor-top-column elementor-element elementor-element-3119240" data-id="3119240" data-element_type="column" data-e-type="column">
			<div class="elementor-widget-wrap">
							</div>
		</div>
					</div>
		</section>
				</div>

<p>Straßen und Wege Die Gemeinde Adendorf unterhält knapp 60 km Straßennetz. Dazu gehören ebenso die Unterhaltung der Straßenbeleuchtung und der Entwässerungsanlagen sowie der Winterdienst.</p>

Straßen und Wege Die Gemeinde Adendorf unterhält knapp 60 km Straßennetz. Dazu gehören ebenso die Unterhaltung der Straßenbeleuchtung und der Entwässerungsanlagen sowie der Winterdienst.
