{"id":6038,"date":"2023-06-30T09:55:05","date_gmt":"2023-06-30T07:55:05","guid":{"rendered":"https:\/\/www.adendorf.de\/1\/?page_id=6038"},"modified":"2023-07-06T13:52:10","modified_gmt":"2023-07-06T11:52:10","slug":"ehrenbuch","status":"publish","type":"page","link":"https:\/\/www.adendorf.de\/1\/buergerservice\/ehrenbuch\/","title":{"rendered":"Ehrenbuch"},"content":{"rendered":"\t\t<div data-elementor-type=\"wp-post\" data-elementor-id=\"6038\" class=\"elementor elementor-6038\">\n\t\t\t\t\t\t<section class=\"elementor-section elementor-top-section elementor-element elementor-element-c2f7f08 elementor-section-boxed elementor-section-height-default elementor-section-height-default\" data-id=\"c2f7f08\" data-element_type=\"section\" data-e-type=\"section\">\n\t\t\t\t\t\t<div class=\"elementor-container elementor-column-gap-default\">\n\t\t\t\t\t<div class=\"elementor-column elementor-col-100 elementor-top-column elementor-element elementor-element-e457627\" data-id=\"e457627\" data-element_type=\"column\" data-e-type=\"column\">\n\t\t\t<div class=\"elementor-widget-wrap elementor-element-populated\">\n\t\t\t\t\t\t<div class=\"elementor-element elementor-element-58c908a elementor-widget elementor-widget-heading\" data-id=\"58c908a\" data-element_type=\"widget\" data-e-type=\"widget\" data-widget_type=\"heading.default\">\n\t\t\t\t<div class=\"elementor-widget-container\">\n\t\t\t\t\t<h1 class=\"elementor-heading-title elementor-size-default\">Ehrenbuch der Gemeinde Adendorf<\/h1>\t\t\t\t<\/div>\n\t\t\t\t<\/div>\n\t\t\t\t<div class=\"elementor-element elementor-element-9cba196 elementor-widget elementor-widget-text-editor\" data-id=\"9cba196\" data-element_type=\"widget\" data-e-type=\"widget\" data-widget_type=\"text-editor.default\">\n\t\t\t\t<div class=\"elementor-widget-container\">\n\t\t\t\t\t\t\t\t\t<p>Seit mehr als 20 Jahren zeichnet die Gemeinde Adendorf besonders verdiente B\u00fcrgerinnen und B\u00fcrger durch eine Eintragung in das Ehrenbuch aus. Es ist die h\u00f6chste Ehrung, die die Gemeinde Adendorf vergibt.<\/p><p><\/p><p>Eine chronologische Auflistung aller bereits in das Ehrenbuch eingetragenen Personen k\u00f6nnen Sie dem unten dargestellten Register entnehmen.<\/p>\t\t\t\t\t\t\t\t<\/div>\n\t\t\t\t<\/div>\n\t\t\t\t\t<\/div>\n\t\t<\/div>\n\t\t\t\t\t<\/div>\n\t\t<\/section>\n\t\t\t\t<section class=\"elementor-section elementor-top-section elementor-element elementor-element-19582f7 elementor-section-boxed elementor-section-height-default elementor-section-height-default\" data-id=\"19582f7\" data-element_type=\"section\" data-e-type=\"section\">\n\t\t\t\t\t\t<div class=\"elementor-container elementor-column-gap-default\">\n\t\t\t\t\t<div class=\"elementor-column elementor-col-100 elementor-top-column elementor-element elementor-element-17d7e7d\" data-id=\"17d7e7d\" data-element_type=\"column\" data-e-type=\"column\">\n\t\t\t<div class=\"elementor-widget-wrap elementor-element-populated\">\n\t\t\t\t\t\t<div class=\"elementor-element elementor-element-0672862 elementor-widget elementor-widget-shortcode\" data-id=\"0672862\" data-element_type=\"widget\" data-e-type=\"widget\" data-widget_type=\"shortcode.default\">\n\t\t\t\t<div class=\"elementor-widget-container\">\n\t\t\t\t\t\t\t<div class=\"elementor-shortcode\"><\/div>\n\t\t\t\t\t\t<\/div>\n\t\t\t\t<\/div>\n\t\t\t\t\t<\/div>\n\t\t<\/div>\n\t\t\t\t\t<\/div>\n\t\t<\/section>\n\t\t\t\t<section class=\"elementor-section elementor-top-section elementor-element elementor-element-7a6b852 elementor-section-boxed elementor-section-height-default elementor-section-height-default\" data-id=\"7a6b852\" data-element_type=\"section\" data-e-type=\"section\">\n\t\t\t\t\t\t<div class=\"elementor-container elementor-column-gap-default\">\n\t\t\t\t\t<div class=\"elementor-column elementor-col-100 elementor-top-column elementor-element elementor-element-e122d40\" data-id=\"e122d40\" data-element_type=\"column\" data-e-type=\"column\">\n\t\t\t<div class=\"elementor-widget-wrap elementor-element-populated\">\n\t\t\t\t\t\t<div class=\"elementor-element elementor-element-d50cf71 elementor-widget elementor-widget-text-editor\" data-id=\"d50cf71\" data-element_type=\"widget\" data-e-type=\"widget\" data-widget_type=\"text-editor.default\">\n\t\t\t\t<div class=\"elementor-widget-container\">\n\t\t\t\t\t\t\t\t\t<p><\/p>\t\t\t\t\t\t\t\t<\/div>\n\t\t\t\t<\/div>\n\t\t\t\t\t<\/div>\n\t\t<\/div>\n\t\t\t\t\t<\/div>\n\t\t<\/section>\n\t\t\t\t<\/div>\n\t\t","protected":false},"excerpt":{"rendered":"<p>Ehrenbuch der Gemeinde Adendorf Seit mehr als 20 Jahren zeichnet die Gemeinde Adendorf besonders verdiente B\u00fcrgerinnen und B\u00fcrger durch eine Eintragung in das Ehrenbuch aus. Es ist die h\u00f6chste Ehrung, die die Gemeinde Adendorf vergibt. Eine chronologische Auflistung aller bereits in das Ehrenbuch eingetragenen Personen k\u00f6nnen Sie dem unten dargestellten [&hellip;]<\/p>\n","protected":false},"author":1,"featured_media":0,"parent":274,"menu_order":0,"comment_status":"closed","ping_status":"closed","template":"page-templates\/template-pagebuilder-full-width.php","meta":{"footnotes":""},"class_list":["post-6038","page","type-page","status-publish","hentry"],"publishpress_future_workflow_manual_trigger":{"enabledWorkflows":[]},"rttpg_featured_image_url":null,"rttpg_author":{"display_name":"Adendorf","author_link":"https:\/\/www.adendorf.de\/1\/author\/marco-brede\/"},"rttpg_comment":0,"rttpg_category":null,"rttpg_excerpt":"Ehrenbuch der Gemeinde Adendorf Seit mehr als 20 Jahren zeichnet die Gemeinde Adendorf besonders verdiente B\u00fcrgerinnen und B\u00fcrger durch eine Eintragung in das Ehrenbuch aus. Es ist die h\u00f6chste Ehrung, die die Gemeinde Adendorf vergibt. Eine chronologische Auflistung aller bereits in das Ehrenbuch eingetragenen Personen k\u00f6nnen Sie dem unten dargestellten [&hellip;]","_links":{"self":[{"href":"https:\/\/www.adendorf.de\/1\/wp-json\/wp\/v2\/pages\/6038","targetHints":{"allow":["GET"]}}],"collection":[{"href":"https:\/\/www.adendorf.de\/1\/wp-json\/wp\/v2\/pages"}],"about":[{"href":"https:\/\/www.adendorf.de\/1\/wp-json\/wp\/v2\/types\/page"}],"author":[{"embeddable":true,"href":"https:\/\/www.adendorf.de\/1\/wp-json\/wp\/v2\/users\/1"}],"replies":[{"embeddable":true,"href":"https:\/\/www.adendorf.de\/1\/wp-json\/wp\/v2\/comments?post=6038"}],"version-history":[{"count":17,"href":"https:\/\/www.adendorf.de\/1\/wp-json\/wp\/v2\/pages\/6038\/revisions"}],"predecessor-version":[{"id":6073,"href":"https:\/\/www.adendorf.de\/1\/wp-json\/wp\/v2\/pages\/6038\/revisions\/6073"}],"up":[{"embeddable":true,"href":"https:\/\/www.adendorf.de\/1\/wp-json\/wp\/v2\/pages\/274"}],"wp:attachment":[{"href":"https:\/\/www.adendorf.de\/1\/wp-json\/wp\/v2\/media?parent=6038"}],"curies":[{"name":"wp","href":"https:\/\/api.w.org\/{rel}","templated":true}]}}

<div data-elementor-type="wp-post" data-elementor-id="6038" class="elementor elementor-6038">
						<section class="elementor-section elementor-top-section elementor-element elementor-element-c2f7f08 elementor-section-boxed elementor-section-height-default elementor-section-height-default" data-id="c2f7f08" data-element_type="section" data-e-type="section">
						<div class="elementor-container elementor-column-gap-default">
					<div class="elementor-column elementor-col-100 elementor-top-column elementor-element elementor-element-e457627" data-id="e457627" data-element_type="column" data-e-type="column">
			<div class="elementor-widget-wrap elementor-element-populated">
						<div class="elementor-element elementor-element-58c908a elementor-widget elementor-widget-heading" data-id="58c908a" data-element_type="widget" data-e-type="widget" data-widget_type="heading.default">
				<div class="elementor-widget-container">
					<h1 class="elementor-heading-title elementor-size-default">Ehrenbuch der Gemeinde Adendorf</h1>				</div>
				</div>
				<div class="elementor-element elementor-element-9cba196 elementor-widget elementor-widget-text-editor" data-id="9cba196" data-element_type="widget" data-e-type="widget" data-widget_type="text-editor.default">
				<div class="elementor-widget-container">
									<p>Seit mehr als 20 Jahren zeichnet die Gemeinde Adendorf besonders verdiente Bürgerinnen und Bürger durch eine Eintragung in das Ehrenbuch aus. Es ist die höchste Ehrung, die die Gemeinde Adendorf vergibt.</p><p></p><p>Eine chronologische Auflistung aller bereits in das Ehrenbuch eingetragenen Personen können Sie dem unten dargestellten Register entnehmen.</p>								</div>
				</div>
					</div>
		</div>
					</div>
		</section>
				<section class="elementor-section elementor-top-section elementor-element elementor-element-19582f7 elementor-section-boxed elementor-section-height-default elementor-section-height-default" data-id="19582f7" data-element_type="section" data-e-type="section">
						<div class="elementor-container elementor-column-gap-default">
					<div class="elementor-column elementor-col-100 elementor-top-column elementor-element elementor-element-17d7e7d" data-id="17d7e7d" data-element_type="column" data-e-type="column">
			<div class="elementor-widget-wrap elementor-element-populated">
						<div class="elementor-element elementor-element-0672862 elementor-widget elementor-widget-shortcode" data-id="0672862" data-element_type="widget" data-e-type="widget" data-widget_type="shortcode.default">
				<div class="elementor-widget-container">
							<div class="elementor-shortcode"></div>
						</div>
				</div>
					</div>
		</div>
					</div>
		</section>
				<section class="elementor-section elementor-top-section elementor-element elementor-element-7a6b852 elementor-section-boxed elementor-section-height-default elementor-section-height-default" data-id="7a6b852" data-element_type="section" data-e-type="section">
						<div class="elementor-container elementor-column-gap-default">
					<div class="elementor-column elementor-col-100 elementor-top-column elementor-element elementor-element-e122d40" data-id="e122d40" data-element_type="column" data-e-type="column">
			<div class="elementor-widget-wrap elementor-element-populated">
						<div class="elementor-element elementor-element-d50cf71 elementor-widget elementor-widget-text-editor" data-id="d50cf71" data-element_type="widget" data-e-type="widget" data-widget_type="text-editor.default">
				<div class="elementor-widget-container">
									<p></p>								</div>
				</div>
					</div>
		</div>
					</div>
		</section>
				</div>

<p>Ehrenbuch der Gemeinde Adendorf Seit mehr als 20 Jahren zeichnet die Gemeinde Adendorf besonders verdiente Bürgerinnen und Bürger durch eine Eintragung in das Ehrenbuch aus. Es ist die höchste Ehrung, die die Gemeinde Adendorf vergibt. Eine chronologische Auflistung aller bereits in das Ehrenbuch eingetragenen Personen können Sie dem unten dargestellten [&hellip;]</p>

Ehrenbuch der Gemeinde Adendorf Seit mehr als 20 Jahren zeichnet die Gemeinde Adendorf besonders verdiente Bürgerinnen und Bürger durch eine Eintragung in das Ehrenbuch aus. Es ist die höchste Ehrung, die die Gemeinde Adendorf vergibt. Eine chronologische Auflistung aller bereits in das Ehrenbuch eingetragenen Personen können Sie dem unten dargestellten [&hellip;]
