{"id":628,"date":"2019-04-02T11:54:48","date_gmt":"2019-04-02T09:54:48","guid":{"rendered":"http:\/\/www.adendorf.de\/1\/?page_id=628"},"modified":"2024-06-28T10:23:17","modified_gmt":"2024-06-28T08:23:17","slug":"verwaltungsstruktur","status":"publish","type":"page","link":"https:\/\/www.adendorf.de\/1\/verwaltung\/verwaltungsstruktur\/","title":{"rendered":"Verwaltungsstruktur"},"content":{"rendered":"\t\t<div data-elementor-type=\"wp-post\" data-elementor-id=\"628\" class=\"elementor elementor-628\">\n\t\t\t\t\t\t<section class=\"elementor-section elementor-top-section elementor-element elementor-element-9e8dea6 elementor-section-boxed elementor-section-height-default elementor-section-height-default\" data-id=\"9e8dea6\" data-element_type=\"section\" data-e-type=\"section\">\n\t\t\t\t\t\t<div class=\"elementor-container elementor-column-gap-default\">\n\t\t\t\t\t<div class=\"elementor-column elementor-col-100 elementor-top-column elementor-element elementor-element-adbebd8\" data-id=\"adbebd8\" data-element_type=\"column\" data-e-type=\"column\">\n\t\t\t<div class=\"elementor-widget-wrap elementor-element-populated\">\n\t\t\t\t\t\t<div class=\"elementor-element elementor-element-5705f37 elementor-widget elementor-widget-heading\" data-id=\"5705f37\" data-element_type=\"widget\" data-e-type=\"widget\" data-widget_type=\"heading.default\">\n\t\t\t\t<div class=\"elementor-widget-container\">\n\t\t\t\t\t<h1 class=\"elementor-heading-title elementor-size-default\">Verwaltungsstruktur<\/h1>\t\t\t\t<\/div>\n\t\t\t\t<\/div>\n\t\t\t\t<div class=\"elementor-element elementor-element-46e2ea7 elementor-widget elementor-widget-text-editor\" data-id=\"46e2ea7\" data-element_type=\"widget\" data-e-type=\"widget\" data-widget_type=\"text-editor.default\">\n\t\t\t\t<div class=\"elementor-widget-container\">\n\t\t\t\t\t\t\t\t\t<p><strong>Download:<\/strong> <a href=\"https:\/\/www.adendorf.de\/1\/wp-content\/uploads\/2024\/01\/Verwaltungsgliederungsplan.pdf\" target=\"_blank\" rel=\"noopener\">Verwaltungsgliederung der Gemeinde Adendorf (PDF)<\/a><\/p>\t\t\t\t\t\t\t\t<\/div>\n\t\t\t\t<\/div>\n\t\t\t\t<div class=\"elementor-element elementor-element-db2ba0e elementor-widget elementor-widget-text-editor\" data-id=\"db2ba0e\" data-element_type=\"widget\" data-e-type=\"widget\" data-widget_type=\"text-editor.default\">\n\t\t\t\t<div class=\"elementor-widget-container\">\n\t\t\t\t\t\t\t\t\t<p>Die Verwaltung der Gemeinde Adendorf gliedert sich wie folgt:<\/p>\t\t\t\t\t\t\t\t<\/div>\n\t\t\t\t<\/div>\n\t\t\t\t<div class=\"elementor-element elementor-element-48ba9eb elementor-widget elementor-widget-html\" data-id=\"48ba9eb\" data-element_type=\"widget\" data-e-type=\"widget\" data-widget_type=\"html.default\">\n\t\t\t\t<div class=\"elementor-widget-container\">\n\t\t\t\t\t\r\n<style>\r\n\tth {background-color: #bbb;\r\n\t\tpadding-left: 5px !important;}\r\n\ttd {padding-left: 5px !important;\r\n\t\tfont-size: 0.9em;}\r\n\ttr:hover {background-color: rgba(255,247,0,0.5);}\r\n<\/style>\r\n\r\n<table>\r\n\t<tr>\r\n\t\t<th colspan=4>B\u00fcrgermeister<\/th>\r\n\t<\/tr>\r\n\t<tr>\r\n\t\t<td>B\u00fcrgermeister<\/td>\r\n\t\t<td>Thomas Maack<\/td>\r\n\t\t<td><a href=\"tel:04131980921\">04131 98 09 - 21<\/a><\/td>\r\n\t\t<td><a href=\"&#109;&#x61;&#105;&#x6c;t&#x6f;:&#116;&#x68;&#111;&#x6d;&#97;&#x73;&#46;&#x6d;a&#97;&#x63;&#107;&#x40;a&#x64;e&#x6e;&#x64;&#111;&#x72;&#102;&#x2e;d&#x65;\">&#116;&#x68;&#x6f;m&#97;&#x73;&#46;&#109;&#x61;&#x61;c&#107;&#x40;a&#100;&#x65;&#x6e;d&#111;&#x72;f&#46;&#x64;&#x65;<\/a><\/td>\r\n\t<\/tr>\r\n\t<tr>\r\n\t\t<td>Allgemeiner Stellvertreter des B\u00fcrgermeisters<\/td>\r\n\t\t<td>Matthias Gierke<\/td>\r\n\t\t<td><a href=\"tel:04131980931\">04131 98 09 - 31<\/a><\/td>\r\n\t\t<td><a href=\"ma&#105;&#108;&#116;&#x6f;&#x3a;&#x6d;&#x61;tt&#104;&#105;&#97;&#x73;&#x2e;&#x67;&#x69;er&#107;&#101;&#64;&#x61;&#x64;&#x65;&#x6e;do&#114;&#102;&#46;&#x64;&#x65;\">m&#97;&#116;&#116;&#x68;&#x69;&#x61;s&#46;&#103;&#105;&#x65;&#x72;&#x6b;&#x65;&#64;a&#100;&#101;&#x6e;&#x64;&#x6f;&#x72;f&#46;&#100;&#101;<\/a><\/td>\r\n\t<\/tr>\r\n\t\r\n\t<!-- --------- Klimaschutzmanager ---------->\r\n\t<tr>\r\n\t\t<th colspan=4>Klimaschutzmanager<\/th>\r\n\t<\/tr>\r\n\t<tr>\r\n\t\t<td>Klimaschutzmanager, Kommunale W\u00e4rmeplanung<\/td>\r\n\t\t<td>Thore L\u00fctjohann<\/td>\r\n\t\t<td><a href=\"tel:04131980942\">04131 98 09 - 42<\/a><\/td>\r\n\t\t<td><a href=\"&#109;&#x61;&#x69;l&#116;&#x6f;&#x3a;t&#104;&#x6f;r&#101;&#x2e;&#x6c;u&#101;&#x74;j&#111;&#x68;&#x61;n&#110;&#x40;&#x61;&#100;&#x65;&#x6e;d&#111;&#x72;&#x66;&#46;&#100;&#x65;\">t&#104;&#111;&#x72;&#x65;&#46;&#108;&#117;&#x65;&#x74;&#x6a;o&#104;&#97;&#x6e;&#x6e;&#64;a&#100;&#x65;&#x6e;&#x64;o&#114;&#102;&#x2e;&#x64;e<\/a><\/td>\r\n\t<\/tr>\r\n\t\r\n\t\r\n\t<!-- ----Fachbereich I----------- -->\r\n\t<tr>\r\n\t\t<th colspan=4>Fachbereich I - Personal und Interner Service<\/th>\r\n\t<\/tr>\r\n\t<tr>\r\n\t\t<td>Fachbereichsleiter<\/td>\r\n\t\t<td>Tim Conrad<\/td>\r\n\t\t<td><a href=\"tel:04131980923\">04131 98 09 - 23<\/a><\/td>\r\n\t\t<td><a href=\"mailto:tim&#46;conrad&#64;adendo&#114;&#102;&#46;&#100;&#101;\">&#116;&#x69;&#109;&#x2e;c&#111;&#x6e;&#114;&#x61;d&#x40;a&#100;&#x65;&#110;&#x64;o&#x72;&#x66;&#46;&#x64;e<\/a><\/td>\r\n\t<\/tr>\r\n\t<tr>\r\n\t\t<td>Personalwesen<\/td>\r\n\t\t<td>Ulrike Sieber<\/td>\r\n\t\t<td><a href=\"tel:04131980935\">04131 98 09 - 35<\/a><\/td>\r\n\t\t<td><a href=\"&#x6d;&#x61;&#x69;&#x6c;&#116;&#111;&#58;ul&#x72;&#x69;&#x6b;&#x65;&#x2e;&#115;&#105;&#101;be&#x72;&#x40;&#x61;&#x64;&#x65;&#110;&#100;&#111;rf&#x2e;&#x64;&#x65;\">&#x75;&#108;r&#x69;&#107;e&#x2e;&#115;i&#x65;&#x62;&#101;&#x72;&#x40;&#97;d&#x65;&#110;d&#x6f;&#114;f&#x2e;&#x64;&#101;<\/a><\/td>\r\n\t<\/tr>\r\n\t<tr>\r\n\t\t<td>Personalservice<\/td>\r\n\t\t<td>Maja M&uuml;ller<\/td>\r\n\t\t<td><a href=\"tel:04131980938\">04131 98 09 - 38<\/a><\/td>\r\n\t\t<td><a href=\"m&#97;&#x69;&#x6c;t&#111;&#58;&#x6d;&#x61;j&#97;&#x2e;&#x6d;u&#101;&#108;&#x6c;&#x65;r&#64;&#x61;&#x64;e&#110;&#100;&#x6f;&#x72;f&#46;&#x64;&#x65;\">m&#97;&#106;&#x61;&#x2e;&#x6d;u&#101;&#108;&#x6c;&#x65;&#x72;&#64;a&#100;&#x65;&#x6e;&#x64;or&#102;&#46;&#x64;&#x65;<\/a><\/td>\r\n\t<\/tr>\r\n\t<tr>\r\n\t\t<td>Sport-, Freizeit- und Kultureinrichtungen und Ratsarbeit<\/td>\r\n\t\t<td>Sabrina Freudenberg<\/td>\r\n\t\t<td><a href=\"tel:04131980934\">04131 98 09 - 34<\/a><\/td>\r\n\t\t<td><a href=\"&#x6d;&#x61;&#x69;&#x6c;&#x74;&#x6f;&#58;&#115;&#97;&#98;rina&#x2e;&#x66;&#x72;&#x65;&#x75;&#x64;&#101;&#110;&#98;&#101;&#114;g&#64;a&#x64;&#x65;&#x6e;&#x64;&#x6f;&#x72;&#102;&#46;&#100;&#101;\">&#x73;&#x61;&#x62;&#x72;&#x69;&#x6e;&#x61;&#46;&#102;&#114;&#101;&#117;denb&#x65;&#x72;&#x67;&#x40;&#x61;&#x64;&#x65;&#x6e;&#100;&#111;&#114;&#102;&#46;de<\/a><\/td>\r\n\t<\/tr>\r\n\t<tr>\r\n\t\t<td>Sekretariat BM, Ratsb\u00fcro und Partnerschaft Wongrowitz (Polen)<\/td>\r\n\t\t<td>Karin Czentarra<\/td>\r\n\t\t<td><a href=\"tel:04131980922\">04131 98 09 - 22<\/a><\/td>\r\n\t\t<td><a href=\"&#x6d;&#97;&#x69;&#x6c;&#116;&#x6f;&#58;k&#x61;&#114;i&#x6e;&#46;c&#x7a;&#101;n&#x74;&#97;&#x72;&#x72;&#97;&#x40;&#x61;&#100;&#x65;&#110;d&#x6f;&#114;f&#x2e;&#100;e\">&#x6b;&#97;r&#x69;&#110;&#46;&#x63;&#122;e&#x6e;&#x74;&#97;&#x72;&#x72;&#97;&#64;&#x61;&#100;e&#x6e;&#100;o&#x72;&#x66;&#46;&#x64;&#x65;<\/a><\/td>\r\n\t<\/tr>\r\n\t\r\n\t<tr>\r\n\t\t<td>Versicherungen, Spenden, Tourismus, Gartenwasserz&auml;hler, Zentrale<\/td>\r\n\t\t<td>Benjamin Illner<\/td>\r\n\t\t<td><a href=\"tel:04131980948\">04131 98 09 - 48<\/a><\/td>\r\n\t\t<td><a href=\"&#x6d;&#97;i&#x6c;&#x74;&#111;:&#x62;&#x65;&#110;j&#x61;&#x6d;&#105;n&#x2e;&#x69;&#108;l&#x6e;&#101;&#114;&#64;&#x61;&#100;e&#x6e;&#x64;&#111;r&#x66;&#x2e;&#100;e\">&#x62;&#x65;&#110;&#106;a&#x6d;&#x69;&#x6e;&#46;&#105;l&#x6c;&#x6e;&#x65;&#114;&#64;a&#x64;&#x65;&#x6e;&#100;&#111;r&#x66;&#x2e;&#x64;&#101;<\/a><\/td>\r\n\t<\/tr>\r\n\r\n\t<tr>\r\n\t\t<td>Zentrale<\/td>\r\n\t\t<td>Asmaa Barakat<\/td>\r\n\t\t<td><a href=\"tel:04131980910\">04131 98 09 - 10<\/a><\/td>\r\n\t\t<td><a href=\"&#x6d;&#x61;&#x69;&#x6c;&#x74;&#x6f;&#x3a;&#x69;&#x6e;&#x66;&#x6f;&#x40;&#x61;&#x64;&#101;&#110;&#100;&#111;&#114;&#102;&#46;&#100;&#101;\">inf&#111;&#64;&#97;&#x64;&#x65;&#x6e;&#x64;&#x6f;&#x72;f&#46;d&#101;<\/a><\/td>\r\n\t<\/tr>\r\n\t<tr>\r\n\t\t<td>EDV, IT-Administration<\/td>\r\n\t\t<td>N.N.<\/td>\r\n\t\t<td>&nbsp;<\/td>\r\n\t\t<td>&nbsp;<\/td>\r\n\t<\/tr>\r\n\t\r\n\t<tr>\r\n\t\t<td>Kultur und Interner Service, Serenade<\/td>\r\n\t\t<td>Susanne Schr&ouml;der<\/td>\r\n\t\t<td><a href=\"tel:04131980945\">04131 98 09 - 45<\/a><\/td>\r\n\t\t<td><a href=\"&#x6d;&#x61;&#105;lt&#x6f;&#x3a;&#115;&#117;s&#x61;&#x6e;&#110;&#101;&#46;&#x73;&#x63;&#x68;&#114;oe&#x64;&#x65;&#114;&#64;a&#x64;&#x65;&#110;&#100;o&#x72;&#x66;&#46;&#100;e\">&#x73;&#117;&#x73;&#97;n&#x6e;&#101;&#46;&#x73;&#99;&#x68;&#x72;o&#x65;&#100;e&#x72;&#64;&#x61;&#x64;e&#x6e;&#100;o&#x72;&#102;&#46;&#x64;&#101;<\/a><\/td>\r\n\t<\/tr>\r\n\t\r\n\t<!-- ----Fachbereich II---------- -->\r\n\t<tr>\r\n\t\t<th colspan=4>Fachbereich II - Finanzen und Abgaben<\/th>\r\n\t<\/tr>\r\n\t<tr>\r\n\t\t<td>Fachbereichsleiter<\/td>\r\n\t\t<td>Matthias Gierke<\/td>\r\n\t\t<td><a href=\"tel:04131980931\">04131 98 09 - 31<\/a><\/td>\r\n\t\t<td><a href=\"&#109;&#x61;i&#x6c;&#x74;&#111;&#x3a;m&#x61;&#x74;&#116;&#x68;i&#x61;&#x73;&#46;&#x67;i&#x65;&#x72;&#107;&#x65;&#64;&#x61;&#x64;&#101;&#x6e;d&#x6f;&#x72;&#102;&#x2e;d&#x65;\">m&#97;&#x74;&#x74;&#x68;i&#97;&#115;&#x2e;&#x67;i&#101;&#114;&#x6b;&#x65;&#64;a&#100;&#x65;&#x6e;&#x64;o&#114;&#x66;&#x2e;&#x64;e<\/a><\/td>\r\n\t<\/tr>\r\n\t<tr>\r\n\t\t<td>Controlling<\/td>\r\n\t\t<td>Marco Brede<\/td>\r\n\t\t<td><a href=\"tel:04131980932\">04131 98 09 - 32<\/a><\/td>\r\n\t\t<td><a href=\"&#109;&#x61;&#105;&#x6c;&#116;&#x6f;:&#x6d;a&#x72;c&#111;&#x2e;&#98;&#x72;&#101;&#x64;&#101;&#x40;a&#x64;e&#x6e;d&#111;&#x72;&#102;&#x2e;&#100;&#x65;\">m&#97;&#x72;&#x63;o&#46;&#x62;&#x72;e&#100;&#101;&#x40;&#x61;d&#101;&#x6e;&#x64;o&#114;&#x66;&#x2e;d&#101;<\/a><\/td>\r\n\t<\/tr>\r\n\t\r\n\t<tr>\r\n\t\t<td>Steuern und Abgaben<\/td>\r\n\t\t<td>Julia Renz<\/td>\r\n\t\t<td><a href=\"tel:04131980924\">04131 98 09 - 24<\/a><\/td>\r\n\t\t<td><a href=\"m&#97;&#x69;&#x6c;t&#111;&#58;&#x6a;&#x75;l&#105;&#97;&#x2e;&#x72;e&#110;&#x7a;&#x40;&#x61;d&#101;&#x6e;&#x64;o&#114;&#102;&#x2e;&#x64;e\">&#x6a;&#x75;&#108;&#105;a&#x2e;&#x72;&#x65;&#110;&#122;&#64;&#x61;&#x64;&#x65;&#110;&#100;o&#x72;&#x66;&#x2e;&#100;&#101;<\/a><\/td>\r\n\t<\/tr>\r\n\t\r\n\t<tr>\r\n\t\t<td>K\u00e4mmerei<\/td>\r\n\t\t<td>Juliane Prien<\/td>\r\n\t\t<td><a href=\"tel:04131980949\">04131 98 09 - 49<\/a><\/td>\r\n\t\t<td><a href=\"m&#97;&#105;&#x6c;&#x74;o:&#106;&#117;&#x6c;&#x69;an&#101;&#46;&#x70;&#x72;ie&#110;&#x40;&#x61;&#x64;e&#110;&#100;&#x6f;&#x72;&#x66;&#46;&#100;&#101;\">&#x6a;&#x75;&#x6c;&#x69;&#x61;&#x6e;&#x65;&#x2e;&#x70;&#x72;&#x69;&#x65;&#x6e;&#x40;&#x61;&#x64;&#x65;&#x6e;&#x64;&#x6f;&#x72;&#x66;&#x2e;&#x64;&#x65;<\/a><\/td>\r\n\t<\/tr>\r\n\r\n\t<tr>\r\n\t\t<td>Leiterin der Gemeindekasse<\/td>\r\n\t\t<td>Renate G\u00e4de<\/td>\r\n\t\t<td><a href=\"tel:04131980916\">04131 98 09 - 16<\/a><\/td>\r\n\t\t<td><a href=\"&#109;a&#105;l&#116;o&#x3a;r&#x65;n&#x61;t&#x65;&#46;&#x67;a&#x65;d&#x65;&#64;&#x61;d&#x65;n&#x64;&#111;&#x72;&#102;&#x2e;&#100;&#x65;\">&#x72;&#x65;&#110;a&#x74;&#x65;&#46;&#103;a&#x65;&#x64;&#101;&#64;a&#x64;&#x65;&#110;do&#x72;&#x66;&#46;d&#x65;<\/a><\/td>\r\n\t<\/tr>\r\n\t<tr>\r\n\t\t<td>Gemeindekasse<\/td>\r\n\t\t<td>Patrik Hannemann<\/td>\r\n\t\t<td><a href=\"tel:04131980917\">04131 98 09 - 17<\/a><\/td>\r\n\t\t<td><a href=\"&#109;a&#105;l&#116;o&#x3a;p&#x61;t&#x72;i&#x6b;&#46;&#x68;a&#x6e;n&#x65;m&#x61;n&#x6e;&#64;&#x61;&#100;&#x65;&#110;&#x64;&#111;&#x72;&#102;&#x2e;&#100;&#x65;\">&#112;&#x61;&#116;&#x72;&#105;&#x6b;&#46;&#x68;a&#x6e;n&#101;&#x6d;&#97;&#x6e;&#110;&#x40;&#97;&#x64;e&#x6e;d&#x6f;r&#102;&#x2e;&#100;&#x65;<\/a><\/td>\r\n\t<\/tr>\r\n\t\r\n\t\r\n\t<!-- ----Fachbereich III---------- -->\r\n\t<tr>\r\n\t\t<th colspan=4>\r\n\t\t\tFachbereich III - Ordnung und soziale Angelegenheiten<\/th>\r\n\t<\/tr>\r\n\t<tr>\r\n\t\t<td>Fachbereichsleiterin<\/td>\r\n\t\t<td>Frau Eddelb\u00fcttel<\/td>\r\n\t\t<td><a href=\"tel:04131980915\">04131 98 09 - 15<\/a><\/td>\r\n\t\t<td><a href=\"&#x6d;&#x61;&#105;&#108;t&#x6f;&#x3a;&#x73;&#46;ed&#x64;&#x65;&#108;&#98;u&#x65;&#x74;&#x74;&#101;l&#64;&#x61;&#x64;&#101;&#110;d&#x6f;&#x72;&#x66;&#46;de\">&#115;&#46;&#x65;d&#x64;e&#x6c;b&#x75;&#101;&#x74;&#116;&#x65;&#108;&#x40;&#97;d&#101;n&#x64;o&#x72;f&#x2e;&#100;&#x65;<\/a><\/td>\r\n\t<\/tr>\r\n\t<tr>\r\n\t\t<td>Allg. Ordnungsrecht, Wahlen, Obdachlosen- und Asylangelegenheiten<\/td>\r\n\t\t<td>Frau Fehling<\/td>\r\n\t\t<td><a href=\"tel:04131980911\">04131 98 09 - 11<\/a><\/td>\r\n\t\t<td><a href=\"ma&#105;&#108;&#116;&#111;&#x3a;&#x66;&#x65;&#x68;&#x6c;in&#103;&#64;&#97;&#100;&#x65;&#x6e;&#x64;&#x6f;&#x72;f&#46;&#100;&#101;\">&#x66;&#x65;&#104;l&#x69;&#x6e;&#103;&#64;a&#x64;&#x65;&#110;&#100;o&#x72;&#x66;&#46;de<\/a><\/td>\r\n\t<\/tr>\r\n\t<tr>\r\n\t\t<td>Jugend- und Seniorenarbeit<\/td>\r\n\t\t<td>Frau Schiller<\/td>\r\n\t\t<td><a href=\"tel:04131980946\">04131 98 09 - 46<\/a><\/td>\r\n\t\t<td><a href=\"&#109;a&#105;l&#116;o&#x3a;s&#x63;h&#x69;l&#x6c;e&#x72;&#64;&#x61;d&#x65;n&#x64;o&#x72;f&#x2e;&#100;&#x65;\">&#x73;&#x63;&#x68;&#x69;&#x6c;&#x6c;&#x65;&#x72;&#64;&#97;&#100;&#101;&#110;&#100;&#111;rf&#46;d&#x65;<\/a><\/td>\r\n\t<\/tr>\r\n\t<tr>\r\n\t\t<td>Kindertagesst\u00e4tten<\/td>\r\n\t\t<td>Frau Rie&szlig;<\/td>\r\n\t\t<td><a href=\"tel:04131980914\">04131 98 09 - 14<\/a><\/td>\r\n\t\t<td><a href=\"&#x6d;&#x61;&#x69;&#x6c;&#x74;&#x6f;&#x3a;&#x72;&#x69;&#x65;&#x73;&#x73;&#x40;&#x61;&#x64;&#x65;&#x6e;&#x64;&#x6f;&#x72;&#x66;&#x2e;&#100;&#101;\">riess&#64;ad&#101;&#110;&#100;&#111;&#114;&#102;&#46;&#100;&#101;<\/a><\/td>\r\n\t<\/tr>\r\n\t<tr>\r\n\t\t<td>Feuerwehrangelegenheiten, Katastrophenschutz<\/td>\r\n\t\t<td>Herr Bartels<\/td>\r\n\t\t<td><a href=\"tel:04131980925\">04131 98 09 - 25<\/a><\/td>\r\n\t\t<td><a href=\"mailto:b&#97;&#114;&#116;&#101;&#108;&#115;&#64;&#97;&#100;&#101;&#x6e;&#x64;&#x6f;&#x72;&#x66;&#x2e;&#x64;&#x65;\">&#x62;&#x61;&#114;te&#x6c;&#x73;&#64;&#97;d&#x65;&#x6e;&#100;&#111;r&#x66;&#x2e;&#x64;&#101;<\/a><\/td>\r\n\t<\/tr>\r\n\t<tr>\r\n\t\t<td>Genehmigungen, Gestattungen, Allg. Ordnungsangelegenheiten<\/td>\r\n\t\t<td>Frau Neben<\/td>\r\n\t\t<td><a href=\"tel:04131980912\">04131 98 09 - 12<\/a><\/td>\r\n\t\t<td><a href=\"ma&#105;&#108;&#116;&#x6f;&#x3a;&#x6e;&#x65;&#x62;en&#64;&#97;&#100;&#x65;&#x6e;&#x64;&#x6f;&#x72;f&#46;&#100;&#101;\">n&#101;&#x62;&#x65;&#x6e;&#64;&#97;&#100;&#x65;&#x6e;d&#111;&#114;&#x66;&#x2e;de<\/a><\/td>\r\n\t<\/tr>\r\n\t<tr>\r\n\t\t<td>Soziale Angelegenheiten, Asyl- und Obdach<\/td>\r\n\t\t<td>Frau Spielmann<\/td>\r\n\t\t<td>&nbsp;<\/td>\r\n\t\t<td>&nbsp;<\/td>\r\n\t<\/tr>\r\n\t<tr>\r\n\t\t<td>Gewerbe- und Einwohnermeldeamt<\/td>\r\n\t\t<td>Frau M\u00fcnzberg<\/td>\r\n\t\t<td><a href=\"tel:04131980918\">04131 98 09 - 18<\/a><\/td>\r\n\t\t<td><a href=\"&#x6d;a&#x69;l&#x74;&#111;&#x3a;&#109;u&#x65;n&#x7a;&#98;&#x65;&#114;&#x67;&#64;a&#x64;e&#x6e;&#100;&#x6f;&#114;&#x66;&#x2e;d&#x65;\">&#x6d;&#117;e&#x6e;&#x7a;&#98;e&#x72;&#103;&#64;&#x61;&#x64;&#101;n&#x64;&#111;r&#x66;&#x2e;&#100;e<\/a><\/td>\r\n\t<\/tr>\r\n\t<tr>\r\n\t\t<td>Gewerbe- und Einwohnermeldeamt<\/td>\r\n\t\t<td>Frau Himborn<\/td>\r\n\t\t<td><a href=\"tel:04131980919\">04131 98 09 - 19<\/a><\/td>\r\n\t\t<td><a href=\"m&#97;&#x69;&#x6c;t&#111;&#x3a;&#x68;i&#109;&#98;&#x6f;&#x72;n&#64;&#x61;&#x64;e&#110;&#x64;&#x6f;r&#102;&#46;&#x64;&#x65;\">&#x68;&#x69;&#x6d;&#x62;&#111;&#114;&#110;&#64;ade&#x6e;&#x64;&#x6f;&#x72;&#x66;&#46;&#100;&#101;<\/a><\/td>\r\n\t\t\r\n\t<\/tr>\r\n\r\n\t<tr>\r\n\t\t<td>\r\n\t\t\tStandesamt\r\n\t\t<\/td>\r\n\t\t<td>Herr Eddelb\u00fcttel<\/td>\r\n\t\t<td><a href=\"tel:04131980920\">04131 98 09 - 20<\/a><\/td>\r\n\t\t<td><a href=\"&#x6d;&#97;i&#x6c;&#x74;&#111;:&#x6a;&#46;e&#x64;&#x64;&#101;l&#x62;&#117;e&#x74;&#x74;&#101;l&#x40;&#x61;&#100;&#x65;&#x6e;&#100;o&#x72;&#x66;&#46;d&#x65;\">&#106;&#x2e;&#101;&#x64;&#100;&#x65;&#108;&#x62;u&#x65;t&#x74;e&#x6c;&#64;&#97;&#x64;&#101;&#x6e;&#100;&#x6f;&#114;&#x66;&#46;&#x64;e<\/a><\/td>\r\n\t<\/tr>\r\n\t\r\n\t\r\n\t<!-- ----Fachbereich IV ---------- -->\r\n\t<tr>\r\n\t\t<th colspan=4>Fachbereich IV - Bauen, Planung und Liegenschaften\r\n\t\t<\/th>\r\n\t<\/tr>\r\n\t<tr>\r\n\t\t<td>Fachbereichsleiter<\/td>\r\n\t\t<td>Christian Ninnemann<\/td>\r\n\t\t<td><a href=\"tel:04131980930\">04131 98 09 - 30<\/a><\/td>\r\n\t\t<td><a href=\"&#x6d;&#x61;&#x69;&#x6c;&#116;&#111;&#58;&#99;hri&#x73;&#x74;&#x69;&#x61;&#x6e;&#46;&#110;&#105;nne&#x6d;&#x61;&#x6e;&#x6e;&#x40;&#97;&#100;&#101;ndo&#x72;&#x66;&#x2e;&#x64;&#x65;\">&#x63;&#104;&#x72;&#x69;s&#x74;&#105;a&#x6e;&#46;n&#x69;&#110;&#x6e;&#x65;m&#x61;&#110;n&#x40;&#97;d&#x65;&#110;&#x64;&#x6f;&#114;&#x66;&#x2e;d&#x65;<\/a><\/td>\r\n\t<\/tr>\r\n\t<tr>\r\n\t\t<td>Erschlie\u00dfungsbeitr\u00e4ge, Bauantr\u00e4ge und Vorkaufsrechte<\/td>\r\n\t\t<td>N.N.<\/td>\r\n\t\t<td>&nbsp;<\/td>\r\n\t\t<td>&nbsp;<\/td>\r\n\t<\/tr>\r\n\t<tr>\r\n\t\t<td>Bauleitplanungen<\/td>\r\n\t\t<td>Anke Rudloff<\/td>\r\n\t\t<td><a href=\"tel:04131980926\">04131 98 09 - 26<\/a><\/td>\r\n\t\t<td><a href=\"&#109;&#x61;i&#108;&#x74;&#111;&#x3a;a&#110;&#x6b;e&#x2e;&#x72;&#117;&#x64;l&#111;&#x66;f&#x40;&#x61;&#100;&#x65;n&#100;&#x6f;&#114;&#x66;&#46;&#100;&#x65;\">&#97;&#x6e;&#107;&#x65;&#46;&#x72;u&#100;&#x6c;&#111;&#x66;f&#x40;a&#100;&#x65;&#110;&#x64;o&#x72;f&#46;&#x64;&#101;<\/a><\/td>\r\n\t<\/tr>\r\n\t<tr>\r\n\t\t<td>Stra\u00dfenbeleuchtung, Spielpl\u00e4tze, Baumschutz<\/td>\r\n\t\t<td>Enrique Elbers<\/td>\r\n\t\t<td><a href=\"tel:04131980944\">04131 98 09 - 44<\/a><\/td>\r\n\t\t<td><a href=\"m&#97;&#105;&#x6c;&#x74;&#x6f;:&#101;&#110;&#x72;&#x69;&#x71;ue&#46;&#x65;&#x6c;&#x62;er&#115;&#64;&#x61;&#x64;&#x65;n&#100;&#111;&#x72;&#x66;&#x2e;d&#101;\">e&#110;&#114;&#x69;&#x71;ue&#46;&#101;&#x6c;&#x62;er&#115;&#64;&#x61;&#x64;en&#100;&#x6f;&#x72;&#x66;&#46;&#100;&#101;<\/a><\/td>\r\n\t<\/tr>\r\n\t<tr>\r\n\t\t<td>Stra\u00dfenverkehrsangelegenheiten, Umweltschutz, Liegenschaften<\/td>\r\n\t\t<td>Tobias Fechner<\/td>\r\n\t\t<td><a href=\"tel:04131980927\">04131 98 09 - 27<\/a><\/td>\r\n\t\t<td><a href=\"&#109;&#x61;&#105;&#x6c;t&#111;&#x3a;&#116;&#x6f;b&#x69;a&#115;&#x2e;&#102;&#x65;c&#x68;&#x6e;&#101;&#x72;&#64;&#x61;d&#101;&#x6e;&#100;&#x6f;r&#x66;&#46;&#100;&#x65;\">&#116;&#x6f;&#x62;i&#97;&#x73;&#46;&#102;&#x65;&#x63;h&#110;&#x65;r&#64;&#x61;&#x64;e&#110;&#x64;o&#114;&#x66;&#x2e;&#100;&#101;<\/a><\/td>\r\n\t<\/tr>\r\n\t<tr>\r\n\t\t<td>Grundst\u00fccks- und Geb\u00e4udemanagement, Hochbau<\/td>\r\n\t\t<td>Jacek Franckowiak<\/td>\r\n\t\t<td><a href=\"tel:04131980939\">04131 98 09 - 39<\/a><\/td>\r\n\t\t<td><a href=\"&#x6d;&#97;&#x69;&#x6c;&#116;&#x6f;&#x3a;&#106;&#x61;&#x63;&#101;&#x6b;&#x2e;f&#x72;&#x61;n&#x63;&#107;o&#x77;&#105;a&#x6b;&#64;a&#x64;&#101;n&#x64;&#111;r&#x66;&#46;d&#x65;\">j&#97;&#99;&#x65;&#x6b;&#46;&#102;&#114;&#x61;&#x6e;&#x63;k&#111;&#119;&#x69;&#x61;k&#64;&#97;&#x64;&#x65;&#x6e;d&#111;&#114;&#x66;&#x2e;de<\/a><\/td>\r\n\t<\/tr>\r\n\t<tr>\r\n\t\t<td>Grundst\u00fccks- und Geb\u00e4udemanagement, Hochbau<\/td>\r\n\t\t<td>David Rausch<\/td>\r\n\t\t<td><a href=\"tel:04131980913\">04131 98 09 - 13<\/a><\/td>\r\n\t\t<td><a href=\"m&#97;&#105;&#108;&#x74;&#x6f;&#x3a;da&#118;&#105;&#x64;&#x2e;&#x72;&#x61;us&#99;&#104;&#x40;&#x61;&#x64;&#x65;n&#100;&#111;&#114;&#x66;&#x2e;&#x64;e\">&#x64;&#x61;&#x76;&#x69;&#100;&#46;&#114;&#97;usc&#x68;&#x40;&#x61;&#x64;&#x65;&#110;&#100;&#111;rf&#46;&#x64;&#x65;<\/a><\/td>\r\n\t<\/tr>\r\n\t<tr>\r\n\t\t<td>Tiefbau, Stra\u00dfen, Kanalnetz und Bauhof<\/td>\r\n\t\t<td>Pascal Krebs<\/td>\r\n\t\t<td><a href=\"tel:04131980929\">04131 98 09 - 29<\/a><\/td>\r\n\t\t<td><a href=\"&#x6d;&#x61;&#x69;&#x6c;&#x74;&#x6f;&#x3a;&#x70;&#x61;&#x73;&#x63;&#x61;&#x6c;&#x2e;&#x6b;&#x72;&#x65;&#x62;&#x73;&#x40;&#x61;&#x64;&#x65;&#x6e;&#x64;&#x6f;&#x72;&#x66;&#x2e;&#x64;&#x65;\">&#112;&#x61;&#115;&#x63;a&#x6c;&#46;&#107;&#x72;&#101;&#x62;s&#x40;a&#100;&#x65;&#110;&#x64;o&#x72;f&#46;&#x64;&#101;<\/a><\/td>\r\n\t<\/tr>\r\n\t<tr>\r\n\t\t<td>Allg. Verwaltungsaufgaben, Friedhof, Kl\u00e4ranlagen, Stecker-Solar-Ger&auml;te<\/td>\r\n\t\t<td>\r\n\t\t\tNancy Dutz<\/td>\r\n\t\t<td><a href=\"tel:04131980941\">04131 98 09 - 41<\/a><\/td>\r\n\t\t<td><a href=\"&#109;&#x61;i&#108;&#x74;o&#58;&#x6e;a&#110;&#x63;y&#46;&#x64;&#117;&#x74;&#x7a;&#64;&#x61;&#x64;&#101;&#x6e;d&#111;&#x72;f&#46;&#x64;e\">&#110;&#x61;&#110;&#x63;&#121;&#x2e;d&#x75;t&#122;&#x40;&#97;&#x64;&#101;&#x6e;d&#x6f;r&#102;&#x2e;&#100;&#x65;<\/a><\/td>\r\n\t<\/tr>\r\n\t\r\n\t\r\n\t\r\n\t<!-- ----Beauftragte ----------- -->\r\n\t<tr>\r\n\t\t<th colspan=4>\r\n\t\t\tBeauftragte \/ Ehren\u00e4mter \/ Sonstige<\/th>\r\n\t<\/tr>\r\n\t<tr>\r\n\t\t<td>Beauftragter f\u00fcr Menschen mit Behinderung<\/td>\r\n\t\t<td>Torsten L&uuml;tke<\/td>\r\n\t\t<td><a href=\"tel:01727746720\">0172 774 67 20<\/a><\/td>\r\n\t\t<td><a href=\"&#x6d;&#x61;&#x69;&#108;&#116;&#111;:b&#x65;&#x68;&#x69;&#x6e;&#100;&#101;rt&#x65;&#x6e;&#x62;&#x65;&#97;&#117;ft&#x72;&#x61;&#x67;&#x74;&#101;&#114;&#64;ad&#x65;&#x6e;&#x64;&#x6f;&#114;&#102;&#46;d&#x65;\">beh&#105;&#110;&#100;&#x65;&#x72;&#x74;&#x65;&#x6e;&#x62;eau&#102;&#116;&#114;&#97;&#x67;&#x74;&#x65;&#x72;&#x40;&#x61;den&#100;&#111;&#114;&#x66;&#x2e;&#x64;&#x65;<\/a><\/td>\r\n\t<\/tr>\r\n\t<tr>\r\n\t\t<td>Umweltbeauftragter<\/td>\r\n\t\t<td>Dennis Volland<\/td>\r\n\t\t<td>&nbsp;<\/td>\r\n\t\t<td><a href=\"&#109;&#x61;i&#108;&#x74;o&#58;&#x75;m&#x77;&#x65;&#108;&#x74;b&#101;&#x61;u&#102;&#x74;r&#x61;&#x67;&#116;&#x65;&#x72;&#64;&#x61;d&#101;&#x6e;d&#111;&#x72;f&#x2e;&#x64;&#101;\">&#x75;m&#x77;&#101;l&#x74;&#98;&#x65;&#97;u&#x66;&#116;&#x72;&#97;g&#x74;&#101;&#x72;&#x40;a&#x64;&#101;n&#x64;&#111;&#x72;&#102;&#46;&#x64;&#101;<\/a><\/td>\r\n\t<\/tr>\r\n\t<tr>\r\n\t\t<td>Gleichstellungsbeauftragte<\/td>\r\n\t\t<td>Katrin Petersen<\/td>\r\n\t\t<td><a href=\"tel:041318546932\">04131 85 46 932<\/a><\/td>\r\n\t\t<td><a href=\"&#109;&#x61;i&#x6c;t&#111;&#x3a;&#103;&#x6c;e&#105;&#x63;&#104;&#x73;t&#x65;&#x6c;&#108;&#x75;n&#x67;s&#98;&#x65;&#97;&#x75;f&#116;&#x72;&#97;&#x67;t&#101;&#x40;&#97;&#x64;e&#x6e;&#x64;&#111;&#x72;f&#x2e;d&#101;\">&#103;l&#x65;i&#x63;&#104;&#x73;&#116;&#x65;&#108;l&#x75;n&#x67;&#115;&#x62;&#101;&#x61;&#117;&#x66;&#116;r&#x61;g&#x74;&#101;&#x40;&#97;&#x64;&#101;n&#x64;o&#x72;&#102;&#x2e;&#100;&#x65;<\/a><\/td>\r\n\t<\/tr>\r\n\t<tr>\r\n\t\t<td>Kulturbeauftragte<\/td>\r\n\t\t<td>Alexandra Schmeling<\/td>\r\n\t\t<td>&nbsp;<\/td>\r\n\t\t<td><a href=\"m&#97;&#105;&#x6c;&#x74;o&#58;&#115;&#x63;&#x68;&#x6d;e&#108;&#105;&#x6e;&#x67;al&#101;&#x78;&#x61;&#x6e;d&#114;&#97;&#x40;&#x67;ma&#105;&#x6c;&#x2e;&#x63;o&#109;\">s&#99;&#x68;&#x6d;&#x65;l&#105;&#110;&#x67;&#x61;l&#101;&#120;&#x61;&#x6e;dr&#97;&#x40;&#x67;&#x6d;a&#105;&#x6c;&#x2e;&#x63;o&#109;<\/a><\/td>\r\n\t<\/tr>\r\n\t<tr>\r\n\t\t<td>Personalratsvorsitzender<\/td>\r\n\t\t<td>Tjark Fabienke<\/td>\r\n\t\t<td><a href=\"tel:015159216176\">0151 592 161 76<\/a><\/td>\r\n\t\t<td><a href=\"ma&#105;&#108;&#116;&#111;&#x3a;&#x66;&#x61;&#x62;&#x69;en&#107;&#101;&#64;&#112;&#x65;&#x72;&#x73;&#x6f;&#x6e;al&#114;&#97;&#116;&#45;&#x61;&#x64;&#x65;&#x6e;&#x64;orf&#46;&#100;&#101;\">fabien&#107;&#101;&#64;&#112;&#101;&#114;&#115;&#x6f;&#x6e;&#x61;&#x6c;&#x72;&#x61;&#x74;&#x2d;&#x61;&#x64;&#x65;&#x6e;dorf&#46;d&#101;<\/a><\/td>\r\n\t<\/tr>\t\r\n\t<tr>\r\n\t\t<td>Schiedsperson<\/td>\r\n\t\t<td>Hans-Rudolf Paetzel<\/td>\r\n\t\t<td><a href=\"tel:04131189990\">04131 18 99 90<\/a><\/td>\r\n\t\t<td>&nbsp;<\/td>\r\n\t<\/tr>\r\n\t<tr>\r\n\t\t<td>stellvertretende Schiedsperson<\/td>\r\n\t\t<td>Albert G. Paulisch<\/td>\r\n\t\t<td><a href=\"tel:04131981802\">04131 98 18 02<\/a><\/td>\r\n\t\t<td><a href=\"&#x6d;&#x61;&#x69;&#x6c;&#x74;&#111;&#58;&#97;&#108;ber&#x74;&#x2e;&#x70;&#x61;&#x75;&#x6c;&#105;&#115;&#99;h&#64;s&#x63;&#x68;&#x69;&#x65;&#x64;&#x73;&#109;&#97;&#110;&#110;&#46;de\">&#x61;&#108;b&#x65;&#114;t&#x2e;&#112;a&#x75;&#108;i&#x73;&#99;h&#x40;&#x73;c&#x68;&#x69;&#101;&#x64;&#x73;&#109;&#x61;&#x6e;&#110;&#46;&#x64;&#101;<\/a><\/td>\r\n\t<\/tr>\r\n\t<tr>\r\n\t\t<td>Seniorenbeauftragte<\/td>\r\n\t\t<td>Barbara Lehrmann<\/td>\r\n\t\t<td><a href=\"tel:015754958360\">01575 495 83 60 <\/a><\/a><\/td>\r\n\t\t<td><a href=\"&#x6d;&#x61;&#105;l&#x74;&#x6f;&#58;se&#x6e;&#x69;&#111;r&#x65;&#x6e;&#98;&#101;a&#x75;&#x66;&#116;r&#x61;&#x67;&#116;&#101;&#64;&#x61;&#x64;&#101;n&#x64;&#x6f;&#114;&#102;&#46;&#x64;&#x65;\">&#115;e&#x6e;i&#x6f;r&#x65;n&#x62;&#101;&#x61;&#117;&#x66;&#116;&#x72;&#97;g&#116;e&#x40;a&#x64;e&#x6e;&#100;&#x6f;&#114;&#x66;&#46;&#x64;&#101;<\/a><\/td>\r\n\t<\/tr>\r\n\t<tr>\r\n\t\t<td>Jugendbeauftragte<\/td>\r\n\t\t<td>Sally-Lara Mansour<\/td>\r\n\t\t<td>&nbsp;<\/td>\r\n\t\t<td>&nbsp;<\/td>\r\n\t<\/tr>\r\n\t\r\n\t<tr>\r\n\t\t<td>Archiv<\/td>\r\n\t\t<td>Johanna Falkson<\/td>\r\n\t\t<td><a href=\"tel:015111104457\">0151 111 044 57<\/a><\/td>\r\n\t\t<td><a href=\"&#x6d;&#97;i&#x6c;&#116;o&#x3a;&#x61;&#114;&#x63;&#x68;&#105;v&#x40;&#97;d&#x65;&#x6e;&#100;&#x6f;&#x72;&#102;&#46;&#x64;&#101;\">ar&#99;&#104;&#105;&#x76;&#x40;&#x61;&#x64;&#x65;nd&#111;&#114;&#102;&#x2e;&#x64;&#x65;<\/a><\/td>\r\n\t<\/tr>\r\n<\/table>\r\n\t\t\t\t<\/div>\n\t\t\t\t<\/div>\n\t\t\t\t\t<\/div>\n\t\t<\/div>\n\t\t\t\t\t<\/div>\n\t\t<\/section>\n\t\t\t\t<\/div>\n\t\t","protected":false},"excerpt":{"rendered":"<p>Verwaltungsstruktur Download: Verwaltungsgliederung der Gemeinde Adendorf (PDF) Die Verwaltung der Gemeinde Adendorf gliedert sich wie folgt:<\/p>\n","protected":false},"author":1,"featured_media":0,"parent":327,"menu_order":0,"comment_status":"closed","ping_status":"closed","template":"page-templates\/template-pagebuilder-full-width.php","meta":{"footnotes":""},"class_list":["post-628","page","type-page","status-publish","hentry"],"publishpress_future_workflow_manual_trigger":{"enabledWorkflows":[]},"rttpg_featured_image_url":null,"rttpg_author":{"display_name":"Adendorf","author_link":"https:\/\/www.adendorf.de\/1\/author\/marco-brede\/"},"rttpg_comment":0,"rttpg_category":null,"rttpg_excerpt":"Verwaltungsstruktur Download: Verwaltungsgliederung der Gemeinde Adendorf (PDF) Die Verwaltung der Gemeinde Adendorf gliedert sich wie folgt:","_links":{"self":[{"href":"https:\/\/www.adendorf.de\/1\/wp-json\/wp\/v2\/pages\/628","targetHints":{"allow":["GET"]}}],"collection":[{"href":"https:\/\/www.adendorf.de\/1\/wp-json\/wp\/v2\/pages"}],"about":[{"href":"https:\/\/www.adendorf.de\/1\/wp-json\/wp\/v2\/types\/page"}],"author":[{"embeddable":true,"href":"https:\/\/www.adendorf.de\/1\/wp-json\/wp\/v2\/users\/1"}],"replies":[{"embeddable":true,"href":"https:\/\/www.adendorf.de\/1\/wp-json\/wp\/v2\/comments?post=628"}],"version-history":[{"count":250,"href":"https:\/\/www.adendorf.de\/1\/wp-json\/wp\/v2\/pages\/628\/revisions"}],"predecessor-version":[{"id":6928,"href":"https:\/\/www.adendorf.de\/1\/wp-json\/wp\/v2\/pages\/628\/revisions\/6928"}],"up":[{"embeddable":true,"href":"https:\/\/www.adendorf.de\/1\/wp-json\/wp\/v2\/pages\/327"}],"wp:attachment":[{"href":"https:\/\/www.adendorf.de\/1\/wp-json\/wp\/v2\/media?parent=628"}],"curies":[{"name":"wp","href":"https:\/\/api.w.org\/{rel}","templated":true}]}}