{"id":680,"date":"2019-04-02T15:38:33","date_gmt":"2019-04-02T13:38:33","guid":{"rendered":"http:\/\/www.adendorf.de\/1\/?page_id=680"},"modified":"2019-04-02T15:40:03","modified_gmt":"2019-04-02T13:40:03","slug":"resolution","status":"publish","type":"page","link":"https:\/\/www.adendorf.de\/1\/politik\/resolution\/","title":{"rendered":"Resolution"},"content":{"rendered":"\t\t<div data-elementor-type=\"wp-post\" data-elementor-id=\"680\" class=\"elementor elementor-680\">\n\t\t\t\t\t\t<section class=\"elementor-section elementor-top-section elementor-element elementor-element-c715661 elementor-section-boxed elementor-section-height-default elementor-section-height-default\" data-id=\"c715661\" data-element_type=\"section\" data-e-type=\"section\">\n\t\t\t\t\t\t<div class=\"elementor-container elementor-column-gap-default\">\n\t\t\t\t\t<div class=\"elementor-column elementor-col-100 elementor-top-column elementor-element elementor-element-4e28abf\" data-id=\"4e28abf\" data-element_type=\"column\" data-e-type=\"column\">\n\t\t\t<div class=\"elementor-widget-wrap elementor-element-populated\">\n\t\t\t\t\t\t<div class=\"elementor-element elementor-element-9bc50d7 elementor-widget elementor-widget-heading\" data-id=\"9bc50d7\" data-element_type=\"widget\" data-e-type=\"widget\" data-widget_type=\"heading.default\">\n\t\t\t\t<div class=\"elementor-widget-container\">\n\t\t\t\t\t<h1 class=\"elementor-heading-title elementor-size-default\">Resolution<\/h1>\t\t\t\t<\/div>\n\t\t\t\t<\/div>\n\t\t\t\t\t<\/div>\n\t\t<\/div>\n\t\t\t\t\t<\/div>\n\t\t<\/section>\n\t\t\t\t<section class=\"elementor-section elementor-top-section elementor-element elementor-element-70bfa88 elementor-section-boxed elementor-section-height-default elementor-section-height-default\" data-id=\"70bfa88\" data-element_type=\"section\" data-e-type=\"section\">\n\t\t\t\t\t\t<div class=\"elementor-container elementor-column-gap-default\">\n\t\t\t\t\t<div class=\"elementor-column elementor-col-100 elementor-top-column elementor-element elementor-element-310c1f2\" data-id=\"310c1f2\" data-element_type=\"column\" data-e-type=\"column\">\n\t\t\t<div class=\"elementor-widget-wrap elementor-element-populated\">\n\t\t\t\t\t\t<div class=\"elementor-element elementor-element-d7a8649 elementor-widget elementor-widget-heading\" data-id=\"d7a8649\" data-element_type=\"widget\" data-e-type=\"widget\" data-widget_type=\"heading.default\">\n\t\t\t\t<div class=\"elementor-widget-container\">\n\t\t\t\t\t<h2 class=\"elementor-heading-title elementor-size-default\">Resolution vom 06.04.2017<\/h2>\t\t\t\t<\/div>\n\t\t\t\t<\/div>\n\t\t\t\t<div class=\"elementor-element elementor-element-6b02961 elementor-widget elementor-widget-text-editor\" data-id=\"6b02961\" data-element_type=\"widget\" data-e-type=\"widget\" data-widget_type=\"text-editor.default\">\n\t\t\t\t<div class=\"elementor-widget-container\">\n\t\t\t\t\t\t\t\t\t<p>Der Rat der Gemeinde Adendorf erkl\u00e4rt sich solidarisch f\u00fcr Demokratie, Menschenrechte, Presse- und Meinungsfreiheit in allen L\u00e4ndern der Erde im Interesse der in Adendorf lebenden Menschen mit ausl\u00e4ndischen Wurzeln und deren in den Heimatl\u00e4ndern lebenden Familien und Freunde.<\/p><p>Der Rat der Gemeinde Adendorf appelliert an den Bundestag, die deutsche Regierung, das Europ\u00e4ische Parlament und die Europ\u00e4ische Kommission, im Sinne der Solidarit\u00e4tserkl\u00e4rung f\u00fcr Demokratie, Menschenrechte und Meinungsfreiheit auf die t\u00fcrkische Regierung einzuwirken.<\/p><p>Der Rat der Gemeinde fordert, dass die T\u00fcrkei die Europ\u00e4ischen Menschenrechtskonvention wieder in Kraft setzt.<\/p>\t\t\t\t\t\t\t\t<\/div>\n\t\t\t\t<\/div>\n\t\t\t\t\t<\/div>\n\t\t<\/div>\n\t\t\t\t\t<\/div>\n\t\t<\/section>\n\t\t\t\t<section class=\"elementor-section elementor-top-section elementor-element elementor-element-5291c69 elementor-section-boxed elementor-section-height-default elementor-section-height-default\" data-id=\"5291c69\" data-element_type=\"section\" data-e-type=\"section\">\n\t\t\t\t\t\t<div class=\"elementor-container elementor-column-gap-default\">\n\t\t\t\t\t<div class=\"elementor-column elementor-col-100 elementor-top-column elementor-element elementor-element-3e8c9ea\" data-id=\"3e8c9ea\" data-element_type=\"column\" data-e-type=\"column\">\n\t\t\t<div class=\"elementor-widget-wrap elementor-element-populated\">\n\t\t\t\t\t\t<div class=\"elementor-element elementor-element-988f674 elementor-widget elementor-widget-heading\" data-id=\"988f674\" data-element_type=\"widget\" data-e-type=\"widget\" data-widget_type=\"heading.default\">\n\t\t\t\t<div class=\"elementor-widget-container\">\n\t\t\t\t\t<h2 class=\"elementor-heading-title elementor-size-default\">Resolution vom 27.02.2018<\/h2>\t\t\t\t<\/div>\n\t\t\t\t<\/div>\n\t\t\t\t<div class=\"elementor-element elementor-element-c1d59aa elementor-widget elementor-widget-text-editor\" data-id=\"c1d59aa\" data-element_type=\"widget\" data-e-type=\"widget\" data-widget_type=\"text-editor.default\">\n\t\t\t\t<div class=\"elementor-widget-container\">\n\t\t\t\t\t\t\t\t\t<p>Der Rat der Gemeinde Adendorf unterst\u00fctzt die Forderung des Nieders\u00e4chsischen St\u00e4dte- und Gemeindebundes, dass das Land Niedersachsen einen vollen Kostenausgleich f\u00fcr k\u00fcnftig entfallende Elternbeitr\u00e4ge in den Kinderg\u00e4rten Niedersachsens sicherstellt. Dies wird durch die \u00dcbernahme von 2\/3 der Betriebskosten und einer Bezuschussung f\u00fcr den Bau neuer Kindergartengruppen erm\u00f6glicht. Es d\u00fcrfen den Kommunen durch die Landesregelung keine neuen Finanzaufwendungen auferlegt werden.<\/p>\t\t\t\t\t\t\t\t<\/div>\n\t\t\t\t<\/div>\n\t\t\t\t\t<\/div>\n\t\t<\/div>\n\t\t\t\t\t<\/div>\n\t\t<\/section>\n\t\t\t\t<\/div>\n\t\t","protected":false},"excerpt":{"rendered":"<p>Resolution Resolution vom 06.04.2017 Der Rat der Gemeinde Adendorf erkl\u00e4rt sich solidarisch f\u00fcr Demokratie, Menschenrechte, Presse- und Meinungsfreiheit in allen L\u00e4ndern der Erde im Interesse der in Adendorf lebenden Menschen mit ausl\u00e4ndischen Wurzeln und deren in den Heimatl\u00e4ndern lebenden Familien und Freunde. Der Rat der Gemeinde Adendorf appelliert an den [&hellip;]<\/p>\n","protected":false},"author":1,"featured_media":0,"parent":678,"menu_order":0,"comment_status":"closed","ping_status":"closed","template":"page-templates\/template-pagebuilder-full-width.php","meta":{"footnotes":""},"class_list":["post-680","page","type-page","status-publish","hentry"],"publishpress_future_workflow_manual_trigger":{"enabledWorkflows":[]},"rttpg_featured_image_url":null,"rttpg_author":{"display_name":"Adendorf","author_link":"https:\/\/www.adendorf.de\/1\/author\/marco-brede\/"},"rttpg_comment":0,"rttpg_category":null,"rttpg_excerpt":"Resolution Resolution vom 06.04.2017 Der Rat der Gemeinde Adendorf erkl\u00e4rt sich solidarisch f\u00fcr Demokratie, Menschenrechte, Presse- und Meinungsfreiheit in allen L\u00e4ndern der Erde im Interesse der in Adendorf lebenden Menschen mit ausl\u00e4ndischen Wurzeln und deren in den Heimatl\u00e4ndern lebenden Familien und Freunde. Der Rat der Gemeinde Adendorf appelliert an den [&hellip;]","_links":{"self":[{"href":"https:\/\/www.adendorf.de\/1\/wp-json\/wp\/v2\/pages\/680","targetHints":{"allow":["GET"]}}],"collection":[{"href":"https:\/\/www.adendorf.de\/1\/wp-json\/wp\/v2\/pages"}],"about":[{"href":"https:\/\/www.adendorf.de\/1\/wp-json\/wp\/v2\/types\/page"}],"author":[{"embeddable":true,"href":"https:\/\/www.adendorf.de\/1\/wp-json\/wp\/v2\/users\/1"}],"replies":[{"embeddable":true,"href":"https:\/\/www.adendorf.de\/1\/wp-json\/wp\/v2\/comments?post=680"}],"version-history":[{"count":2,"href":"https:\/\/www.adendorf.de\/1\/wp-json\/wp\/v2\/pages\/680\/revisions"}],"predecessor-version":[{"id":682,"href":"https:\/\/www.adendorf.de\/1\/wp-json\/wp\/v2\/pages\/680\/revisions\/682"}],"up":[{"embeddable":true,"href":"https:\/\/www.adendorf.de\/1\/wp-json\/wp\/v2\/pages\/678"}],"wp:attachment":[{"href":"https:\/\/www.adendorf.de\/1\/wp-json\/wp\/v2\/media?parent=680"}],"curies":[{"name":"wp","href":"https:\/\/api.w.org\/{rel}","templated":true}]}}

<div data-elementor-type="wp-post" data-elementor-id="680" class="elementor elementor-680">
						<section class="elementor-section elementor-top-section elementor-element elementor-element-c715661 elementor-section-boxed elementor-section-height-default elementor-section-height-default" data-id="c715661" data-element_type="section" data-e-type="section">
						<div class="elementor-container elementor-column-gap-default">
					<div class="elementor-column elementor-col-100 elementor-top-column elementor-element elementor-element-4e28abf" data-id="4e28abf" data-element_type="column" data-e-type="column">
			<div class="elementor-widget-wrap elementor-element-populated">
						<div class="elementor-element elementor-element-9bc50d7 elementor-widget elementor-widget-heading" data-id="9bc50d7" data-element_type="widget" data-e-type="widget" data-widget_type="heading.default">
				<div class="elementor-widget-container">
					<h1 class="elementor-heading-title elementor-size-default">Resolution</h1>				</div>
				</div>
					</div>
		</div>
					</div>
		</section>
				<section class="elementor-section elementor-top-section elementor-element elementor-element-70bfa88 elementor-section-boxed elementor-section-height-default elementor-section-height-default" data-id="70bfa88" data-element_type="section" data-e-type="section">
						<div class="elementor-container elementor-column-gap-default">
					<div class="elementor-column elementor-col-100 elementor-top-column elementor-element elementor-element-310c1f2" data-id="310c1f2" data-element_type="column" data-e-type="column">
			<div class="elementor-widget-wrap elementor-element-populated">
						<div class="elementor-element elementor-element-d7a8649 elementor-widget elementor-widget-heading" data-id="d7a8649" data-element_type="widget" data-e-type="widget" data-widget_type="heading.default">
				<div class="elementor-widget-container">
					<h2 class="elementor-heading-title elementor-size-default">Resolution vom 06.04.2017</h2>				</div>
				</div>
				<div class="elementor-element elementor-element-6b02961 elementor-widget elementor-widget-text-editor" data-id="6b02961" data-element_type="widget" data-e-type="widget" data-widget_type="text-editor.default">
				<div class="elementor-widget-container">
									<p>Der Rat der Gemeinde Adendorf erklärt sich solidarisch für Demokratie, Menschenrechte, Presse- und Meinungsfreiheit in allen Ländern der Erde im Interesse der in Adendorf lebenden Menschen mit ausländischen Wurzeln und deren in den Heimatländern lebenden Familien und Freunde.</p><p>Der Rat der Gemeinde Adendorf appelliert an den Bundestag, die deutsche Regierung, das Europäische Parlament und die Europäische Kommission, im Sinne der Solidaritätserklärung für Demokratie, Menschenrechte und Meinungsfreiheit auf die türkische Regierung einzuwirken.</p><p>Der Rat der Gemeinde fordert, dass die Türkei die Europäischen Menschenrechtskonvention wieder in Kraft setzt.</p>								</div>
				</div>
					</div>
		</div>
					</div>
		</section>
				<section class="elementor-section elementor-top-section elementor-element elementor-element-5291c69 elementor-section-boxed elementor-section-height-default elementor-section-height-default" data-id="5291c69" data-element_type="section" data-e-type="section">
						<div class="elementor-container elementor-column-gap-default">
					<div class="elementor-column elementor-col-100 elementor-top-column elementor-element elementor-element-3e8c9ea" data-id="3e8c9ea" data-element_type="column" data-e-type="column">
			<div class="elementor-widget-wrap elementor-element-populated">
						<div class="elementor-element elementor-element-988f674 elementor-widget elementor-widget-heading" data-id="988f674" data-element_type="widget" data-e-type="widget" data-widget_type="heading.default">
				<div class="elementor-widget-container">
					<h2 class="elementor-heading-title elementor-size-default">Resolution vom 27.02.2018</h2>				</div>
				</div>
				<div class="elementor-element elementor-element-c1d59aa elementor-widget elementor-widget-text-editor" data-id="c1d59aa" data-element_type="widget" data-e-type="widget" data-widget_type="text-editor.default">
				<div class="elementor-widget-container">
									<p>Der Rat der Gemeinde Adendorf unterstützt die Forderung des Niedersächsischen Städte- und Gemeindebundes, dass das Land Niedersachsen einen vollen Kostenausgleich für künftig entfallende Elternbeiträge in den Kindergärten Niedersachsens sicherstellt. Dies wird durch die Übernahme von 2/3 der Betriebskosten und einer Bezuschussung für den Bau neuer Kindergartengruppen ermöglicht. Es dürfen den Kommunen durch die Landesregelung keine neuen Finanzaufwendungen auferlegt werden.</p>								</div>
				</div>
					</div>
		</div>
					</div>
		</section>
				</div>

<p>Resolution Resolution vom 06.04.2017 Der Rat der Gemeinde Adendorf erklärt sich solidarisch für Demokratie, Menschenrechte, Presse- und Meinungsfreiheit in allen Ländern der Erde im Interesse der in Adendorf lebenden Menschen mit ausländischen Wurzeln und deren in den Heimatländern lebenden Familien und Freunde. Der Rat der Gemeinde Adendorf appelliert an den [&hellip;]</p>

Resolution Resolution vom 06.04.2017 Der Rat der Gemeinde Adendorf erklärt sich solidarisch für Demokratie, Menschenrechte, Presse- und Meinungsfreiheit in allen Ländern der Erde im Interesse der in Adendorf lebenden Menschen mit ausländischen Wurzeln und deren in den Heimatländern lebenden Familien und Freunde. Der Rat der Gemeinde Adendorf appelliert an den [&hellip;]
