{"id":791,"date":"2019-04-16T14:54:54","date_gmt":"2019-04-16T12:54:54","guid":{"rendered":"http:\/\/www.adendorf.de\/1\/?page_id=791"},"modified":"2022-12-01T16:32:33","modified_gmt":"2022-12-01T15:32:33","slug":"kirchwaldtreff","status":"publish","type":"page","link":"https:\/\/www.adendorf.de\/1\/aktiv-in-adendorf\/dorfleben\/kirchwaldtreff\/","title":{"rendered":"Kirchwaldtreff"},"content":{"rendered":"\t\t<div data-elementor-type=\"wp-post\" data-elementor-id=\"791\" class=\"elementor elementor-791\">\n\t\t\t\t\t\t<section class=\"elementor-section elementor-top-section elementor-element elementor-element-7ec090a elementor-section-boxed elementor-section-height-default elementor-section-height-default\" data-id=\"7ec090a\" data-element_type=\"section\" data-e-type=\"section\">\n\t\t\t\t\t\t<div class=\"elementor-container elementor-column-gap-default\">\n\t\t\t\t\t<div class=\"elementor-column elementor-col-100 elementor-top-column elementor-element elementor-element-3c3e8e7\" data-id=\"3c3e8e7\" data-element_type=\"column\" data-e-type=\"column\">\n\t\t\t<div class=\"elementor-widget-wrap elementor-element-populated\">\n\t\t\t\t\t\t<div class=\"elementor-element elementor-element-e3a2a6f elementor-widget elementor-widget-heading\" data-id=\"e3a2a6f\" data-element_type=\"widget\" data-e-type=\"widget\" data-widget_type=\"heading.default\">\n\t\t\t\t<div class=\"elementor-widget-container\">\n\t\t\t\t\t<h1 class=\"elementor-heading-title elementor-size-default\">Kirchwaldtreff<\/h1>\t\t\t\t<\/div>\n\t\t\t\t<\/div>\n\t\t\t\t\t<\/div>\n\t\t<\/div>\n\t\t\t\t\t<\/div>\n\t\t<\/section>\n\t\t\t\t<section class=\"elementor-section elementor-top-section elementor-element elementor-element-37e653f elementor-section-boxed elementor-section-height-default elementor-section-height-default\" data-id=\"37e653f\" data-element_type=\"section\" data-e-type=\"section\">\n\t\t\t\t\t\t<div class=\"elementor-container elementor-column-gap-default\">\n\t\t\t\t\t<div class=\"elementor-column elementor-col-100 elementor-top-column elementor-element elementor-element-4c26d81\" data-id=\"4c26d81\" data-element_type=\"column\" data-e-type=\"column\">\n\t\t\t<div class=\"elementor-widget-wrap elementor-element-populated\">\n\t\t\t\t\t\t<div class=\"elementor-element elementor-element-f7a932e elementor-widget elementor-widget-image\" data-id=\"f7a932e\" data-element_type=\"widget\" data-e-type=\"widget\" data-widget_type=\"image.default\">\n\t\t\t\t<div class=\"elementor-widget-container\">\n\t\t\t\t\t\t\t\t\t\t\t\t<figure class=\"wp-caption\">\n\t\t\t\t\t\t\t\t\t\t<img decoding=\"async\" src=\"https:\/\/www.adendorf.de\/1\/wp-content\/uploads\/elementor\/thumbs\/Kirchwaldtreff_Kinderladen1-o8tsxqq73p3or6z1jyhdfwkx03pe0c7ojrq3er56zk.jpg\" title=\"Kirchwaldtreff_Kinderladen1\" alt=\"Kirchwaldtreff_Kinderladen1\" loading=\"lazy\" \/>\t\t\t\t\t\t\t\t\t\t\t<figcaption class=\"widget-image-caption wp-caption-text\">Adendorfer Kirchwaldtreff - Unsere Jugend- und Seniorenbegegnungsst\u00e4tte<\/figcaption>\n\t\t\t\t\t\t\t\t\t\t<\/figure>\n\t\t\t\t\t\t\t\t\t<\/div>\n\t\t\t\t<\/div>\n\t\t\t\t\t<\/div>\n\t\t<\/div>\n\t\t\t\t\t<\/div>\n\t\t<\/section>\n\t\t\t\t<section class=\"elementor-section elementor-top-section elementor-element elementor-element-c9477db elementor-section-boxed elementor-section-height-default elementor-section-height-default\" data-id=\"c9477db\" data-element_type=\"section\" data-e-type=\"section\">\n\t\t\t\t\t\t<div class=\"elementor-container elementor-column-gap-default\">\n\t\t\t\t\t<div class=\"elementor-column elementor-col-100 elementor-top-column elementor-element elementor-element-e10cdb7\" data-id=\"e10cdb7\" data-element_type=\"column\" data-e-type=\"column\">\n\t\t\t<div class=\"elementor-widget-wrap elementor-element-populated\">\n\t\t\t\t\t\t<div class=\"elementor-element elementor-element-aa2ecc6 elementor-widget elementor-widget-text-editor\" data-id=\"aa2ecc6\" data-element_type=\"widget\" data-e-type=\"widget\" data-widget_type=\"text-editor.default\">\n\t\t\t\t<div class=\"elementor-widget-container\">\n\t\t\t\t\t\t\t\t\t<p>Was ist dort alles vorhanden?<\/p><ul><li>Vollst\u00e4ndig eingerichtete Einbauk\u00fcche<\/li><li>Billardraum, Tischtennisplatte<\/li><li>Gemeinschaftsraum (Sofaecke, Fernsehen, DVD, Tische u. St\u00fchle)<\/li><li>Weitl\u00e4ufiges Au\u00dfengel\u00e4nde mit Lagerfeuerplatz und Grillm\u00f6glichkeit<\/li><\/ul><p>F\u00fcr welchen Zweck h\u00e4lt die Gemeinde die R\u00e4umlichkeiten vor?<\/p><ul><li>Jugendliche und Senioren sollen die M\u00f6glichkeit haben unter sich oder gemeinsam miteinander ins Gespr\u00e4ch zu kommen<\/li><li>Vereine, Verb\u00e4nde oder anders organisierte Gruppen aus der Gemeinde Adendorf (z. B. Spielerunden, Modellbauer u. a.) k\u00f6nnen sich anmelden und das Haus f\u00fcr gemeinsame Treffen nutzen. F\u00fcr private Feiern steht das Haus nicht zur Verf\u00fcgung.<\/li><\/ul><p>Was kostet die Nutzung?<\/p><ul><li>Die Nutzung ist absolut kostenfrei. Verbrauchsmittel (Kaffee o. \u00e4.) sind allerdings mitzubringen.<\/li><\/ul><p><strong>Ansprechpartner<\/strong><\/p><p>Olaf Nickel<\/p><p>Telefon: <a href=\"tel:04131188166\">04131 188 166<\/a><\/p><p>E-Mail: <a href=\"&#109;&#97;&#x69;&#x6c;&#116;&#111;&#x3a;&#x6f;&#108;&#97;&#x66;&#x2e;&#110;&#105;&#x63;&#x6b;&#101;&#108;&#x40;&#x67;&#109;&#120;&#x2e;&#x6e;&#101;&#116;\">ola&#102;&#46;&#110;&#x69;&#x63;&#x6b;&#x65;&#x6c;&#x40;gmx&#46;&#110;&#101;&#116;<\/a><\/p>\t\t\t\t\t\t\t\t<\/div>\n\t\t\t\t<\/div>\n\t\t\t\t\t<\/div>\n\t\t<\/div>\n\t\t\t\t\t<\/div>\n\t\t<\/section>\n\t\t\t\t<\/div>\n\t\t","protected":false},"excerpt":{"rendered":"<p>Kirchwaldtreff Adendorfer Kirchwaldtreff &#8211; Unsere Jugend- und Seniorenbegegnungsst\u00e4tte Was ist dort alles vorhanden? Vollst\u00e4ndig eingerichtete Einbauk\u00fcche Billardraum, Tischtennisplatte Gemeinschaftsraum (Sofaecke, Fernsehen, DVD, Tische u. St\u00fchle) Weitl\u00e4ufiges Au\u00dfengel\u00e4nde mit Lagerfeuerplatz und Grillm\u00f6glichkeit F\u00fcr welchen Zweck h\u00e4lt die Gemeinde die R\u00e4umlichkeiten vor? Jugendliche und Senioren sollen die M\u00f6glichkeit haben unter sich oder [&hellip;]<\/p>\n","protected":false},"author":1,"featured_media":0,"parent":746,"menu_order":0,"comment_status":"closed","ping_status":"closed","template":"page-templates\/template-pagebuilder-full-width.php","meta":{"footnotes":""},"class_list":["post-791","page","type-page","status-publish","hentry"],"publishpress_future_workflow_manual_trigger":{"enabledWorkflows":[]},"rttpg_featured_image_url":null,"rttpg_author":{"display_name":"Adendorf","author_link":"https:\/\/www.adendorf.de\/1\/author\/marco-brede\/"},"rttpg_comment":0,"rttpg_category":null,"rttpg_excerpt":"Kirchwaldtreff Adendorfer Kirchwaldtreff &#8211; Unsere Jugend- und Seniorenbegegnungsst\u00e4tte Was ist dort alles vorhanden? Vollst\u00e4ndig eingerichtete Einbauk\u00fcche Billardraum, Tischtennisplatte Gemeinschaftsraum (Sofaecke, Fernsehen, DVD, Tische u. St\u00fchle) Weitl\u00e4ufiges Au\u00dfengel\u00e4nde mit Lagerfeuerplatz und Grillm\u00f6glichkeit F\u00fcr welchen Zweck h\u00e4lt die Gemeinde die R\u00e4umlichkeiten vor? Jugendliche und Senioren sollen die M\u00f6glichkeit haben unter sich oder [&hellip;]","_links":{"self":[{"href":"https:\/\/www.adendorf.de\/1\/wp-json\/wp\/v2\/pages\/791","targetHints":{"allow":["GET"]}}],"collection":[{"href":"https:\/\/www.adendorf.de\/1\/wp-json\/wp\/v2\/pages"}],"about":[{"href":"https:\/\/www.adendorf.de\/1\/wp-json\/wp\/v2\/types\/page"}],"author":[{"embeddable":true,"href":"https:\/\/www.adendorf.de\/1\/wp-json\/wp\/v2\/users\/1"}],"replies":[{"embeddable":true,"href":"https:\/\/www.adendorf.de\/1\/wp-json\/wp\/v2\/comments?post=791"}],"version-history":[{"count":14,"href":"https:\/\/www.adendorf.de\/1\/wp-json\/wp\/v2\/pages\/791\/revisions"}],"predecessor-version":[{"id":5479,"href":"https:\/\/www.adendorf.de\/1\/wp-json\/wp\/v2\/pages\/791\/revisions\/5479"}],"up":[{"embeddable":true,"href":"https:\/\/www.adendorf.de\/1\/wp-json\/wp\/v2\/pages\/746"}],"wp:attachment":[{"href":"https:\/\/www.adendorf.de\/1\/wp-json\/wp\/v2\/media?parent=791"}],"curies":[{"name":"wp","href":"https:\/\/api.w.org\/{rel}","templated":true}]}}