{"id":836,"date":"2019-04-18T12:05:27","date_gmt":"2019-04-18T10:05:27","guid":{"rendered":"http:\/\/www.adendorf.de\/1\/?page_id=836"},"modified":"2022-01-13T17:28:53","modified_gmt":"2022-01-13T16:28:53","slug":"branchenverzeichnis","status":"publish","type":"page","link":"https:\/\/www.adendorf.de\/1\/aktiv-in-adendorf\/wirtschaft\/branchenverzeichnis\/","title":{"rendered":"Branchenverzeichnis"},"content":{"rendered":"\t\t<div data-elementor-type=\"wp-post\" data-elementor-id=\"836\" class=\"elementor elementor-836\">\n\t\t\t\t\t\t<section class=\"elementor-section elementor-top-section elementor-element elementor-element-c2f7f08 elementor-section-boxed elementor-section-height-default elementor-section-height-default\" data-id=\"c2f7f08\" data-element_type=\"section\" data-e-type=\"section\">\n\t\t\t\t\t\t<div class=\"elementor-container elementor-column-gap-default\">\n\t\t\t\t\t<div class=\"elementor-column elementor-col-100 elementor-top-column elementor-element elementor-element-e457627\" data-id=\"e457627\" data-element_type=\"column\" data-e-type=\"column\">\n\t\t\t<div class=\"elementor-widget-wrap elementor-element-populated\">\n\t\t\t\t\t\t<div class=\"elementor-element elementor-element-58c908a elementor-widget elementor-widget-heading\" data-id=\"58c908a\" data-element_type=\"widget\" data-e-type=\"widget\" data-widget_type=\"heading.default\">\n\t\t\t\t<div class=\"elementor-widget-container\">\n\t\t\t\t\t<h1 class=\"elementor-heading-title elementor-size-default\">Branchenverzeichnis<\/h1>\t\t\t\t<\/div>\n\t\t\t\t<\/div>\n\t\t\t\t<div class=\"elementor-element elementor-element-9cba196 elementor-widget elementor-widget-text-editor\" data-id=\"9cba196\" data-element_type=\"widget\" data-e-type=\"widget\" data-widget_type=\"text-editor.default\">\n\t\t\t\t<div class=\"elementor-widget-container\">\n\t\t\t\t\t\t\t\t\t<p>Wir m\u00f6chten allen \u00f6rtlichen Gewerbetreibenden \u00fcber ein Branchenverzeichnis die M\u00f6glichkeit bieten, sich kostenlos zu pr\u00e4sentieren.<\/p><p>Jeder Gewerbetreibende, der auf der Homepage der Gemeinde in das Branchenverzeichnis aufgenommen werden m\u00f6chte, kann das beigef\u00fcgte Formular ausgef\u00fcllt und unterzeichnet an die Gemeinde Adendorf, z. Hd. Herrn Brede, Rathausplatz 14, 21365 Adendorf (<a href=\"ma&#105;&#108;&#x74;&#x6f;&#x3a;&#x6d;ar&#99;&#111;&#x2e;&#x62;&#x72;&#x65;de&#64;&#97;&#100;&#x65;&#x6e;&#x64;&#x6f;rf&#46;&#100;&#x65;\">&#109;&#x61;r&#x63;&#x6f;&#46;&#x62;r&#101;&#x64;&#101;&#x40;a&#100;&#x65;n&#x64;o&#114;&#x66;&#46;&#x64;&#x65;<\/a>) , zur\u00fccksenden.<\/p>\t\t\t\t\t\t\t\t<\/div>\n\t\t\t\t<\/div>\n\t\t\t\t\t<\/div>\n\t\t<\/div>\n\t\t\t\t\t<\/div>\n\t\t<\/section>\n\t\t\t\t<section class=\"elementor-section elementor-top-section elementor-element elementor-element-10ba09b elementor-section-boxed elementor-section-height-default elementor-section-height-default\" data-id=\"10ba09b\" data-element_type=\"section\" data-e-type=\"section\">\n\t\t\t\t\t\t<div class=\"elementor-container elementor-column-gap-default\">\n\t\t\t\t\t<div class=\"elementor-column elementor-col-100 elementor-top-column elementor-element elementor-element-b29445b\" data-id=\"b29445b\" data-element_type=\"column\" data-e-type=\"column\">\n\t\t\t<div class=\"elementor-widget-wrap elementor-element-populated\">\n\t\t\t\t\t\t<div class=\"elementor-element elementor-element-31522a9 elementor-icon-list--layout-traditional elementor-list-item-link-full_width elementor-widget elementor-widget-icon-list\" data-id=\"31522a9\" data-element_type=\"widget\" data-e-type=\"widget\" data-widget_type=\"icon-list.default\">\n\t\t\t\t<div class=\"elementor-widget-container\">\n\t\t\t\t\t\t\t<ul class=\"elementor-icon-list-items\">\n\t\t\t\t\t\t\t<li class=\"elementor-icon-list-item\">\n\t\t\t\t\t\t\t\t\t\t\t<a href=\"\/1\/wp-content\/uploads\/2019\/12\/Formular-Branchenverzeichnis.pdf\" target=\"_blank\">\n\n\t\t\t\t\t\t\t\t\t\t\t\t<span class=\"elementor-icon-list-icon\">\n\t\t\t\t\t\t\t<i aria-hidden=\"true\" class=\"far fa-file-pdf\"><\/i>\t\t\t\t\t\t<\/span>\n\t\t\t\t\t\t\t\t\t\t<span class=\"elementor-icon-list-text\">Formular Branchenverzeichnis<\/span>\n\t\t\t\t\t\t\t\t\t\t\t<\/a>\n\t\t\t\t\t\t\t\t\t<\/li>\n\t\t\t\t\t\t<\/ul>\n\t\t\t\t\t\t<\/div>\n\t\t\t\t<\/div>\n\t\t\t\t<div class=\"elementor-element elementor-element-0672862 elementor-widget elementor-widget-shortcode\" data-id=\"0672862\" data-element_type=\"widget\" data-e-type=\"widget\" data-widget_type=\"shortcode.default\">\n\t\t\t\t<div class=\"elementor-widget-container\">\n\t\t\t\t\t\t\t<div class=\"elementor-shortcode\"><\/div>\n\t\t\t\t\t\t<\/div>\n\t\t\t\t<\/div>\n\t\t\t\t\t<\/div>\n\t\t<\/div>\n\t\t\t\t\t<\/div>\n\t\t<\/section>\n\t\t\t\t<section class=\"elementor-section elementor-top-section elementor-element elementor-element-19582f7 elementor-section-boxed elementor-section-height-default elementor-section-height-default\" data-id=\"19582f7\" data-element_type=\"section\" data-e-type=\"section\">\n\t\t\t\t\t\t<div class=\"elementor-container elementor-column-gap-default\">\n\t\t\t\t\t<div class=\"elementor-column elementor-col-100 elementor-top-column elementor-element elementor-element-17d7e7d\" data-id=\"17d7e7d\" data-element_type=\"column\" data-e-type=\"column\">\n\t\t\t<div class=\"elementor-widget-wrap elementor-element-populated\">\n\t\t\t\t\t\t<div class=\"elementor-element elementor-element-4a35148 elementor-widget elementor-widget-text-editor\" data-id=\"4a35148\" data-element_type=\"widget\" data-e-type=\"widget\" data-widget_type=\"text-editor.default\">\n\t\t\t\t<div class=\"elementor-widget-container\">\n\t\t\t\t\t\t\t\t\t<p><strong>Ansprechpartner<\/strong><\/p><p>Gemeinde Adendorf<\/p><p>Thomas Maack<\/p><p>Rathausplatz 14<\/p><p>21365 Adendorf<\/p><p>Zimmer 1.13<\/p><p>Telefon: <a href=\"tel:04131980921\">04131 9809 21<\/a><\/p><p>Telefax: 04131 9809 56<\/p><p>E-Mail: <a href=\"&#109;&#97;&#x69;l&#116;&#x6f;&#x3a;t&#104;&#x6f;&#x6d;a&#115;&#x2e;m&#97;&#x61;&#x63;k&#64;&#x61;&#x64;e&#110;&#x64;o&#114;&#x66;&#x2e;d&#101;\">&#x74;&#x68;&#x6f;&#x6d;&#x61;&#x73;&#x2e;&#x6d;&#x61;&#x61;&#x63;&#107;&#64;&#97;&#100;&#101;&#110;&#100;orf&#46;de<\/a><\/p>\t\t\t\t\t\t\t\t<\/div>\n\t\t\t\t<\/div>\n\t\t\t\t\t<\/div>\n\t\t<\/div>\n\t\t\t\t\t<\/div>\n\t\t<\/section>\n\t\t\t\t<section class=\"elementor-section elementor-top-section elementor-element elementor-element-7a6b852 elementor-section-boxed elementor-section-height-default elementor-section-height-default\" data-id=\"7a6b852\" data-element_type=\"section\" data-e-type=\"section\">\n\t\t\t\t\t\t<div class=\"elementor-container elementor-column-gap-default\">\n\t\t\t\t\t<div class=\"elementor-column elementor-col-100 elementor-top-column elementor-element elementor-element-e122d40\" data-id=\"e122d40\" data-element_type=\"column\" data-e-type=\"column\">\n\t\t\t<div class=\"elementor-widget-wrap elementor-element-populated\">\n\t\t\t\t\t\t<div class=\"elementor-element elementor-element-d50cf71 elementor-widget elementor-widget-text-editor\" data-id=\"d50cf71\" data-element_type=\"widget\" data-e-type=\"widget\" data-widget_type=\"text-editor.default\">\n\t\t\t\t<div class=\"elementor-widget-container\">\n\t\t\t\t\t\t\t\t\t<p><\/p>\t\t\t\t\t\t\t\t<\/div>\n\t\t\t\t<\/div>\n\t\t\t\t\t<\/div>\n\t\t<\/div>\n\t\t\t\t\t<\/div>\n\t\t<\/section>\n\t\t\t\t<section class=\"elementor-section elementor-top-section elementor-element elementor-element-c8b03b3 elementor-section-boxed elementor-section-height-default elementor-section-height-default\" data-id=\"c8b03b3\" data-element_type=\"section\" data-e-type=\"section\">\n\t\t\t\t\t\t<div class=\"elementor-container elementor-column-gap-default\">\n\t\t\t\t\t<div class=\"elementor-column elementor-col-100 elementor-top-column elementor-element elementor-element-531294f\" data-id=\"531294f\" data-element_type=\"column\" data-e-type=\"column\">\n\t\t\t<div class=\"elementor-widget-wrap elementor-element-populated\">\n\t\t\t\t\t\t<div class=\"elementor-element elementor-element-6436275 elementor-widget elementor-widget-heading\" data-id=\"6436275\" data-element_type=\"widget\" data-e-type=\"widget\" data-widget_type=\"heading.default\">\n\t\t\t\t<div class=\"elementor-widget-container\">\n\t\t\t\t\t<h2 class=\"elementor-heading-title elementor-size-default\">Weitere Links<\/h2>\t\t\t\t<\/div>\n\t\t\t\t<\/div>\n\t\t\t\t<div class=\"elementor-element elementor-element-4c5d611 elementor-icon-list--layout-traditional elementor-list-item-link-full_width elementor-widget elementor-widget-icon-list\" data-id=\"4c5d611\" data-element_type=\"widget\" data-e-type=\"widget\" data-widget_type=\"icon-list.default\">\n\t\t\t\t<div class=\"elementor-widget-container\">\n\t\t\t\t\t\t\t<ul class=\"elementor-icon-list-items\">\n\t\t\t\t\t\t\t<li class=\"elementor-icon-list-item\">\n\t\t\t\t\t\t\t\t\t\t\t<a href=\"http:\/\/www.werbegemeinschaft-adendorf.de\" target=\"_blank\">\n\n\t\t\t\t\t\t\t\t\t\t\t\t<span class=\"elementor-icon-list-icon\">\n\t\t\t\t\t\t\t\t\t\t\t\t\t\t\t\t<i class=\"fa fa-globe\" aria-hidden=\"true\"><\/i>\n\t\t\t\t\t\t\t\t\t\t\t\t\t<\/span>\n\t\t\t\t\t\t\t\t\t\t<span class=\"elementor-icon-list-text\">Werbe- und Wirtschafts- Gemeinschaft Adendorf e.V<\/span>\n\t\t\t\t\t\t\t\t\t\t\t<\/a>\n\t\t\t\t\t\t\t\t\t<\/li>\n\t\t\t\t\t\t<\/ul>\n\t\t\t\t\t\t<\/div>\n\t\t\t\t<\/div>\n\t\t\t\t\t<\/div>\n\t\t<\/div>\n\t\t\t\t\t<\/div>\n\t\t<\/section>\n\t\t\t\t<\/div>\n\t\t","protected":false},"excerpt":{"rendered":"<p>Branchenverzeichnis Wir m\u00f6chten allen \u00f6rtlichen Gewerbetreibenden \u00fcber ein Branchenverzeichnis die M\u00f6glichkeit bieten, sich kostenlos zu pr\u00e4sentieren. Jeder Gewerbetreibende, der auf der Homepage der Gemeinde in das Branchenverzeichnis aufgenommen werden m\u00f6chte, kann das beigef\u00fcgte Formular ausgef\u00fcllt und unterzeichnet an die Gemeinde Adendorf, z. Hd. Herrn Brede, Rathausplatz 14, 21365 Adendorf (&#x6d;&#97;&#x72;&#x63;&#111;&#x2e;&#98;r&#x65;&#100;e&#x40;&#97;d&#x65;&#110;d&#x6f;&#114;&#x66;&#x2e;&#100;&#x65;) [&hellip;]<\/p>\n","protected":false},"author":1,"featured_media":0,"parent":834,"menu_order":0,"comment_status":"closed","ping_status":"closed","template":"page-templates\/template-pagebuilder-full-width.php","meta":{"footnotes":""},"class_list":["post-836","page","type-page","status-publish","hentry"],"publishpress_future_workflow_manual_trigger":{"enabledWorkflows":[]},"rttpg_featured_image_url":null,"rttpg_author":{"display_name":"Adendorf","author_link":"https:\/\/www.adendorf.de\/1\/author\/marco-brede\/"},"rttpg_comment":0,"rttpg_category":null,"rttpg_excerpt":"Branchenverzeichnis Wir m\u00f6chten allen \u00f6rtlichen Gewerbetreibenden \u00fcber ein Branchenverzeichnis die M\u00f6glichkeit bieten, sich kostenlos zu pr\u00e4sentieren. Jeder Gewerbetreibende, der auf der Homepage der Gemeinde in das Branchenverzeichnis aufgenommen werden m\u00f6chte, kann das beigef\u00fcgte Formular ausgef\u00fcllt und unterzeichnet an die Gemeinde Adendorf, z. Hd. Herrn Brede, Rathausplatz 14, 21365 Adendorf (&#x6d;&#x61;&#114;&#99;o&#46;&#x62;&#x72;&#x65;&#100;e&#64;&#x61;&#x64;&#x65;&#110;&#100;o&#x72;&#x66;&#x2e;&#100;&#101;) [&hellip;]","_links":{"self":[{"href":"https:\/\/www.adendorf.de\/1\/wp-json\/wp\/v2\/pages\/836","targetHints":{"allow":["GET"]}}],"collection":[{"href":"https:\/\/www.adendorf.de\/1\/wp-json\/wp\/v2\/pages"}],"about":[{"href":"https:\/\/www.adendorf.de\/1\/wp-json\/wp\/v2\/types\/page"}],"author":[{"embeddable":true,"href":"https:\/\/www.adendorf.de\/1\/wp-json\/wp\/v2\/users\/1"}],"replies":[{"embeddable":true,"href":"https:\/\/www.adendorf.de\/1\/wp-json\/wp\/v2\/comments?post=836"}],"version-history":[{"count":16,"href":"https:\/\/www.adendorf.de\/1\/wp-json\/wp\/v2\/pages\/836\/revisions"}],"predecessor-version":[{"id":4536,"href":"https:\/\/www.adendorf.de\/1\/wp-json\/wp\/v2\/pages\/836\/revisions\/4536"}],"up":[{"embeddable":true,"href":"https:\/\/www.adendorf.de\/1\/wp-json\/wp\/v2\/pages\/834"}],"wp:attachment":[{"href":"https:\/\/www.adendorf.de\/1\/wp-json\/wp\/v2\/media?parent=836"}],"curies":[{"name":"wp","href":"https:\/\/api.w.org\/{rel}","templated":true}]}}

<div data-elementor-type="wp-post" data-elementor-id="836" class="elementor elementor-836">
						<section class="elementor-section elementor-top-section elementor-element elementor-element-c2f7f08 elementor-section-boxed elementor-section-height-default elementor-section-height-default" data-id="c2f7f08" data-element_type="section" data-e-type="section">
						<div class="elementor-container elementor-column-gap-default">
					<div class="elementor-column elementor-col-100 elementor-top-column elementor-element elementor-element-e457627" data-id="e457627" data-element_type="column" data-e-type="column">
			<div class="elementor-widget-wrap elementor-element-populated">
						<div class="elementor-element elementor-element-58c908a elementor-widget elementor-widget-heading" data-id="58c908a" data-element_type="widget" data-e-type="widget" data-widget_type="heading.default">
				<div class="elementor-widget-container">
					<h1 class="elementor-heading-title elementor-size-default">Branchenverzeichnis</h1>				</div>
				</div>
				<div class="elementor-element elementor-element-9cba196 elementor-widget elementor-widget-text-editor" data-id="9cba196" data-element_type="widget" data-e-type="widget" data-widget_type="text-editor.default">
				<div class="elementor-widget-container">
									<p>Wir möchten allen örtlichen Gewerbetreibenden über ein Branchenverzeichnis die Möglichkeit bieten, sich kostenlos zu präsentieren.</p><p>Jeder Gewerbetreibende, der auf der Homepage der Gemeinde in das Branchenverzeichnis aufgenommen werden möchte, kann das beigefügte Formular ausgefüllt und unterzeichnet an die Gemeinde Adendorf, z. Hd. Herrn Brede, Rathausplatz 14, 21365 Adendorf (<a href="ma&#105;&#108;&#x74;&#x6f;&#x3a;&#x6d;ar&#99;&#111;&#x2e;&#x62;&#x72;&#x65;de&#64;&#97;&#100;&#x65;&#x6e;&#x64;&#x6f;rf&#46;&#100;&#x65;">&#109;&#x61;r&#x63;&#x6f;&#46;&#x62;r&#101;&#x64;&#101;&#x40;a&#100;&#x65;n&#x64;o&#114;&#x66;&#46;&#x64;&#x65;</a>) , zurücksenden.</p>								</div>
				</div>
					</div>
		</div>
					</div>
		</section>
				<section class="elementor-section elementor-top-section elementor-element elementor-element-10ba09b elementor-section-boxed elementor-section-height-default elementor-section-height-default" data-id="10ba09b" data-element_type="section" data-e-type="section">
						<div class="elementor-container elementor-column-gap-default">
					<div class="elementor-column elementor-col-100 elementor-top-column elementor-element elementor-element-b29445b" data-id="b29445b" data-element_type="column" data-e-type="column">
			<div class="elementor-widget-wrap elementor-element-populated">
						<div class="elementor-element elementor-element-31522a9 elementor-icon-list--layout-traditional elementor-list-item-link-full_width elementor-widget elementor-widget-icon-list" data-id="31522a9" data-element_type="widget" data-e-type="widget" data-widget_type="icon-list.default">
				<div class="elementor-widget-container">
							<ul class="elementor-icon-list-items">
							<li class="elementor-icon-list-item">
											<a href="/1/wp-content/uploads/2019/12/Formular-Branchenverzeichnis.pdf" target="_blank">

												<span class="elementor-icon-list-icon">
							<i aria-hidden="true" class="far fa-file-pdf"></i>						</span>
										<span class="elementor-icon-list-text">Formular Branchenverzeichnis</span>
											</a>
									</li>
						</ul>
						</div>
				</div>
				<div class="elementor-element elementor-element-0672862 elementor-widget elementor-widget-shortcode" data-id="0672862" data-element_type="widget" data-e-type="widget" data-widget_type="shortcode.default">
				<div class="elementor-widget-container">
							<div class="elementor-shortcode"></div>
						</div>
				</div>
					</div>
		</div>
					</div>
		</section>
				<section class="elementor-section elementor-top-section elementor-element elementor-element-19582f7 elementor-section-boxed elementor-section-height-default elementor-section-height-default" data-id="19582f7" data-element_type="section" data-e-type="section">
						<div class="elementor-container elementor-column-gap-default">
					<div class="elementor-column elementor-col-100 elementor-top-column elementor-element elementor-element-17d7e7d" data-id="17d7e7d" data-element_type="column" data-e-type="column">
			<div class="elementor-widget-wrap elementor-element-populated">
						<div class="elementor-element elementor-element-4a35148 elementor-widget elementor-widget-text-editor" data-id="4a35148" data-element_type="widget" data-e-type="widget" data-widget_type="text-editor.default">
				<div class="elementor-widget-container">
									<p><strong>Ansprechpartner</strong></p><p>Gemeinde Adendorf</p><p>Thomas Maack</p><p>Rathausplatz 14</p><p>21365 Adendorf</p><p>Zimmer 1.13</p><p>Telefon: <a href="tel:04131980921">04131 9809 21</a></p><p>Telefax: 04131 9809 56</p><p>E-Mail: <a href="&#109;&#97;&#x69;l&#116;&#x6f;&#x3a;t&#104;&#x6f;&#x6d;a&#115;&#x2e;m&#97;&#x61;&#x63;k&#64;&#x61;&#x64;e&#110;&#x64;o&#114;&#x66;&#x2e;d&#101;">&#x74;&#x68;&#x6f;&#x6d;&#x61;&#x73;&#x2e;&#x6d;&#x61;&#x61;&#x63;&#107;&#64;&#97;&#100;&#101;&#110;&#100;orf&#46;de</a></p>								</div>
				</div>
					</div>
		</div>
					</div>
		</section>
				<section class="elementor-section elementor-top-section elementor-element elementor-element-7a6b852 elementor-section-boxed elementor-section-height-default elementor-section-height-default" data-id="7a6b852" data-element_type="section" data-e-type="section">
						<div class="elementor-container elementor-column-gap-default">
					<div class="elementor-column elementor-col-100 elementor-top-column elementor-element elementor-element-e122d40" data-id="e122d40" data-element_type="column" data-e-type="column">
			<div class="elementor-widget-wrap elementor-element-populated">
						<div class="elementor-element elementor-element-d50cf71 elementor-widget elementor-widget-text-editor" data-id="d50cf71" data-element_type="widget" data-e-type="widget" data-widget_type="text-editor.default">
				<div class="elementor-widget-container">
									<p></p>								</div>
				</div>
					</div>
		</div>
					</div>
		</section>
				<section class="elementor-section elementor-top-section elementor-element elementor-element-c8b03b3 elementor-section-boxed elementor-section-height-default elementor-section-height-default" data-id="c8b03b3" data-element_type="section" data-e-type="section">
						<div class="elementor-container elementor-column-gap-default">
					<div class="elementor-column elementor-col-100 elementor-top-column elementor-element elementor-element-531294f" data-id="531294f" data-element_type="column" data-e-type="column">
			<div class="elementor-widget-wrap elementor-element-populated">
						<div class="elementor-element elementor-element-6436275 elementor-widget elementor-widget-heading" data-id="6436275" data-element_type="widget" data-e-type="widget" data-widget_type="heading.default">
				<div class="elementor-widget-container">
					<h2 class="elementor-heading-title elementor-size-default">Weitere Links</h2>				</div>
				</div>
				<div class="elementor-element elementor-element-4c5d611 elementor-icon-list--layout-traditional elementor-list-item-link-full_width elementor-widget elementor-widget-icon-list" data-id="4c5d611" data-element_type="widget" data-e-type="widget" data-widget_type="icon-list.default">
				<div class="elementor-widget-container">
							<ul class="elementor-icon-list-items">
							<li class="elementor-icon-list-item">
											<a href="http://www.werbegemeinschaft-adendorf.de" target="_blank">

												<span class="elementor-icon-list-icon">
																<i class="fa fa-globe" aria-hidden="true"></i>
													</span>
										<span class="elementor-icon-list-text">Werbe- und Wirtschafts- Gemeinschaft Adendorf e.V</span>
											</a>
									</li>
						</ul>
						</div>
				</div>
					</div>
		</div>
					</div>
		</section>
				</div>

<p>Branchenverzeichnis Wir möchten allen örtlichen Gewerbetreibenden über ein Branchenverzeichnis die Möglichkeit bieten, sich kostenlos zu präsentieren. Jeder Gewerbetreibende, der auf der Homepage der Gemeinde in das Branchenverzeichnis aufgenommen werden möchte, kann das beigefügte Formular ausgefüllt und unterzeichnet an die Gemeinde Adendorf, z. Hd. Herrn Brede, Rathausplatz 14, 21365 Adendorf (&#x6d;&#97;&#x72;&#x63;&#111;&#x2e;&#98;r&#x65;&#100;e&#x40;&#97;d&#x65;&#110;d&#x6f;&#114;&#x66;&#x2e;&#100;&#x65;) [&hellip;]</p>

Branchenverzeichnis Wir möchten allen örtlichen Gewerbetreibenden über ein Branchenverzeichnis die Möglichkeit bieten, sich kostenlos zu präsentieren. Jeder Gewerbetreibende, der auf der Homepage der Gemeinde in das Branchenverzeichnis aufgenommen werden möchte, kann das beigefügte Formular ausgefüllt und unterzeichnet an die Gemeinde Adendorf, z. Hd. Herrn Brede, Rathausplatz 14, 21365 Adendorf (&#x6d;&#x61;&#114;&#99;o&#46;&#x62;&#x72;&#x65;&#100;e&#64;&#x61;&#x64;&#x65;&#110;&#100;o&#x72;&#x66;&#x2e;&#100;&#101;) [&hellip;]
