{"id":8775,"date":"2025-12-11T15:51:40","date_gmt":"2025-12-11T14:51:40","guid":{"rendered":"https:\/\/www.adendorf.de\/1\/?page_id=8775"},"modified":"2025-12-11T15:51:44","modified_gmt":"2025-12-11T14:51:44","slug":"archiv","status":"publish","type":"page","link":"https:\/\/www.adendorf.de\/1\/buergerservice\/beauftragte\/archiv\/","title":{"rendered":"Archiv"},"content":{"rendered":"\n<h2 class=\"wp-block-heading\">Johanna Falkson<\/h2>\n\n\n\n<div class=\"wp-block-columns is-layout-flex wp-container-core-columns-is-layout-28f84493 wp-block-columns-is-layout-flex\">\n<div class=\"wp-block-column is-layout-flow wp-block-column-is-layout-flow\" style=\"flex-basis:66.66%\">\n<p>Seit September 2025 leite ich das Gemeindearchiv in Adendorf. Nach meinem Studium der F\u00e4cher Deutsch und Biologie f\u00fcr das Lehramt an weiterf\u00fchrenden Schulen an der Christian-Albrechts-Universit\u00e4t zu Kiel, das ich im Januar 2025 abgeschlossen habe, widme ich mich derzeit meiner Dissertation im Fach Germanistik. Die Verbindung von Sprache, Geschichte und Wissenschaft begleitet mich also schon seit vielen Jahren \u2013 und findet im Archiv ihren idealen Platz.<\/p>\n\n\n\n<p>Als Archivarin verwalte ich alles, was von der Geschichte Adendorfs erz\u00e4hlt: historische Dokumente, Unterlagen, Karten, Fotografien, Zeitungen und B\u00fccher. Gemeinsam bilden sie das Ged\u00e4chtnis unserer Gemeinde und bewahren Erinnerungen, Entwicklungen und Geschichten, die zeigen, wie Adendorf zu dem geworden ist, was es heute ist.<\/p>\n<\/div>\n\n\n\n<div class=\"wp-block-column is-layout-flow wp-block-column-is-layout-flow\" style=\"flex-basis:33.33%\">\n<figure class=\"wp-block-image size-large\"><img fetchpriority=\"high\" decoding=\"async\" width=\"683\" height=\"1024\" src=\"https:\/\/www.adendorf.de\/1\/wp-content\/uploads\/2025\/12\/Archiv-1-683x1024.jpeg\" alt=\"\" class=\"wp-image-8777\" srcset=\"https:\/\/www.adendorf.de\/1\/wp-content\/uploads\/2025\/12\/Archiv-1-683x1024.jpeg 683w, https:\/\/www.adendorf.de\/1\/wp-content\/uploads\/2025\/12\/Archiv-1-200x300.jpeg 200w, https:\/\/www.adendorf.de\/1\/wp-content\/uploads\/2025\/12\/Archiv-1-768x1151.jpeg 768w, https:\/\/www.adendorf.de\/1\/wp-content\/uploads\/2025\/12\/Archiv-1.jpeg 850w\" sizes=\"(max-width: 683px) 100vw, 683px\" \/><\/figure>\n<\/div>\n<\/div>\n\n\n\n<p>Wenn Sie sich f\u00fcr die Geschichte unseres Ortes oder f\u00fcr Ihre Vorfahren in Adendorf interessieren, unterst\u00fctze ich Sie gern bei Ihrer Recherche. Ebenso stehe ich Ihnen zur Seite, wenn Sie selbst alte Unterlagen, Fotos oder andere Materialien besitzen und unsicher sind, ob diese f\u00fcr das Archiv von Bedeutung sein k\u00f6nnten.<\/p>\n\n\n\n<p>Ein besonderes Anliegen ist mir derzeit die Digitalisierung des Archivs. So sollen k\u00fcnftig Recherchen auch online m\u00f6glich sein, und wertvolle Archivalien k\u00f6nnen digital gesichert und einer breiteren \u00d6ffentlichkeit zug\u00e4nglich gemacht werden.<\/p>\n\n\n\n<p>Ich freue mich darauf, gemeinsam mit Ihnen die Geschichte Adendorfs lebendig zu halten und sie f\u00fcr kommende Generationen zu bewahren. Herzliche Gr\u00fc\u00dfe<br>Johanna Falkson<br>Leitung Gemeindearchiv Adendorf<\/p>\n","protected":false},"excerpt":{"rendered":"<p>Johanna Falkson Seit September 2025 leite ich das Gemeindearchiv in Adendorf. Nach meinem Studium der F\u00e4cher Deutsch und Biologie f\u00fcr das Lehramt an weiterf\u00fchrenden Schulen an der Christian-Albrechts-Universit\u00e4t zu Kiel, das ich im Januar 2025 abgeschlossen habe, widme ich mich derzeit meiner Dissertation im Fach Germanistik. Die Verbindung von Sprache, [&hellip;]<\/p>\n","protected":false},"author":1,"featured_media":0,"parent":266,"menu_order":0,"comment_status":"closed","ping_status":"closed","template":"","meta":{"footnotes":""},"class_list":["post-8775","page","type-page","status-publish","hentry"],"publishpress_future_workflow_manual_trigger":{"enabledWorkflows":[]},"rttpg_featured_image_url":null,"rttpg_author":{"display_name":"Adendorf","author_link":"https:\/\/www.adendorf.de\/1\/author\/marco-brede\/"},"rttpg_comment":0,"rttpg_category":null,"rttpg_excerpt":"Johanna Falkson Seit September 2025 leite ich das Gemeindearchiv in Adendorf. Nach meinem Studium der F\u00e4cher Deutsch und Biologie f\u00fcr das Lehramt an weiterf\u00fchrenden Schulen an der Christian-Albrechts-Universit\u00e4t zu Kiel, das ich im Januar 2025 abgeschlossen habe, widme ich mich derzeit meiner Dissertation im Fach Germanistik. Die Verbindung von Sprache, [&hellip;]","_links":{"self":[{"href":"https:\/\/www.adendorf.de\/1\/wp-json\/wp\/v2\/pages\/8775","targetHints":{"allow":["GET"]}}],"collection":[{"href":"https:\/\/www.adendorf.de\/1\/wp-json\/wp\/v2\/pages"}],"about":[{"href":"https:\/\/www.adendorf.de\/1\/wp-json\/wp\/v2\/types\/page"}],"author":[{"embeddable":true,"href":"https:\/\/www.adendorf.de\/1\/wp-json\/wp\/v2\/users\/1"}],"replies":[{"embeddable":true,"href":"https:\/\/www.adendorf.de\/1\/wp-json\/wp\/v2\/comments?post=8775"}],"version-history":[{"count":1,"href":"https:\/\/www.adendorf.de\/1\/wp-json\/wp\/v2\/pages\/8775\/revisions"}],"predecessor-version":[{"id":8778,"href":"https:\/\/www.adendorf.de\/1\/wp-json\/wp\/v2\/pages\/8775\/revisions\/8778"}],"up":[{"embeddable":true,"href":"https:\/\/www.adendorf.de\/1\/wp-json\/wp\/v2\/pages\/266"}],"wp:attachment":[{"href":"https:\/\/www.adendorf.de\/1\/wp-json\/wp\/v2\/media?parent=8775"}],"curies":[{"name":"wp","href":"https:\/\/api.w.org\/{rel}","templated":true}]}}

<h2 class="wp-block-heading">Johanna Falkson</h2>



<div class="wp-block-columns is-layout-flex wp-container-core-columns-is-layout-28f84493 wp-block-columns-is-layout-flex">
<div class="wp-block-column is-layout-flow wp-block-column-is-layout-flow" style="flex-basis:66.66%">
<p>Seit September 2025 leite ich das Gemeindearchiv in Adendorf. Nach meinem Studium der Fächer Deutsch und Biologie für das Lehramt an weiterführenden Schulen an der Christian-Albrechts-Universität zu Kiel, das ich im Januar 2025 abgeschlossen habe, widme ich mich derzeit meiner Dissertation im Fach Germanistik. Die Verbindung von Sprache, Geschichte und Wissenschaft begleitet mich also schon seit vielen Jahren – und findet im Archiv ihren idealen Platz.</p>



<p>Als Archivarin verwalte ich alles, was von der Geschichte Adendorfs erzählt: historische Dokumente, Unterlagen, Karten, Fotografien, Zeitungen und Bücher. Gemeinsam bilden sie das Gedächtnis unserer Gemeinde und bewahren Erinnerungen, Entwicklungen und Geschichten, die zeigen, wie Adendorf zu dem geworden ist, was es heute ist.</p>
</div>



<div class="wp-block-column is-layout-flow wp-block-column-is-layout-flow" style="flex-basis:33.33%">
<figure class="wp-block-image size-large"><img fetchpriority="high" decoding="async" width="683" height="1024" src="https://www.adendorf.de/1/wp-content/uploads/2025/12/Archiv-1-683x1024.jpeg" alt="" class="wp-image-8777" srcset="https://www.adendorf.de/1/wp-content/uploads/2025/12/Archiv-1-683x1024.jpeg 683w, https://www.adendorf.de/1/wp-content/uploads/2025/12/Archiv-1-200x300.jpeg 200w, https://www.adendorf.de/1/wp-content/uploads/2025/12/Archiv-1-768x1151.jpeg 768w, https://www.adendorf.de/1/wp-content/uploads/2025/12/Archiv-1.jpeg 850w" sizes="(max-width: 683px) 100vw, 683px" /></figure>
</div>
</div>



<p>Wenn Sie sich für die Geschichte unseres Ortes oder für Ihre Vorfahren in Adendorf interessieren, unterstütze ich Sie gern bei Ihrer Recherche. Ebenso stehe ich Ihnen zur Seite, wenn Sie selbst alte Unterlagen, Fotos oder andere Materialien besitzen und unsicher sind, ob diese für das Archiv von Bedeutung sein könnten.</p>



<p>Ein besonderes Anliegen ist mir derzeit die Digitalisierung des Archivs. So sollen künftig Recherchen auch online möglich sein, und wertvolle Archivalien können digital gesichert und einer breiteren Öffentlichkeit zugänglich gemacht werden.</p>



<p>Ich freue mich darauf, gemeinsam mit Ihnen die Geschichte Adendorfs lebendig zu halten und sie für kommende Generationen zu bewahren. Herzliche Grüße<br>Johanna Falkson<br>Leitung Gemeindearchiv Adendorf</p>

<p>Johanna Falkson Seit September 2025 leite ich das Gemeindearchiv in Adendorf. Nach meinem Studium der Fächer Deutsch und Biologie für das Lehramt an weiterführenden Schulen an der Christian-Albrechts-Universität zu Kiel, das ich im Januar 2025 abgeschlossen habe, widme ich mich derzeit meiner Dissertation im Fach Germanistik. Die Verbindung von Sprache, [&hellip;]</p>

Johanna Falkson Seit September 2025 leite ich das Gemeindearchiv in Adendorf. Nach meinem Studium der Fächer Deutsch und Biologie für das Lehramt an weiterführenden Schulen an der Christian-Albrechts-Universität zu Kiel, das ich im Januar 2025 abgeschlossen habe, widme ich mich derzeit meiner Dissertation im Fach Germanistik. Die Verbindung von Sprache, [&hellip;]
