{"id":933,"date":"2019-04-26T10:35:58","date_gmt":"2019-04-26T08:35:58","guid":{"rendered":"http:\/\/www.adendorf.de\/1\/?page_id=933"},"modified":"2026-03-03T08:33:18","modified_gmt":"2026-03-03T07:33:18","slug":"bus-bahn-sammeltaxi","status":"publish","type":"page","link":"https:\/\/www.adendorf.de\/1\/aktiv-in-adendorf\/dorfleben\/bus-bahn-sammeltaxi\/","title":{"rendered":"Bus, Bahn, StadtRAD und Sammeltaxi"},"content":{"rendered":"\t\t<div data-elementor-type=\"wp-post\" data-elementor-id=\"933\" class=\"elementor elementor-933\">\n\t\t\t\t\t\t<section class=\"elementor-section elementor-top-section elementor-element elementor-element-e6f98e9 elementor-section-boxed elementor-section-height-default elementor-section-height-default\" data-id=\"e6f98e9\" data-element_type=\"section\" data-e-type=\"section\">\n\t\t\t\t\t\t<div class=\"elementor-container elementor-column-gap-default\">\n\t\t\t\t\t<div class=\"elementor-column elementor-col-100 elementor-top-column elementor-element elementor-element-22fbce1\" data-id=\"22fbce1\" data-element_type=\"column\" data-e-type=\"column\">\n\t\t\t<div class=\"elementor-widget-wrap elementor-element-populated\">\n\t\t\t\t\t\t<div class=\"elementor-element elementor-element-ac02734 elementor-widget elementor-widget-heading\" data-id=\"ac02734\" data-element_type=\"widget\" data-e-type=\"widget\" data-widget_type=\"heading.default\">\n\t\t\t\t<div class=\"elementor-widget-container\">\n\t\t\t\t\t<h1 class=\"elementor-heading-title elementor-size-default\">Bus, Bahn, StadtRAD und Sammeltaxi<\/h1>\t\t\t\t<\/div>\n\t\t\t\t<\/div>\n\t\t\t\t<div class=\"elementor-element elementor-element-986d9ca elementor-widget elementor-widget-text-editor\" data-id=\"986d9ca\" data-element_type=\"widget\" data-e-type=\"widget\" data-widget_type=\"text-editor.default\">\n\t\t\t\t<div class=\"elementor-widget-container\">\n\t\t\t\t\t\t\t\t\t<p><strong>Bus<\/strong><\/p><p>Die aktuellen Fahrpl\u00e4ne und das Liniennetz finden Sie hier: <a href=\"https:\/\/www.moin-lg.de\/deine-fahrt\/linien-und-fahrplaene\" target=\"_blank\" rel=\"noopener\">https:\/\/www.moin-lg.de\/deine-fahrt\/linien-und-fahrplaene <\/a>(externer Link)<\/p><p>Neu integriert wurde hvv hop L\u00fcneburg. hvv hop L\u00fcneburg ist eine Weiterentwicklung des Rufbus- und ASM-Angebotes.<\/p><p>F\u00fcr die Nutzung von hvv hop L\u00fcneburg ist die APP \u201ehvv hop L\u00fcneburg\u201c notwendig. Buchungen \u00fcber Telefon sind m\u00f6glich unter <a href=\"tel:041312277188\">04131 2277188<\/a>.<\/p><p>Mehr dazu: <a href=\"https:\/\/www.landkreis-lueneburg.de\/fuer-unsere-buergerinnen-und-buerger\/mobil-im-landkreis\/bus-und-bahn\/hvv-hop.html\" target=\"_blank\" rel=\"noopener\">https:\/\/www.landkreis-lueneburg.de\/fuer-unsere-buergerinnen-und-buerger\/mobil-im-landkreis\/bus-und-bahn\/hvv-hop.html<\/a> (externer Link)<\/p><p><strong>Bahn<\/strong><\/p><p><a href=\"https:\/\/www.deutschebahn.com\/de\" target=\"_blank\" rel=\"noopener\">https:\/\/www.deutschebahn.com\/de <\/a>(externer Link)<\/p><p>Bahnhaltpunkt Adendorf<\/p><p><a href=\"https:\/\/www.nah.sh\/de\/themen\/neuigkeiten\/fahrplanwechsel25-26\/\" target=\"_blank\" rel=\"noopener\">https:\/\/www.nah.sh\/de\/themen\/neuigkeiten\/fahrplanwechsel25-26\/ <\/a>(externer Link)<\/p>\t\t\t\t\t\t\t\t<\/div>\n\t\t\t\t<\/div>\n\t\t\t\t\t<\/div>\n\t\t<\/div>\n\t\t\t\t\t<\/div>\n\t\t<\/section>\n\t\t\t\t<section class=\"elementor-section elementor-top-section elementor-element elementor-element-c0ccf26 elementor-section-boxed elementor-section-height-default elementor-section-height-default\" data-id=\"c0ccf26\" data-element_type=\"section\" data-e-type=\"section\">\n\t\t\t\t\t\t<div class=\"elementor-container elementor-column-gap-default\">\n\t\t\t\t\t<div class=\"elementor-column elementor-col-100 elementor-top-column elementor-element elementor-element-a39cf8b\" data-id=\"a39cf8b\" data-element_type=\"column\" data-e-type=\"column\">\n\t\t\t<div class=\"elementor-widget-wrap elementor-element-populated\">\n\t\t\t\t\t\t<div class=\"elementor-element elementor-element-29cd9a8 elementor-widget elementor-widget-heading\" data-id=\"29cd9a8\" data-element_type=\"widget\" data-e-type=\"widget\" data-widget_type=\"heading.default\">\n\t\t\t\t<div class=\"elementor-widget-container\">\n\t\t\t\t\t<h2 class=\"elementor-heading-title elementor-size-default\">StadtRAD in Adendorf<\/h2>\t\t\t\t<\/div>\n\t\t\t\t<\/div>\n\t\t\t\t<div class=\"elementor-element elementor-element-018fe5d elementor-widget elementor-widget-text-editor\" data-id=\"018fe5d\" data-element_type=\"widget\" data-e-type=\"widget\" data-widget_type=\"text-editor.default\">\n\t\t\t\t<div class=\"elementor-widget-container\">\n\t\t\t\t\t\t\t\t\t<p>Das neue StadtRAD L\u00fcneburg kommt auch nach Adendorf!<\/p>\n<p>Das StadtRAD-System erfreut sich in der Hansestadt L\u00fcneburg zunehmender Beliebtheit \u2013 das belegen auch die Auswertungen und Berichte des Betreibers, der DB Connect GmbH. Auch f\u00fcr die Gemeinde Adendorf stellt das StadtRAD die perfekte Erg\u00e4nzung zum \u00d6PNV dar.<\/p>\n<p>Die Teilnahme an dem Bikesharing-Angebot hat der Verwaltungsausschuss beschlossen. Die StadtRAD-Station auf dem Rathausplatz wurde in Betrieb genommen. Zur Verf\u00fcgung stehen werden dort vorerst f\u00fcnf Fahrr\u00e4der und ab dem 2. Quartal 2022 ein Lastenrad.<\/p>\n<p>F\u00fcr das neue System mit einem Vertragszeitraum von zun\u00e4chst viereinhalb Jahren wird die Hansestadt insgesamt rund 1,2 Millionen Euro netto ausgeben. Die Gemeinde Adendorf ist mit rund 12.000 Euro pro Jahr beteiligt. Eine j\u00e4hrliche Evaluation mit der Hansestadt soll sicherstellen, dass das Angebot optimal f\u00fcr die Gemeinde Adendorf ausgerichtet ist.<\/p>\n<p>Wer das StadtRad nutzen m\u00f6chte, kann sich in der App StadtRAD L\u00fcneburg registrieren. Die Kosten belaufen sich auf eine Jahresgeb\u00fchr von 5 Euro. Daf\u00fcr sind die ersten 30 Minuten jeder Fahrt kostenlos, ab der 31. Minute f\u00e4llt eine Geb\u00fchr von 10 Cent pro Minute (Normaltarif) beziehungsweise 8 Cent pro Minute (HVV-Tarif) an.<\/p>\n<p>Seit dem 15. November 2022 wird an der Station Adendorf ein Lastenpedelec bereitgestellt. N\u00e4here Informationen finden Sie unter folgendem Link:<br><\/p>\n<p><a href=\"https:\/\/stadtradlueneburg.de\/de\" target=\"_blank\" rel=\"noopener\">StadtRAD L\u00fcneburg (externer Link)<\/a><\/p>\t\t\t\t\t\t\t\t<\/div>\n\t\t\t\t<\/div>\n\t\t\t\t<div class=\"elementor-element elementor-element-6d34334 elementor-widget elementor-widget-image\" data-id=\"6d34334\" data-element_type=\"widget\" data-e-type=\"widget\" data-widget_type=\"image.default\">\n\t\t\t\t<div class=\"elementor-widget-container\">\n\t\t\t\t\t\t\t\t\t\t\t\t\t\t\t<img fetchpriority=\"high\" decoding=\"async\" width=\"750\" height=\"563\" src=\"https:\/\/www.adendorf.de\/1\/wp-content\/uploads\/2022\/03\/Foto-Eroeffnung-20220316_114343-1024x768.jpg\" class=\"attachment-large size-large wp-image-4808\" alt=\"StadtRAD L\u00fcneburg\" srcset=\"https:\/\/www.adendorf.de\/1\/wp-content\/uploads\/2022\/03\/Foto-Eroeffnung-20220316_114343-1024x768.jpg 1024w, https:\/\/www.adendorf.de\/1\/wp-content\/uploads\/2022\/03\/Foto-Eroeffnung-20220316_114343-300x225.jpg 300w, https:\/\/www.adendorf.de\/1\/wp-content\/uploads\/2022\/03\/Foto-Eroeffnung-20220316_114343-768x576.jpg 768w, https:\/\/www.adendorf.de\/1\/wp-content\/uploads\/2022\/03\/Foto-Eroeffnung-20220316_114343-1536x1152.jpg 1536w, https:\/\/www.adendorf.de\/1\/wp-content\/uploads\/2022\/03\/Foto-Eroeffnung-20220316_114343-2048x1536.jpg 2048w\" sizes=\"(max-width: 750px) 100vw, 750px\" \/>\t\t\t\t\t\t\t\t\t\t\t\t\t\t\t<\/div>\n\t\t\t\t<\/div>\n\t\t\t\t\t<\/div>\n\t\t<\/div>\n\t\t\t\t\t<\/div>\n\t\t<\/section>\n\t\t\t\t<\/div>\n\t\t","protected":false},"excerpt":{"rendered":"<p>Bus, Bahn, StadtRAD und Sammeltaxi Bus Die aktuellen Fahrpl\u00e4ne und das Liniennetz finden Sie hier: https:\/\/www.moin-lg.de\/deine-fahrt\/linien-und-fahrplaene (externer Link) Neu integriert wurde hvv hop L\u00fcneburg. hvv hop L\u00fcneburg ist eine Weiterentwicklung des Rufbus- und ASM-Angebotes. F\u00fcr die Nutzung von hvv hop L\u00fcneburg ist die APP \u201ehvv hop L\u00fcneburg\u201c notwendig. Buchungen \u00fcber [&hellip;]<\/p>\n","protected":false},"author":1,"featured_media":0,"parent":746,"menu_order":0,"comment_status":"closed","ping_status":"closed","template":"page-templates\/template-pagebuilder-full-width.php","meta":{"footnotes":""},"class_list":["post-933","page","type-page","status-publish","hentry"],"publishpress_future_workflow_manual_trigger":{"enabledWorkflows":[]},"rttpg_featured_image_url":null,"rttpg_author":{"display_name":"Adendorf","author_link":"https:\/\/www.adendorf.de\/1\/author\/marco-brede\/"},"rttpg_comment":0,"rttpg_category":null,"rttpg_excerpt":"Bus, Bahn, StadtRAD und Sammeltaxi Bus Die aktuellen Fahrpl\u00e4ne und das Liniennetz finden Sie hier: https:\/\/www.moin-lg.de\/deine-fahrt\/linien-und-fahrplaene (externer Link) Neu integriert wurde hvv hop L\u00fcneburg. hvv hop L\u00fcneburg ist eine Weiterentwicklung des Rufbus- und ASM-Angebotes. F\u00fcr die Nutzung von hvv hop L\u00fcneburg ist die APP \u201ehvv hop L\u00fcneburg\u201c notwendig. Buchungen \u00fcber [&hellip;]","_links":{"self":[{"href":"https:\/\/www.adendorf.de\/1\/wp-json\/wp\/v2\/pages\/933","targetHints":{"allow":["GET"]}}],"collection":[{"href":"https:\/\/www.adendorf.de\/1\/wp-json\/wp\/v2\/pages"}],"about":[{"href":"https:\/\/www.adendorf.de\/1\/wp-json\/wp\/v2\/types\/page"}],"author":[{"embeddable":true,"href":"https:\/\/www.adendorf.de\/1\/wp-json\/wp\/v2\/users\/1"}],"replies":[{"embeddable":true,"href":"https:\/\/www.adendorf.de\/1\/wp-json\/wp\/v2\/comments?post=933"}],"version-history":[{"count":46,"href":"https:\/\/www.adendorf.de\/1\/wp-json\/wp\/v2\/pages\/933\/revisions"}],"predecessor-version":[{"id":8951,"href":"https:\/\/www.adendorf.de\/1\/wp-json\/wp\/v2\/pages\/933\/revisions\/8951"}],"up":[{"embeddable":true,"href":"https:\/\/www.adendorf.de\/1\/wp-json\/wp\/v2\/pages\/746"}],"wp:attachment":[{"href":"https:\/\/www.adendorf.de\/1\/wp-json\/wp\/v2\/media?parent=933"}],"curies":[{"name":"wp","href":"https:\/\/api.w.org\/{rel}","templated":true}]}}

<div data-elementor-type="wp-post" data-elementor-id="933" class="elementor elementor-933">
						<section class="elementor-section elementor-top-section elementor-element elementor-element-e6f98e9 elementor-section-boxed elementor-section-height-default elementor-section-height-default" data-id="e6f98e9" data-element_type="section" data-e-type="section">
						<div class="elementor-container elementor-column-gap-default">
					<div class="elementor-column elementor-col-100 elementor-top-column elementor-element elementor-element-22fbce1" data-id="22fbce1" data-element_type="column" data-e-type="column">
			<div class="elementor-widget-wrap elementor-element-populated">
						<div class="elementor-element elementor-element-ac02734 elementor-widget elementor-widget-heading" data-id="ac02734" data-element_type="widget" data-e-type="widget" data-widget_type="heading.default">
				<div class="elementor-widget-container">
					<h1 class="elementor-heading-title elementor-size-default">Bus, Bahn, StadtRAD und Sammeltaxi</h1>				</div>
				</div>
				<div class="elementor-element elementor-element-986d9ca elementor-widget elementor-widget-text-editor" data-id="986d9ca" data-element_type="widget" data-e-type="widget" data-widget_type="text-editor.default">
				<div class="elementor-widget-container">
									<p><strong>Bus</strong></p><p>Die aktuellen Fahrpläne und das Liniennetz finden Sie hier: <a href="https://www.moin-lg.de/deine-fahrt/linien-und-fahrplaene" target="_blank" rel="noopener">https://www.moin-lg.de/deine-fahrt/linien-und-fahrplaene </a>(externer Link)</p><p>Neu integriert wurde hvv hop Lüneburg. hvv hop Lüneburg ist eine Weiterentwicklung des Rufbus- und ASM-Angebotes.</p><p>Für die Nutzung von hvv hop Lüneburg ist die APP „hvv hop Lüneburg“ notwendig. Buchungen über Telefon sind möglich unter <a href="tel:041312277188">04131 2277188</a>.</p><p>Mehr dazu: <a href="https://www.landkreis-lueneburg.de/fuer-unsere-buergerinnen-und-buerger/mobil-im-landkreis/bus-und-bahn/hvv-hop.html" target="_blank" rel="noopener">https://www.landkreis-lueneburg.de/fuer-unsere-buergerinnen-und-buerger/mobil-im-landkreis/bus-und-bahn/hvv-hop.html</a> (externer Link)</p><p><strong>Bahn</strong></p><p><a href="https://www.deutschebahn.com/de" target="_blank" rel="noopener">https://www.deutschebahn.com/de </a>(externer Link)</p><p>Bahnhaltpunkt Adendorf</p><p><a href="https://www.nah.sh/de/themen/neuigkeiten/fahrplanwechsel25-26/" target="_blank" rel="noopener">https://www.nah.sh/de/themen/neuigkeiten/fahrplanwechsel25-26/ </a>(externer Link)</p>								</div>
				</div>
					</div>
		</div>
					</div>
		</section>
				<section class="elementor-section elementor-top-section elementor-element elementor-element-c0ccf26 elementor-section-boxed elementor-section-height-default elementor-section-height-default" data-id="c0ccf26" data-element_type="section" data-e-type="section">
						<div class="elementor-container elementor-column-gap-default">
					<div class="elementor-column elementor-col-100 elementor-top-column elementor-element elementor-element-a39cf8b" data-id="a39cf8b" data-element_type="column" data-e-type="column">
			<div class="elementor-widget-wrap elementor-element-populated">
						<div class="elementor-element elementor-element-29cd9a8 elementor-widget elementor-widget-heading" data-id="29cd9a8" data-element_type="widget" data-e-type="widget" data-widget_type="heading.default">
				<div class="elementor-widget-container">
					<h2 class="elementor-heading-title elementor-size-default">StadtRAD in Adendorf</h2>				</div>
				</div>
				<div class="elementor-element elementor-element-018fe5d elementor-widget elementor-widget-text-editor" data-id="018fe5d" data-element_type="widget" data-e-type="widget" data-widget_type="text-editor.default">
				<div class="elementor-widget-container">
									<p>Das neue StadtRAD Lüneburg kommt auch nach Adendorf!</p>
<p>Das StadtRAD-System erfreut sich in der Hansestadt Lüneburg zunehmender Beliebtheit – das belegen auch die Auswertungen und Berichte des Betreibers, der DB Connect GmbH. Auch für die Gemeinde Adendorf stellt das StadtRAD die perfekte Ergänzung zum ÖPNV dar.</p>
<p>Die Teilnahme an dem Bikesharing-Angebot hat der Verwaltungsausschuss beschlossen. Die StadtRAD-Station auf dem Rathausplatz wurde in Betrieb genommen. Zur Verfügung stehen werden dort vorerst fünf Fahrräder und ab dem 2. Quartal 2022 ein Lastenrad.</p>
<p>Für das neue System mit einem Vertragszeitraum von zunächst viereinhalb Jahren wird die Hansestadt insgesamt rund 1,2 Millionen Euro netto ausgeben. Die Gemeinde Adendorf ist mit rund 12.000 Euro pro Jahr beteiligt. Eine jährliche Evaluation mit der Hansestadt soll sicherstellen, dass das Angebot optimal für die Gemeinde Adendorf ausgerichtet ist.</p>
<p>Wer das StadtRad nutzen möchte, kann sich in der App StadtRAD Lüneburg registrieren. Die Kosten belaufen sich auf eine Jahresgebühr von 5 Euro. Dafür sind die ersten 30 Minuten jeder Fahrt kostenlos, ab der 31. Minute fällt eine Gebühr von 10 Cent pro Minute (Normaltarif) beziehungsweise 8 Cent pro Minute (HVV-Tarif) an.</p>
<p>Seit dem 15. November 2022 wird an der Station Adendorf ein Lastenpedelec bereitgestellt. Nähere Informationen finden Sie unter folgendem Link:<br></p>
<p><a href="https://stadtradlueneburg.de/de" target="_blank" rel="noopener">StadtRAD Lüneburg (externer Link)</a></p>								</div>
				</div>
				<div class="elementor-element elementor-element-6d34334 elementor-widget elementor-widget-image" data-id="6d34334" data-element_type="widget" data-e-type="widget" data-widget_type="image.default">
				<div class="elementor-widget-container">
															<img fetchpriority="high" decoding="async" width="750" height="563" src="https://www.adendorf.de/1/wp-content/uploads/2022/03/Foto-Eroeffnung-20220316_114343-1024x768.jpg" class="attachment-large size-large wp-image-4808" alt="StadtRAD Lüneburg" srcset="https://www.adendorf.de/1/wp-content/uploads/2022/03/Foto-Eroeffnung-20220316_114343-1024x768.jpg 1024w, https://www.adendorf.de/1/wp-content/uploads/2022/03/Foto-Eroeffnung-20220316_114343-300x225.jpg 300w, https://www.adendorf.de/1/wp-content/uploads/2022/03/Foto-Eroeffnung-20220316_114343-768x576.jpg 768w, https://www.adendorf.de/1/wp-content/uploads/2022/03/Foto-Eroeffnung-20220316_114343-1536x1152.jpg 1536w, https://www.adendorf.de/1/wp-content/uploads/2022/03/Foto-Eroeffnung-20220316_114343-2048x1536.jpg 2048w" sizes="(max-width: 750px) 100vw, 750px" />															</div>
				</div>
					</div>
		</div>
					</div>
		</section>
				</div>

<p>Bus, Bahn, StadtRAD und Sammeltaxi Bus Die aktuellen Fahrpläne und das Liniennetz finden Sie hier: https://www.moin-lg.de/deine-fahrt/linien-und-fahrplaene (externer Link) Neu integriert wurde hvv hop Lüneburg. hvv hop Lüneburg ist eine Weiterentwicklung des Rufbus- und ASM-Angebotes. Für die Nutzung von hvv hop Lüneburg ist die APP „hvv hop Lüneburg“ notwendig. Buchungen über [&hellip;]</p>

Bus, Bahn, StadtRAD und Sammeltaxi Bus Die aktuellen Fahrpläne und das Liniennetz finden Sie hier: https://www.moin-lg.de/deine-fahrt/linien-und-fahrplaene (externer Link) Neu integriert wurde hvv hop Lüneburg. hvv hop Lüneburg ist eine Weiterentwicklung des Rufbus- und ASM-Angebotes. Für die Nutzung von hvv hop Lüneburg ist die APP „hvv hop Lüneburg“ notwendig. Buchungen über [&hellip;]
